{"id":1744,"date":"2016-06-20T08:40:35","date_gmt":"2016-06-20T08:40:35","guid":{"rendered":"http:\/\/www.goforgo.hu\/?page_id=1744"},"modified":"2026-03-27T17:46:52","modified_gmt":"2026-03-27T17:46:52","slug":"del-csehorszagi-kastelyok-es-sorok","status":"publish","type":"page","link":"https:\/\/www.goforgo.hu\/index.php\/del-csehorszagi-kastelyok-es-sorok\/","title":{"rendered":"D\u00e9l-csehorsz\u00e1gi kast\u00e9lyok \u00e9s s\u00f6r\u00f6k"},"content":{"rendered":"<p class=\"western\"><b>Id\u0151pont<\/b>: 2026-ban v\u00e1rhat\u00f3an adventi id\u0151szakban!<\/p>\n<p class=\"western\"><b>Utaz\u00e1s: <\/b>k\u00e9nyelmes, l\u00e9gkondicion\u00e1lt aut\u00f3busszal<\/p>\n<p class=\"western\" align=\"left\"><b><strong>Elhelyez\u00e9s:<\/strong><\/b> 3<span style=\"font-size: small;\"><span style=\"font-size: medium;\"> \u00e9jszaka 4* sz\u00e1llod\u00e1ban Ceske Budejoviceben, 2 \u00e1gyas, zuhanyz\u00f3s, wc-s szob\u00e1kban<\/span><\/span><\/p>\n<p><b>Ell\u00e1t\u00e1s:<\/b> B\u0151s\u00e9ges reggeli<\/p>\n<div class=\"utazas_program\">\n<h2 style=\"text-align: center;\"><a href=\"https:\/\/www.goforgo.hu\/index.php\/del-csehorszagi-kastelyok-es-sorok\/collage-del-cseh-2\/\" rel=\"attachment wp-att-6552\"><img loading=\"lazy\" decoding=\"async\" class=\"alignnone size-large wp-image-6552\" src=\"https:\/\/www.goforgo.hu\/wp-content\/uploads\/2024\/03\/collage-Del-cseh--1024x390.jpg\" alt=\"\" width=\"1024\" height=\"390\" srcset=\"https:\/\/www.goforgo.hu\/wp-content\/uploads\/2024\/03\/collage-Del-cseh--1024x390.jpg 1024w, https:\/\/www.goforgo.hu\/wp-content\/uploads\/2024\/03\/collage-Del-cseh--768x292.jpg 768w, https:\/\/www.goforgo.hu\/wp-content\/uploads\/2024\/03\/collage-Del-cseh--1536x584.jpg 1536w, https:\/\/www.goforgo.hu\/wp-content\/uploads\/2024\/03\/collage-Del-cseh--2048x779.jpg 2048w\" sizes=\"auto, (max-width: 1024px) 100vw, 1024px\" \/><\/a><\/h2>\n<h3 style=\"text-align: center;\">Program<\/h3>\n<p><strong>1.nap: <u>Indul\u00e1s<em>:<\/em><\/u> <\/strong><\/p>\n<p><strong>5<\/strong><strong>:30<\/strong> \u2013 kor\u00a0 Pestszentl\u0151rinc, <strong>\u00dcll\u0151i \u00fat 379-381. LIDL parkol\u00f3<\/strong><\/p>\n<p><strong>\u00a0\u00a0\u00a0\u00a0\u00a0\u00a0\u00a0\u00a0\u00a0\u00a0\u00a0 6:00 <\/strong>\u2013 kor Budapest, \u00dcll\u0151i \u00fat 137, Ecseri \u00fati OMV benzink\u00fat, v\u00e1rosb\u00f3l kifel\u00e9 vezet\u0151 oldalt<\/p>\n<p><strong>Ausztri\u00e1n kereszt\u00fcl a D\u00e9l-Cseh k\u00f6rzetbe utazunk. <\/strong><strong>Trebonba<\/strong><strong> \u00e9rkez\u00fcnk, ahol a <\/strong><strong>Bohemia Regent cseh s\u00f6rgy\u00e1rat<\/strong> l\u00e1togatjuk meg, majd r\u00f6vid s\u00e9ta a kisv\u00e1rosban. Kis\u00e9t\u00e1lunk az \u00e9vsz\u00e1zados halast\u00f3 partj\u00e1ra, ahol megn\u00e9zz\u00fck a ter\u00fclet urainak, a <strong>Schwarzenbergek mauz\u00f3leum\u00e1t<\/strong>. Este \u00e9rkez\u00e9s Ceske Budejovic\u00e9be, a sz\u00e1ll\u00e1sunkra<strong> (<\/strong><strong>580 km)<\/strong><\/p>\n<p><a href=\"https:\/\/www.goforgo.hu\/index.php\/del-csehorszagi-kastelyok-es-sorok\/trebon\/\" rel=\"attachment wp-att-6553\"><img loading=\"lazy\" decoding=\"async\" class=\"wp-image-6553 aligncenter\" src=\"https:\/\/www.goforgo.hu\/wp-content\/uploads\/2024\/03\/Trebon-1024x768.jpg\" alt=\"\" width=\"703\" height=\"527\" srcset=\"https:\/\/www.goforgo.hu\/wp-content\/uploads\/2024\/03\/Trebon-1024x768.jpg 1024w, https:\/\/www.goforgo.hu\/wp-content\/uploads\/2024\/03\/Trebon-768x576.jpg 768w, https:\/\/www.goforgo.hu\/wp-content\/uploads\/2024\/03\/Trebon-1536x1152.jpg 1536w, https:\/\/www.goforgo.hu\/wp-content\/uploads\/2024\/03\/Trebon.jpg 1791w\" sizes=\"auto, (max-width: 703px) 100vw, 703px\" \/><\/a><\/p>\n<p><strong>2.nap: <\/strong>A mai napunk els\u0151 \u00e1llom\u00e1sa <strong>Zv\u00edkov<\/strong>, a XIII.sz-b\u00f3l sz\u00e1rmat\u00f3 v\u00e1r. \u00c9p\u00edttet\u0151je a csehek els\u0151 kir\u00e1lyi csal\u00e1dj\u00e1b\u00f3l sz\u00e1rmaz\u00f3 <strong>I. Vencel kir\u00e1ly <\/strong>volt, aki maga is sokat tart\u00f3zkodott falai k\u00f6z\u00f6tt.<\/p>\n<p><a href=\"https:\/\/www.goforgo.hu\/index.php\/del-csehorszagi-kastelyok-es-sorok\/zvikov\/\" rel=\"attachment wp-att-6555\"><img loading=\"lazy\" decoding=\"async\" class=\"wp-image-6555 aligncenter\" src=\"https:\/\/www.goforgo.hu\/wp-content\/uploads\/2024\/03\/zvikov-1024x683.jpg\" alt=\"\" width=\"698\" height=\"465\" srcset=\"https:\/\/www.goforgo.hu\/wp-content\/uploads\/2024\/03\/zvikov-1024x683.jpg 1024w, https:\/\/www.goforgo.hu\/wp-content\/uploads\/2024\/03\/zvikov-768x512.jpg 768w, https:\/\/www.goforgo.hu\/wp-content\/uploads\/2024\/03\/zvikov.jpg 1200w\" sizes=\"auto, (max-width: 698px) 100vw, 698px\" \/><\/a><\/p>\n<p>Kora d\u00e9lut\u00e1n \u00e9rkez\u00fcnk <strong>Hluboka nad Vltavou-ba<\/strong>, a sz\u00e9ps\u00e9g\u00e9r\u0151l messze f\u00f6ld\u00f6n h\u00edres kast\u00e9lyba.<\/p>\n<p><a href=\"https:\/\/www.goforgo.hu\/index.php\/del-csehorszagi-kastelyok-es-sorok\/zamek_hluboka\/\" rel=\"attachment wp-att-6563\"><img loading=\"lazy\" decoding=\"async\" class=\"wp-image-6563 aligncenter\" src=\"https:\/\/www.goforgo.hu\/wp-content\/uploads\/2024\/03\/Zamek_hluboka-1024x487.jpg\" alt=\"\" width=\"701\" height=\"333\" srcset=\"https:\/\/www.goforgo.hu\/wp-content\/uploads\/2024\/03\/Zamek_hluboka-1024x487.jpg 1024w, https:\/\/www.goforgo.hu\/wp-content\/uploads\/2024\/03\/Zamek_hluboka-768x365.jpg 768w, https:\/\/www.goforgo.hu\/wp-content\/uploads\/2024\/03\/Zamek_hluboka-1536x730.jpg 1536w, https:\/\/www.goforgo.hu\/wp-content\/uploads\/2024\/03\/Zamek_hluboka-2048x974.jpg 2048w\" sizes=\"auto, (max-width: 701px) 100vw, 701px\" \/><\/a><\/p>\n<p>Innen visszat\u00e9r\u00fcnk<strong> Ceske Budejovic\u00e9be.<\/strong> Vacsora ut\u00e1n szabadprogram, \u00e9rdemes megk\u00f3stolni a Budweiser k\u00fcl\u00f6nf\u00e9le v\u00e1ltozatait, a <strong>Masne Kramy s\u00f6r\u00f6z\u0151ben<\/strong>, mely a legr\u00e9gebbi a v\u00e1rosban. (150 km)<\/p>\n<p><a href=\"https:\/\/www.goforgo.hu\/index.php\/del-csehorszagi-kastelyok-es-sorok\/clipboard02_2\/\" rel=\"attachment wp-att-6556\"><img loading=\"lazy\" decoding=\"async\" class=\"wp-image-6556 aligncenter\" src=\"https:\/\/www.goforgo.hu\/wp-content\/uploads\/2024\/03\/clipboard02_2.jpg\" alt=\"\" width=\"702\" height=\"482\" srcset=\"https:\/\/www.goforgo.hu\/wp-content\/uploads\/2024\/03\/clipboard02_2.jpg 990w, https:\/\/www.goforgo.hu\/wp-content\/uploads\/2024\/03\/clipboard02_2-768x528.jpg 768w\" sizes=\"auto, (max-width: 702px) 100vw, 702px\" \/><\/a><\/p>\n<p><strong>3. nap: <\/strong>Ma a Boh\u00e9miai erd\u0151 egyik legszebb tav\u00e1n\u00e1l kezd\u00fcnk, <strong>Lipno nad Vltavou-ban<\/strong>, ahol a f\u00e1k koron\u00e1i k\u00f6z\u00f6tt kialak\u00edtott s\u00e9t\u00e1nyon j\u00e1rva csod\u00e1lhatjuk meg a k\u00f6rny\u00e9k leny\u0171g\u00f6z\u0151 panor\u00e1m\u00e1j\u00e1t. (bel\u00e9p\u0151 350 Czk)<\/p>\n<p><a href=\"https:\/\/www.goforgo.hu\/index.php\/del-csehorszagi-kastelyok-es-sorok\/lipno\/\" rel=\"attachment wp-att-6557\"><img loading=\"lazy\" decoding=\"async\" class=\"wp-image-6557 aligncenter\" src=\"https:\/\/www.goforgo.hu\/wp-content\/uploads\/2024\/03\/Lipno.jpg\" alt=\"\" width=\"700\" height=\"700\" srcset=\"https:\/\/www.goforgo.hu\/wp-content\/uploads\/2024\/03\/Lipno.jpg 750w, https:\/\/www.goforgo.hu\/wp-content\/uploads\/2024\/03\/Lipno-300x300.jpg 300w, https:\/\/www.goforgo.hu\/wp-content\/uploads\/2024\/03\/Lipno-150x150.jpg 150w\" sizes=\"auto, (max-width: 700px) 100vw, 700px\" \/><\/a><\/p>\n<p>A d\u00e9lut\u00e1nt <strong>Cesky Krumlovban t\u00f6ltj\u00fck<\/strong>, D\u00e9l-Csehorsz\u00e1g legl\u00e1tv\u00e1nyosabb kisv\u00e1ros\u00e1ban. Itt lehet\u0151s\u00e9g lesz l\u00e1togat\u00e1st tenni a v\u00e1roska h\u00edres <strong>Eggenberg s\u00f6rgy\u00e1r \u00e9tterm\u00e9ben<\/strong>. Este visszat\u00e9r\u00fcnk sz\u00e1ll\u00e1sunkra. (150 km)<\/p>\n<p><a href=\"https:\/\/www.goforgo.hu\/index.php\/del-csehorszagi-kastelyok-es-sorok\/cesky_krumlov-2\/\" rel=\"attachment wp-att-6558\"><img loading=\"lazy\" decoding=\"async\" class=\"wp-image-6558 aligncenter\" src=\"https:\/\/www.goforgo.hu\/wp-content\/uploads\/2024\/03\/cesky_krumlov-2.jpg\" alt=\"\" width=\"701\" height=\"526\" srcset=\"https:\/\/www.goforgo.hu\/wp-content\/uploads\/2024\/03\/cesky_krumlov-2.jpg 960w, https:\/\/www.goforgo.hu\/wp-content\/uploads\/2024\/03\/cesky_krumlov-2-768x576.jpg 768w\" sizes=\"auto, (max-width: 701px) 100vw, 701px\" \/><\/a><\/p>\n<p><strong>4. nap:<\/strong> Reggeli indul\u00e1s ut\u00e1n <strong>Vyssi Brodba<\/strong> \u00e9rkez\u00fcnk, a ma is m\u0171k\u00f6d\u0151\u00a0ciszterci kolostorba. D\u00e9l-Csehorsz\u00e1g legszebb \u00e9s legnagyobb kolostori k\u00f6nyvt\u00e1ra tal\u00e1lhat\u00f3 itt. De Zr\u00ednyi J\u00e1nosnak, Zr\u00ednyi Mikl\u00f3s fi\u00e1nak s\u00edrj\u00e1t is itt tal\u00e1ljuk. Kora d\u00e9lut\u00e1n indulunk hazafel\u00e9. Budapestre a k\u00e9s\u0151 esti \u00f3r\u00e1kban \u00e9rkez\u00fcnk. (560 km)<\/p>\n<p><a href=\"https:\/\/www.goforgo.hu\/index.php\/del-csehorszagi-kastelyok-es-sorok\/cistercian-monastery-library-2-czech-republic-stuart-litoff\/\" rel=\"attachment wp-att-6559\"><img loading=\"lazy\" decoding=\"async\" class=\"wp-image-6559 aligncenter\" src=\"https:\/\/www.goforgo.hu\/wp-content\/uploads\/2024\/03\/cistercian-monastery-library-2-czech-republic-stuart-litoff.jpg\" alt=\"\" width=\"700\" height=\"464\" srcset=\"https:\/\/www.goforgo.hu\/wp-content\/uploads\/2024\/03\/cistercian-monastery-library-2-czech-republic-stuart-litoff.jpg 900w, https:\/\/www.goforgo.hu\/wp-content\/uploads\/2024\/03\/cistercian-monastery-library-2-czech-republic-stuart-litoff-768x509.jpg 768w\" sizes=\"auto, (max-width: 700px) 100vw, 700px\" \/><\/a><\/p>\n<h2 style=\"text-align: center;\"><strong>R\u00e9szv\u00e9teli d\u00edj: 169 000 Ft\/f\u0151<\/strong><\/h2>\n<p style=\"text-align: center;\"><strong>\u00a0<\/strong><strong>f\u00e9lpanzi\u00f3s fel\u00e1r: <\/strong>35\u00a0000 Ft \/sv\u00e9dasztalos vacsora \u00a0 \u00a0 \u00a0 \u00a0 \u00a0 \u00a0 <strong>Egy\u00e1gyas fel\u00e1r: <\/strong>\u00a039 400 Ft<\/p>\n<p><strong>\u00a0<\/strong><\/p>\n<p><strong>Aj\u00e1nlott k\u00f6lt\u0151p\u00e9nz bel\u00e9p\u0151re: <\/strong><strong>kb. 1600 CZK<\/strong><\/p>\n<p><strong>A r\u00e9szv\u00e9teli d\u00edj tartalmazza:<\/strong> a 3 \u00e9jszakai sz\u00e1ll\u00e1st, reggelis ell\u00e1t\u00e1ssal, az aut\u00f3buszos utaz\u00e1st \u00e9s a csoportk\u00eds\u00e9r\u00e9st<\/p>\n<p><strong>A r\u00e9szv\u00e9teli d\u00edj nem tartalmazza:<\/strong> a bel\u00e9p\u0151jegyeket \u00e9s a baleset-, betegs\u00e9g-, poggy\u00e1szbiztos\u00edt\u00e1st (650 Ft\/f\u0151\/nap, 70 \u00e9ves kor felett 100% fel\u00e1r)<\/p>\n<p><strong>Jelentkez\u00e9s on-line: <\/strong><a href=\"mailto:info@goforgo.hu\"><strong>info@goforgo.hu<\/strong><\/a><\/p>\n<\/div>\n","protected":false},"excerpt":{"rendered":"<p>Id\u0151pont: 2026-ban v\u00e1rhat\u00f3an adventi id\u0151szakban! Utaz\u00e1s: k\u00e9nyelmes, l\u00e9gkondicion\u00e1lt aut\u00f3busszal Elhelyez\u00e9s: 3 \u00e9jszaka 4* sz\u00e1llod\u00e1ban Ceske Budejoviceben, 2 \u00e1gyas, zuhanyz\u00f3s, wc-s szob\u00e1kban Ell\u00e1t\u00e1s: B\u0151s\u00e9ges reggeli Program 1.nap: Indul\u00e1s: 5:30 \u2013 kor\u00a0 Pestszentl\u0151rinc, \u00dcll\u0151i \u00fat 379-381. LIDL parkol\u00f3 \u00a0\u00a0\u00a0\u00a0\u00a0\u00a0\u00a0\u00a0\u00a0\u00a0\u00a0 6:00 \u2013 kor Budapest, \u00dcll\u0151i \u00fat 137, Ecseri \u00fati OMV benzink\u00fat, v\u00e1rosb\u00f3l kifel\u00e9 vezet\u0151 oldalt Ausztri\u00e1n kereszt\u00fcl a D\u00e9l-Cseh k\u00f6rzetbe utazunk. Trebonba \u00e9rkez\u00fcnk, ahol a Bohemia Regent cseh s\u00f6rgy\u00e1rat l\u00e1togatjuk meg, majd r\u00f6vid s\u00e9ta a kisv\u00e1rosban. Kis\u00e9t\u00e1lunk az \u00e9vsz\u00e1zados halast\u00f3 partj\u00e1ra, ahol megn\u00e9zz\u00fck a ter\u00fclet urainak, a Schwarzenbergek mauz\u00f3leum\u00e1t. Este \u00e9rkez\u00e9s Ceske Budejovic\u00e9be, a sz\u00e1ll\u00e1sunkra (580 km) 2.nap: A mai napunk els\u0151 \u00e1llom\u00e1sa Zv\u00edkov, a XIII.sz-b\u00f3l sz\u00e1rmat\u00f3 v\u00e1r. \u00c9p\u00edttet\u0151je a csehek els\u0151 kir\u00e1lyi csal\u00e1dj\u00e1b\u00f3l sz\u00e1rmaz\u00f3 I. Vencel kir\u00e1ly volt, aki maga is sokat tart\u00f3zkodott falai k\u00f6z\u00f6tt. Kora d\u00e9lut\u00e1n \u00e9rkez\u00fcnk Hluboka nad Vltavou-ba, a sz\u00e9ps\u00e9g\u00e9r\u0151l messze f\u00f6ld\u00f6n h\u00edres kast\u00e9lyba. Innen visszat\u00e9r\u00fcnk Ceske Budejovic\u00e9be. Vacsora ut\u00e1n szabadprogram, \u00e9rdemes megk\u00f3stolni a Budweiser k\u00fcl\u00f6nf\u00e9le v\u00e1ltozatait, a Masne Kramy s\u00f6r\u00f6z\u0151ben, mely a legr\u00e9gebbi a v\u00e1rosban. (150 km) 3. nap: Ma a Boh\u00e9miai erd\u0151 egyik legszebb tav\u00e1n\u00e1l kezd\u00fcnk, Lipno nad Vltavou-ban, ahol a f\u00e1k koron\u00e1i k\u00f6z\u00f6tt kialak\u00edtott s\u00e9t\u00e1nyon j\u00e1rva csod\u00e1lhatjuk meg a k\u00f6rny\u00e9k leny\u0171g\u00f6z\u0151 panor\u00e1m\u00e1j\u00e1t. (bel\u00e9p\u0151 350 Czk) A d\u00e9lut\u00e1nt Cesky Krumlovban t\u00f6ltj\u00fck, D\u00e9l-Csehorsz\u00e1g legl\u00e1tv\u00e1nyosabb kisv\u00e1ros\u00e1ban. Itt lehet\u0151s\u00e9g lesz l\u00e1togat\u00e1st tenni a v\u00e1roska h\u00edres Eggenberg s\u00f6rgy\u00e1r \u00e9tterm\u00e9ben. Este visszat\u00e9r\u00fcnk sz\u00e1ll\u00e1sunkra. (150 km) 4. nap: Reggeli indul\u00e1s ut\u00e1n Vyssi Brodba \u00e9rkez\u00fcnk, a ma is m\u0171k\u00f6d\u0151\u00a0ciszterci kolostorba. D\u00e9l-Csehorsz\u00e1g legszebb \u00e9s legnagyobb kolostori k\u00f6nyvt\u00e1ra tal\u00e1lhat\u00f3 itt. De Zr\u00ednyi J\u00e1nosnak, Zr\u00ednyi Mikl\u00f3s fi\u00e1nak s\u00edrj\u00e1t is itt tal\u00e1ljuk. Kora d\u00e9lut\u00e1n indulunk hazafel\u00e9. Budapestre a k\u00e9s\u0151 esti \u00f3r\u00e1kban \u00e9rkez\u00fcnk. (560 km) R\u00e9szv\u00e9teli d\u00edj: 169 000 Ft\/f\u0151 \u00a0f\u00e9lpanzi\u00f3s fel\u00e1r: 35\u00a0000 Ft \/sv\u00e9dasztalos vacsora \u00a0 \u00a0 \u00a0 \u00a0 \u00a0 \u00a0 Egy\u00e1gyas fel\u00e1r: \u00a039 400 Ft \u00a0 Aj\u00e1nlott k\u00f6lt\u0151p\u00e9nz bel\u00e9p\u0151re: kb. 1600 CZK A r\u00e9szv\u00e9teli d\u00edj tartalmazza: a 3 \u00e9jszakai sz\u00e1ll\u00e1st, reggelis ell\u00e1t\u00e1ssal, az aut\u00f3buszos utaz\u00e1st \u00e9s a csoportk\u00eds\u00e9r\u00e9st A r\u00e9szv\u00e9teli d\u00edj nem tartalmazza: a bel\u00e9p\u0151jegyeket \u00e9s a baleset-, betegs\u00e9g-, poggy\u00e1szbiztos\u00edt\u00e1st (650 Ft\/f\u0151\/nap, 70 \u00e9ves kor felett 100% fel\u00e1r) Jelentkez\u00e9s on-line: info@goforgo.hu<\/p>\n","protected":false},"author":1,"featured_media":0,"parent":0,"menu_order":0,"comment_status":"closed","ping_status":"closed","template":"","meta":{"footnotes":""},"class_list":["post-1744","page","type-page","status-publish","hentry"],"_links":{"self":[{"href":"https:\/\/www.goforgo.hu\/index.php\/wp-json\/wp\/v2\/pages\/1744","targetHints":{"allow":["GET"]}}],"collection":[{"href":"https:\/\/www.goforgo.hu\/index.php\/wp-json\/wp\/v2\/pages"}],"about":[{"href":"https:\/\/www.goforgo.hu\/index.php\/wp-json\/wp\/v2\/types\/page"}],"author":[{"embeddable":true,"href":"https:\/\/www.goforgo.hu\/index.php\/wp-json\/wp\/v2\/users\/1"}],"replies":[{"embeddable":true,"href":"https:\/\/www.goforgo.hu\/index.php\/wp-json\/wp\/v2\/comments?post=1744"}],"version-history":[{"count":11,"href":"https:\/\/www.goforgo.hu\/index.php\/wp-json\/wp\/v2\/pages\/1744\/revisions"}],"predecessor-version":[{"id":7918,"href":"https:\/\/www.goforgo.hu\/index.php\/wp-json\/wp\/v2\/pages\/1744\/revisions\/7918"}],"wp:attachment":[{"href":"https:\/\/www.goforgo.hu\/index.php\/wp-json\/wp\/v2\/media?parent=1744"}],"curies":[{"name":"wp","href":"https:\/\/api.w.org\/{rel}","templated":true}]}}