{"id":2095,"date":"2016-11-16T08:34:53","date_gmt":"2016-11-16T08:34:53","guid":{"rendered":"http:\/\/www.goforgo.hu\/?page_id=2095"},"modified":"2017-09-15T13:02:27","modified_gmt":"2017-09-15T13:02:27","slug":"szilveszteri-utazasok","status":"publish","type":"page","link":"https:\/\/www.goforgo.hu\/index.php\/szilveszteri-utazasok\/","title":{"rendered":"Szilveszteri utaz\u00e1sok"},"content":{"rendered":"<h3 class=\"title\">Partnereink aj\u00e1nlatai:<\/h3>\n<h1 class=\"title\"><a href=\"https:\/\/www.goforgo.hu\/index.php\/szilveszter-a-szekely-gobeknal\/\"><strong>Szilveszter a sz\u00e9kely g\u00f3b\u00e9kn\u00e1l<\/strong><\/a><\/h1>\n<p><a href=\"https:\/\/www.goforgo.hu\/index.php\/szilveszter-a-szekely-gobeknal\/teli-gyilkos-to\/\" rel=\"attachment wp-att-2076\"><img loading=\"lazy\" decoding=\"async\" class=\"alignnone wp-image-2076\" src=\"https:\/\/www.goforgo.hu\/wp-content\/uploads\/2015\/10\/t\u00e9li-gyilkos-to.jpg\" alt=\"teli-gyilkos-to\" width=\"348\" height=\"231\" \/><\/a><\/p>\n<p>&nbsp;<\/p>\n<h1 class=\"title\"><a href=\"https:\/\/www.goforgo.hu\/index.php\/szilveszter-a-delvideki-tothfaluban\/\"><strong>Szilveszter a d\u00e9lvid\u00e9ki T\u00f3thfaluban<\/strong><\/a><\/h1>\n<h1 class=\"title\"><a href=\"https:\/\/www.goforgo.hu\/index.php\/szilveszteri-utazasok\/tothfalu\/\" rel=\"attachment wp-att-3616\"><img loading=\"lazy\" decoding=\"async\" class=\"alignnone wp-image-3616\" src=\"https:\/\/www.goforgo.hu\/wp-content\/uploads\/2016\/11\/T\u00f3thfalu-1024x683.jpg\" alt=\"T\u00f3thfalu\" width=\"349\" height=\"233\" \/><\/a><\/h1>\n<h1 class=\"title\"><a href=\"https:\/\/www.goforgo.hu\/index.php\/ujev-bledben\/\"><strong>\u00daj\u00e9v Bledben<\/strong><\/a><\/h1>\n<p><a href=\"https:\/\/www.goforgo.hu\/index.php\/ujev-bledben\/66cbd060_8930_402d_adc1_bbf130d95a35\/\" rel=\"attachment wp-att-2089\"><img loading=\"lazy\" decoding=\"async\" class=\"alignnone wp-image-2089\" src=\"https:\/\/www.goforgo.hu\/wp-content\/uploads\/2016\/11\/66cbd060_8930_402d_adc1_bbf130d95a35.jpg\" alt=\"66cbd060_8930_402d_adc1_bbf130d95a35\" width=\"350\" height=\"251\" \/><\/a><\/p>\n<p>&nbsp;<\/p>\n<h1 class=\"title\"><strong>Arany Pr\u00e1ga szilveszterkor<\/strong><\/h1>\n<p><a href=\"https:\/\/www.goforgo.hu\/index.php\/arany-praga-szilveszterkor\/prag-2\/\" rel=\"attachment wp-att-2082\"><img loading=\"lazy\" decoding=\"async\" class=\"alignnone wp-image-2082\" src=\"https:\/\/www.goforgo.hu\/wp-content\/uploads\/2016\/11\/prag-2.jpg\" alt=\"prag-2\" width=\"350\" height=\"204\" \/><\/a><\/p>\n","protected":false},"excerpt":{"rendered":"<p>Partnereink aj\u00e1nlatai: Szilveszter a sz\u00e9kely g\u00f3b\u00e9kn\u00e1l &nbsp; Szilveszter a d\u00e9lvid\u00e9ki T\u00f3thfaluban \u00daj\u00e9v Bledben &nbsp; Arany Pr\u00e1ga szilveszterkor<\/p>\n","protected":false},"author":1,"featured_media":0,"parent":0,"menu_order":0,"comment_status":"closed","ping_status":"closed","template":"","meta":{"footnotes":""},"class_list":["post-2095","page","type-page","status-publish","hentry"],"_links":{"self":[{"href":"https:\/\/www.goforgo.hu\/index.php\/wp-json\/wp\/v2\/pages\/2095","targetHints":{"allow":["GET"]}}],"collection":[{"href":"https:\/\/www.goforgo.hu\/index.php\/wp-json\/wp\/v2\/pages"}],"about":[{"href":"https:\/\/www.goforgo.hu\/index.php\/wp-json\/wp\/v2\/types\/page"}],"author":[{"embeddable":true,"href":"https:\/\/www.goforgo.hu\/index.php\/wp-json\/wp\/v2\/users\/1"}],"replies":[{"embeddable":true,"href":"https:\/\/www.goforgo.hu\/index.php\/wp-json\/wp\/v2\/comments?post=2095"}],"version-history":[{"count":5,"href":"https:\/\/www.goforgo.hu\/index.php\/wp-json\/wp\/v2\/pages\/2095\/revisions"}],"predecessor-version":[{"id":3624,"href":"https:\/\/www.goforgo.hu\/index.php\/wp-json\/wp\/v2\/pages\/2095\/revisions\/3624"}],"wp:attachment":[{"href":"https:\/\/www.goforgo.hu\/index.php\/wp-json\/wp\/v2\/media?parent=2095"}],"curies":[{"name":"wp","href":"https:\/\/api.w.org\/{rel}","templated":true}]}}