{"id":2814,"date":"2017-01-19T14:59:27","date_gmt":"2017-01-19T14:59:27","guid":{"rendered":"http:\/\/www.goforgo.hu\/?page_id=2814"},"modified":"2019-02-03T15:10:10","modified_gmt":"2019-02-03T15:10:10","slug":"budapest-komarom-hajout","status":"publish","type":"page","link":"https:\/\/www.goforgo.hu\/index.php\/budapest-komarom-hajout\/","title":{"rendered":"Budapest-Kom\u00e1rom haj\u00f3\u00fat"},"content":{"rendered":"<p class=\"western\"><b>Id\u0151pont<\/b>: 2019. szeptember 16.<\/p>\n<p class=\"western\"><b>Utaz\u00e1s: <\/b>haj\u00f3val \u00e9s k\u00e9nyelmes, l\u00e9gkondicion\u00e1lt aut\u00f3busszal<\/p>\n<p><strong>Idegenvezet\u00e9s<\/strong> v\u00e9gig az \u00fat sor\u00e1n.<\/p>\n<p><a href=\"https:\/\/www.goforgo.hu\/index.php\/budapest-komarom-hajout\/dunakanyar-visegrad\/\" rel=\"attachment wp-att-2815\"><img loading=\"lazy\" decoding=\"async\" class=\"alignnone size-large wp-image-2815\" src=\"https:\/\/www.goforgo.hu\/wp-content\/uploads\/2017\/01\/dunakanyar-visegrad-1024x685.jpg\" alt=\"dunakanyar-visegrad\" width=\"1024\" height=\"685\" srcset=\"https:\/\/www.goforgo.hu\/wp-content\/uploads\/2017\/01\/dunakanyar-visegrad-1024x685.jpg 1024w, https:\/\/www.goforgo.hu\/wp-content\/uploads\/2017\/01\/dunakanyar-visegrad-300x201.jpg 300w, https:\/\/www.goforgo.hu\/wp-content\/uploads\/2017\/01\/dunakanyar-visegrad-768x514.jpg 768w, https:\/\/www.goforgo.hu\/wp-content\/uploads\/2017\/01\/dunakanyar-visegrad.jpg 1920w\" sizes=\"auto, (max-width: 1024px) 100vw, 1024px\" \/><\/a><\/p>\n<p>Indul\u00e1s reggel Budapestr\u0151l (1653 fkm). Budapest elhagy\u00e1sa ut\u00e1n v\u00edz\u00e1ll\u00e1st\u00f3l f\u00fcgg\u0151en haj\u00f3z\u00e1s felfel\u00e9 a Szentendrei-Dun\u00e1n (Budapest 180 cm v\u00edz\u00e1ll\u00e1s felett), vagy a V\u00e1ci-\u00e1gban, Szentendre, vagy V\u00e1c t\u00f6rt\u00e9nete, panor\u00e1m\u00e1ja. A Szentendrei-szigetet elhagyva elhaj\u00f3zunk Visegr\u00e1d v\u00e1ra alatt (1692 fkm), majd j\u00f6n a Duna-kanyar vid\u00e9k legszebb r\u00e9sze, a d\u00f6m\u00f6si sz\u0171k\u00fclet. A fest\u0151i Zebeg\u00e9nyt, majd Szobot elhagyva el\u00e9rj\u00fck az Ipoly foly\u00f3t (1708 fkm), innent\u0151l a bal part m\u00e1r Szlov\u00e1kia. A Helemba-sziget ut\u00e1n felt\u0171nik Esztergom (1719 fkm) a M\u00e1ria Val\u00e9ria h\u00edddal, s elj\u00f6n az eb\u00e9did\u0151 is, amikor egyt\u00e1l\u00e9teles eb\u00e9det szolg\u00e1lunk fel.<\/p>\n<p><a href=\"https:\/\/www.goforgo.hu\/index.php\/budapest-komarom-hajout\/esztergom-bazilika-a-duna-tulso-oldalarol\/\" rel=\"attachment wp-att-2816\"><img loading=\"lazy\" decoding=\"async\" class=\"alignnone size-full wp-image-2816\" src=\"https:\/\/www.goforgo.hu\/wp-content\/uploads\/2017\/01\/esztergom-bazilika-a-duna-tulso-oldalarol.jpg\" alt=\"esztergom-bazilika-a-duna-tulso-oldalarol\" width=\"800\" height=\"450\" srcset=\"https:\/\/www.goforgo.hu\/wp-content\/uploads\/2017\/01\/esztergom-bazilika-a-duna-tulso-oldalarol.jpg 800w, https:\/\/www.goforgo.hu\/wp-content\/uploads\/2017\/01\/esztergom-bazilika-a-duna-tulso-oldalarol-300x169.jpg 300w, https:\/\/www.goforgo.hu\/wp-content\/uploads\/2017\/01\/esztergom-bazilika-a-duna-tulso-oldalarol-768x432.jpg 768w\" sizes=\"auto, (max-width: 800px) 100vw, 800px\" \/><\/a><\/p>\n<p>Kisv\u00e1rtatva m\u00e1r j\u00f6n is a T\u00e1ti-Duna a g\u0151z\u00f6s\u00f6k egykori, v\u00edzbe \u00e9p\u00fclt, ma ipari m\u0171eml\u00e9k sz\u00e9nrakod\u00f3j\u00e1val. Innen a Gerecse ny\u00falv\u00e1nyai mellett haj\u00f3zunk. Neszm\u00e9lyn\u00e9l hallunk a mell\u00e9k\u00e1gban l\u00e9v\u0151 haj\u00f3skanzenr\u0151l, majd lassan el\u00e9rj\u00fck Kom\u00e1romot. Kik\u00f6t\u00e9s R\u00e9vkom\u00e1romban (a szlov\u00e1k oldalon) kb. 1 km-re a magyarorsz\u00e1gi vas\u00fat\u00e1llom\u00e1st\u00f3l, kb. 17:30-kor. Visszautaz\u00e1s egy\u00e9nileg. Vonatok f\u00e9l\u00f3r\u00e1nk\u00e9nt indulnak Budapest \u00e9s Gy\u0151r fel\u00e9.<\/p>\n<h2 class=\"sw_s1_offer_program_title\" style=\"text-align: center;\"><strong>R\u00e9szv\u00e9teli d\u00edj:<\/strong>\u00a04 800 Ft\/f\u0151<\/h2>\n<p><a href=\"https:\/\/www.goforgo.hu\/index.php\/budapest-komarom-hajout\/dunakanyar-zebegenyb\/\" rel=\"attachment wp-att-2817\"><img loading=\"lazy\" decoding=\"async\" class=\"alignnone size-large wp-image-2817\" src=\"https:\/\/www.goforgo.hu\/wp-content\/uploads\/2017\/01\/Dunakanyar-Zebeg\u00e9nyb-1024x355.jpg\" alt=\"Dunakanyar Zebeg\u00e9nyb\" width=\"1024\" height=\"355\" srcset=\"https:\/\/www.goforgo.hu\/wp-content\/uploads\/2017\/01\/Dunakanyar-Zebeg\u00e9nyb-1024x355.jpg 1024w, https:\/\/www.goforgo.hu\/wp-content\/uploads\/2017\/01\/Dunakanyar-Zebeg\u00e9nyb-300x104.jpg 300w, https:\/\/www.goforgo.hu\/wp-content\/uploads\/2017\/01\/Dunakanyar-Zebeg\u00e9nyb-768x266.jpg 768w\" sizes=\"auto, (max-width: 1024px) 100vw, 1024px\" \/><\/a><\/p>\n","protected":false},"excerpt":{"rendered":"<p>Id\u0151pont: 2019. szeptember 16. Utaz\u00e1s: haj\u00f3val \u00e9s k\u00e9nyelmes, l\u00e9gkondicion\u00e1lt aut\u00f3busszal Idegenvezet\u00e9s v\u00e9gig az \u00fat sor\u00e1n. Indul\u00e1s reggel Budapestr\u0151l (1653 fkm). Budapest elhagy\u00e1sa ut\u00e1n v\u00edz\u00e1ll\u00e1st\u00f3l f\u00fcgg\u0151en haj\u00f3z\u00e1s felfel\u00e9 a Szentendrei-Dun\u00e1n (Budapest 180 cm v\u00edz\u00e1ll\u00e1s felett), vagy a V\u00e1ci-\u00e1gban, Szentendre, vagy V\u00e1c t\u00f6rt\u00e9nete, panor\u00e1m\u00e1ja. A Szentendrei-szigetet elhagyva elhaj\u00f3zunk Visegr\u00e1d v\u00e1ra alatt (1692 fkm), majd j\u00f6n a Duna-kanyar vid\u00e9k legszebb r\u00e9sze, a d\u00f6m\u00f6si sz\u0171k\u00fclet. A fest\u0151i Zebeg\u00e9nyt, majd Szobot elhagyva el\u00e9rj\u00fck az Ipoly foly\u00f3t (1708 fkm), innent\u0151l a bal part m\u00e1r Szlov\u00e1kia. A Helemba-sziget ut\u00e1n felt\u0171nik Esztergom (1719 fkm) a M\u00e1ria Val\u00e9ria h\u00edddal, s elj\u00f6n az eb\u00e9did\u0151 is, amikor egyt\u00e1l\u00e9teles eb\u00e9det szolg\u00e1lunk fel. Kisv\u00e1rtatva m\u00e1r j\u00f6n is a T\u00e1ti-Duna a g\u0151z\u00f6s\u00f6k egykori, v\u00edzbe \u00e9p\u00fclt, ma ipari m\u0171eml\u00e9k sz\u00e9nrakod\u00f3j\u00e1val. Innen a Gerecse ny\u00falv\u00e1nyai mellett haj\u00f3zunk. Neszm\u00e9lyn\u00e9l hallunk a mell\u00e9k\u00e1gban l\u00e9v\u0151 haj\u00f3skanzenr\u0151l, majd lassan el\u00e9rj\u00fck Kom\u00e1romot. Kik\u00f6t\u00e9s R\u00e9vkom\u00e1romban (a szlov\u00e1k oldalon) kb. 1 km-re a magyarorsz\u00e1gi vas\u00fat\u00e1llom\u00e1st\u00f3l, kb. 17:30-kor. Visszautaz\u00e1s egy\u00e9nileg. Vonatok f\u00e9l\u00f3r\u00e1nk\u00e9nt indulnak Budapest \u00e9s Gy\u0151r fel\u00e9. R\u00e9szv\u00e9teli d\u00edj:\u00a04 800 Ft\/f\u0151<\/p>\n","protected":false},"author":1,"featured_media":0,"parent":0,"menu_order":0,"comment_status":"closed","ping_status":"closed","template":"","meta":{"footnotes":""},"class_list":["post-2814","page","type-page","status-publish","hentry"],"_links":{"self":[{"href":"https:\/\/www.goforgo.hu\/index.php\/wp-json\/wp\/v2\/pages\/2814","targetHints":{"allow":["GET"]}}],"collection":[{"href":"https:\/\/www.goforgo.hu\/index.php\/wp-json\/wp\/v2\/pages"}],"about":[{"href":"https:\/\/www.goforgo.hu\/index.php\/wp-json\/wp\/v2\/types\/page"}],"author":[{"embeddable":true,"href":"https:\/\/www.goforgo.hu\/index.php\/wp-json\/wp\/v2\/users\/1"}],"replies":[{"embeddable":true,"href":"https:\/\/www.goforgo.hu\/index.php\/wp-json\/wp\/v2\/comments?post=2814"}],"version-history":[{"count":5,"href":"https:\/\/www.goforgo.hu\/index.php\/wp-json\/wp\/v2\/pages\/2814\/revisions"}],"predecessor-version":[{"id":4686,"href":"https:\/\/www.goforgo.hu\/index.php\/wp-json\/wp\/v2\/pages\/2814\/revisions\/4686"}],"wp:attachment":[{"href":"https:\/\/www.goforgo.hu\/index.php\/wp-json\/wp\/v2\/media?parent=2814"}],"curies":[{"name":"wp","href":"https:\/\/api.w.org\/{rel}","templated":true}]}}

Budapest-Komárom hajóút

<p class="western"><b>Időpont</b>: 2019. szeptember 16.</p>
<p class="western"><b>Utazás: </b>hajóval és kényelmes, légkondicionált autóbusszal</p>
<p><strong>Idegenvezetés</strong> végig az út során.</p>
<p><a href="https://www.goforgo.hu/index.php/budapest-komarom-hajout/dunakanyar-visegrad/" rel="attachment wp-att-2815"><img loading="lazy" decoding="async" class="alignnone size-large wp-image-2815" src="https://www.goforgo.hu/wp-content/uploads/2017/01/dunakanyar-visegrad-1024x685.jpg" alt="dunakanyar-visegrad" width="1024" height="685" srcset="https://www.goforgo.hu/wp-content/uploads/2017/01/dunakanyar-visegrad-1024x685.jpg 1024w, https://www.goforgo.hu/wp-content/uploads/2017/01/dunakanyar-visegrad-300x201.jpg 300w, https://www.goforgo.hu/wp-content/uploads/2017/01/dunakanyar-visegrad-768x514.jpg 768w, https://www.goforgo.hu/wp-content/uploads/2017/01/dunakanyar-visegrad.jpg 1920w" sizes="auto, (max-width: 1024px) 100vw, 1024px" /></a></p>
<p>Indulás reggel Budapestről (1653 fkm). Budapest elhagyása után vízállástól függően hajózás felfelé a Szentendrei-Dunán (Budapest 180 cm vízállás felett), vagy a Váci-ágban, Szentendre, vagy Vác története, panorámája. A Szentendrei-szigetet elhagyva elhajózunk Visegrád vára alatt (1692 fkm), majd jön a Duna-kanyar vidék legszebb része, a dömösi szűkület. A festői Zebegényt, majd Szobot elhagyva elérjük az Ipoly folyót (1708 fkm), innentől a bal part már Szlovákia. A Helemba-sziget után feltűnik Esztergom (1719 fkm) a Mária Valéria híddal, s eljön az ebédidő is, amikor egytálételes ebédet szolgálunk fel.</p>
<p><a href="https://www.goforgo.hu/index.php/budapest-komarom-hajout/esztergom-bazilika-a-duna-tulso-oldalarol/" rel="attachment wp-att-2816"><img loading="lazy" decoding="async" class="alignnone size-full wp-image-2816" src="https://www.goforgo.hu/wp-content/uploads/2017/01/esztergom-bazilika-a-duna-tulso-oldalarol.jpg" alt="esztergom-bazilika-a-duna-tulso-oldalarol" width="800" height="450" srcset="https://www.goforgo.hu/wp-content/uploads/2017/01/esztergom-bazilika-a-duna-tulso-oldalarol.jpg 800w, https://www.goforgo.hu/wp-content/uploads/2017/01/esztergom-bazilika-a-duna-tulso-oldalarol-300x169.jpg 300w, https://www.goforgo.hu/wp-content/uploads/2017/01/esztergom-bazilika-a-duna-tulso-oldalarol-768x432.jpg 768w" sizes="auto, (max-width: 800px) 100vw, 800px" /></a></p>
<p>Kisvártatva már jön is a Táti-Duna a gőzösök egykori, vízbe épült, ma ipari műemlék szénrakodójával. Innen a Gerecse nyúlványai mellett hajózunk. Neszmélynél hallunk a mellékágban lévő hajóskanzenről, majd lassan elérjük Komáromot. Kikötés Révkomáromban (a szlovák oldalon) kb. 1 km-re a magyarországi vasútállomástól, kb. 17:30-kor. Visszautazás egyénileg. Vonatok félóránként indulnak Budapest és Győr felé.</p>
<h2 class="sw_s1_offer_program_title" style="text-align: center;"><strong>Részvételi díj:</strong> 4 800 Ft/fő</h2>
<p><a href="https://www.goforgo.hu/index.php/budapest-komarom-hajout/dunakanyar-zebegenyb/" rel="attachment wp-att-2817"><img loading="lazy" decoding="async" class="alignnone size-large wp-image-2817" src="https://www.goforgo.hu/wp-content/uploads/2017/01/Dunakanyar-Zebegényb-1024x355.jpg" alt="Dunakanyar Zebegényb" width="1024" height="355" srcset="https://www.goforgo.hu/wp-content/uploads/2017/01/Dunakanyar-Zebegényb-1024x355.jpg 1024w, https://www.goforgo.hu/wp-content/uploads/2017/01/Dunakanyar-Zebegényb-300x104.jpg 300w, https://www.goforgo.hu/wp-content/uploads/2017/01/Dunakanyar-Zebegényb-768x266.jpg 768w" sizes="auto, (max-width: 1024px) 100vw, 1024px" /></a></p>

<p>Időpont: 2019. szeptember 16. Utazás: hajóval és kényelmes, légkondicionált autóbusszal Idegenvezetés végig az út során. Indulás reggel Budapestről (1653 fkm). Budapest elhagyása után vízállástól függően hajózás felfelé a Szentendrei-Dunán (Budapest 180 cm vízállás felett), vagy a Váci-ágban, Szentendre, vagy Vác története, panorámája. A Szentendrei-szigetet elhagyva elhajózunk Visegrád vára alatt (1692 fkm), majd jön a Duna-kanyar vidék legszebb része, a dömösi szűkület. A festői Zebegényt, majd Szobot elhagyva elérjük az Ipoly folyót (1708 fkm), innentől a bal part már Szlovákia. A Helemba-sziget után feltűnik Esztergom (1719 fkm) a Mária Valéria híddal, s eljön az ebédidő is, amikor egytálételes ebédet szolgálunk fel. Kisvártatva már jön is a Táti-Duna a gőzösök egykori, vízbe épült, ma ipari műemlék szénrakodójával. Innen a Gerecse nyúlványai mellett hajózunk. Neszmélynél hallunk a mellékágban lévő hajóskanzenről, majd lassan elérjük Komáromot. Kikötés Révkomáromban (a szlovák oldalon) kb. 1 km-re a magyarországi vasútállomástól, kb. 17:30-kor. Visszautazás egyénileg. Vonatok félóránként indulnak Budapest és Győr felé. Részvételi díj: 4 800 Ft/fő</p>
