{"id":3307,"date":"2017-04-04T20:45:20","date_gmt":"2017-04-04T20:45:20","guid":{"rendered":"http:\/\/www.goforgo.hu\/?page_id=3307"},"modified":"2017-04-04T20:57:18","modified_gmt":"2017-04-04T20:57:18","slug":"moldvai-csangok-foldjen","status":"publish","type":"page","link":"https:\/\/www.goforgo.hu\/index.php\/moldvai-csangok-foldjen\/","title":{"rendered":"Moldvai cs\u00e1ng\u00f3k f\u00f6ldj\u00e9n"},"content":{"rendered":"<p class=\"western\"><b>Id\u0151pont<\/b>: 2017. j\u00falius 29-augusztus 3.<\/p>\n<p class=\"western\"><b>Utaz\u00e1s:<\/b>\u00a0k\u00e9nyelmes, l\u00e9gkond\u00edcion\u00e1lt aut\u00f3busszal \u00a0\u00a0\u00a0\u00a0\u00a0\u00a0\u00a0\u00a0\u00a0\u00a0\u00a0\u00a0\u00a0\u00a0\u00a0\u00a0\u00a0\u00a0\u00a0\u00a0 <strong>Id\u0151tartam:<\/strong> 6 nap\/5 \u00e9jszaka<\/p>\n<p class=\"western\"><strong>Elhelyez\u00e9s:<\/strong> faluturizmusban, 2 \u00e1gyas szob\u00e1kban f\u00fcrd\u0151szoba-haszn\u00e1lattal<\/p>\n<p class=\"western\"><strong>Ell\u00e1t\u00e1s:<\/strong> f\u00e9lpanzi\u00f3<\/p>\n<p><strong>1. nap: <\/strong>Budapest \u2013 4-es f\u0151\u00fat \u2013 P\u00fcsp\u00f6klad\u00e1ny \u2013 \u00c1rt\u00e1nd (hat\u00e1r\u00e1llom\u00e1s) \u2013 Nagyv\u00e1rad \u2013 <strong>Kir\u00e1ly-h\u00e1g\u00f3\u00a0<\/strong>(r\u00f6vid pihen\u0151) \u2013 Gyalu \u2013 Erd\u00e9lyi aut\u00f3p\u00e1lya \u2013 Marosludas \u2013 Marosv\u00e1s\u00e1rhely \u2013 <strong>Gernyeszeg\u00a0<\/strong>(Teleki Mih\u00e1ly kancell\u00e1r s\u00edrja a g\u00f3tikus st\u00edlus\u00fa reform\u00e1tus templomban, a Teleki kast\u00e9ly k\u00edv\u00fclr\u0151l) \u2013 Sz\u00e1szr\u00e9gen \u2013 <strong>Marosv\u00e9cs <\/strong>(a Maros romantikus v\u00f6lgye, ahol Wass Albert \u2013 A Funtineli boszork\u00e1ny c\u00edm\u0171 reg\u00e9nye j\u00e1tsz\u00f3dik) \u2013 Marosh\u00e9v\u00edz \u2013 sz\u00e1ll\u00e1s a Sz\u00e9kelyf\u00f6ld\u00f6n, <strong>Gyergy\u00f3sz\u00e1rhegyen<\/strong>.<\/p>\n<p><a href=\"https:\/\/www.goforgo.hu\/index.php\/moldvai-csangok-foldjen\/wass-a\/\" rel=\"attachment wp-att-3310\"><img loading=\"lazy\" decoding=\"async\" class=\"alignnone size-large wp-image-3310\" src=\"https:\/\/www.goforgo.hu\/wp-content\/uploads\/2017\/04\/Wass-A-1024x768.jpg\" alt=\"Wass A\" width=\"1024\" height=\"768\" srcset=\"https:\/\/www.goforgo.hu\/wp-content\/uploads\/2017\/04\/Wass-A-1024x768.jpg 1024w, https:\/\/www.goforgo.hu\/wp-content\/uploads\/2017\/04\/Wass-A-300x225.jpg 300w, https:\/\/www.goforgo.hu\/wp-content\/uploads\/2017\/04\/Wass-A-768x576.jpg 768w, https:\/\/www.goforgo.hu\/wp-content\/uploads\/2017\/04\/Wass-A.jpg 1200w\" sizes=\"auto, (max-width: 1024px) 100vw, 1024px\" \/><\/a><\/p>\n<p><strong>2. n<\/strong><strong><strong>ap<\/strong><\/strong><strong>:<\/strong> <strong>Gyergy\u00f3sz\u00e1rhegy<\/strong> \u2013 Gyergy\u00f3szentmikl\u00f3s \u2013 <strong>B\u00e9k\u00e1s-szoros<\/strong> (r\u00f6vid s\u00e9ta a vadreg\u00e9nyes sziklaszurdokban) \u2013 Ezer\u00e9ves hat\u00e1r \u2013 Kar\u00e1csonk\u0151 (Piatra-neamt) \u2013 <strong>Szab\u00f3falva<\/strong> (Sabaoani, s\u00e9ta \u00e9szaki moldvai cs\u00e1ng\u00f3k jellegzetes faluj\u00e1ban, 1831-es magyar felkel\u00e9s \u00fajonnan felavatott eml\u00e9km\u0171ve, cs\u00e1ng\u00f3 m\u00fazeum, Lakatos Demeter k\u00f6lt\u0151 s\u00edrja) \u2013 <strong>Kick\u00f3falva<\/strong> (Tetcani, Szent Istv\u00e1n megmentett szobra) \u2013 \u00a0Rom\u00e1nv\u00e1s\u00e1r (Roman) \u2013 B\u00e1k\u00f3 (Bacau) \u2013 Als\u00f3rekecsin (Racaciuni) \u2013 sz\u00e1ll\u00e1s <strong>Kl\u00e9zs\u00e9n <\/strong>(fogad\u00e1s igazi helyi p\u00e1link\u00e1val).<\/p>\n<p><a href=\"https:\/\/www.goforgo.hu\/index.php\/moldvai-csangok-foldjen\/bekas-szoros-2\/\" rel=\"attachment wp-att-3311\"><img loading=\"lazy\" decoding=\"async\" class=\"alignnone size-large wp-image-3311\" src=\"https:\/\/www.goforgo.hu\/wp-content\/uploads\/2017\/04\/B\u00e9k\u00e1s-szoros-1024x769.jpg\" alt=\"B\u00e9k\u00e1s-szoros\" width=\"1024\" height=\"769\" srcset=\"https:\/\/www.goforgo.hu\/wp-content\/uploads\/2017\/04\/B\u00e9k\u00e1s-szoros-1024x769.jpg 1024w, https:\/\/www.goforgo.hu\/wp-content\/uploads\/2017\/04\/B\u00e9k\u00e1s-szoros-300x225.jpg 300w, https:\/\/www.goforgo.hu\/wp-content\/uploads\/2017\/04\/B\u00e9k\u00e1s-szoros-768x577.jpg 768w, https:\/\/www.goforgo.hu\/wp-content\/uploads\/2017\/04\/B\u00e9k\u00e1s-szoros.jpg 1200w\" sizes=\"auto, (max-width: 1024px) 100vw, 1024px\" \/><\/a><\/p>\n<p><strong>3. nap:<\/strong> <strong>B\u00e1k\u00f3 <\/strong>(t\u00f6rt\u00e9neti m\u00fazeum) \u2013 <strong>L\u00e9szped<\/strong> (Lespezi, ismerked\u00e9s a helyiek \u00e9let\u00e9vel a magyar h\u00e1zban) \u2013 B\u00e1k\u00f3 (t\u00f6rt\u00e9neti m\u00fazeum) \u2013 <strong>Pusztina<\/strong> (Pustiana, Szent Istv\u00e1n szobor \u00e9s templom,\u00a0<em>Fakultat\u00edv program: jellegzetes cs\u00e1ng\u00f3 eb\u00e9d az egyik falusi port\u00e1n, 1700-1900 Ft\/f\u0151<\/em>) \u2013<strong>Lujzikalagor<\/strong> (Luizi\u00a0Calugara, egy sz\u00e9p csokor a cs\u00e1ng\u00f3 n\u00e9pdalokb\u00f3l \u00e9s mes\u00e9kb\u0151l M\u00e1ria n\u00e9nit\u0151l, a moldvai cs\u00e1ng\u00f3 f\u00f6ld legnagyobb temploma) \u2013 <strong>L\u00e1bnyik<\/strong> (Vladnic, templom l\u00e1togat\u00e1s \u00e9s falut\u00f6rt\u00e9net a helyi pl\u00e9b\u00e1nos vezet\u00e9s\u00e9vel) \u2013 <strong>Magyarfalu<\/strong>\u00a0(a legkeletibb cs\u00e1ng\u00f3-magyar telep\u00fcl\u00e9s, t\u00fal a K\u00e1rp\u00e1tokon. A m\u00e1sf\u00e9l ezres zs\u00e1kfaluban mindenki magyarul besz\u00e9l. R\u00f3mai katolikus templom megtekint\u00e9se, a falu t\u00f6rt\u00e9net\u00e9nek ismertet\u00e9se.) \u2013 sz\u00e1ll\u00e1s <strong>Kl\u00e9zs\u00e9<strong>n<\/strong><\/strong>.<\/p>\n<p><img loading=\"lazy\" decoding=\"async\" class=\" wp-image-3312 aligncenter\" src=\"https:\/\/www.goforgo.hu\/wp-content\/uploads\/2017\/04\/moldvai_csangomagyar_lanyok.jpg\" alt=\"moldvai_csangomagyar_lanyok\" width=\"809\" height=\"607\" srcset=\"https:\/\/www.goforgo.hu\/wp-content\/uploads\/2017\/04\/moldvai_csangomagyar_lanyok.jpg 768w, https:\/\/www.goforgo.hu\/wp-content\/uploads\/2017\/04\/moldvai_csangomagyar_lanyok-300x225.jpg 300w\" sizes=\"auto, (max-width: 809px) 100vw, 809px\" \/><\/p>\n<p><strong>4. nap:<\/strong> <strong>Trunk<\/strong> ( Benedek M\u00e1rton cs\u00e1ng\u00f3 orvos sz\u00fcl\u0151h\u00e1za \u00e9s s\u00edrja, amely a k\u00f6rny\u00e9k legismertebb zar\u00e1ndokhelye) \u2013 Als\u00f3rekecsin \u2013 \u00a0<strong>Gast\u00e9ny<\/strong> (Gasteni, az \u00c1rp\u00e1d-kori magyar templom romjai) \u2013\u00a0<strong>K\u00fcls\u0151rekecsin<\/strong> (a r\u00e9gi jellegzetes, torn\u00e1cos cs\u00e1ng\u00f3 port\u00e1k, k\u00f3stol\u00e1ssal egybek\u00f6t\u00f6tt l\u00e1togat\u00e1s a helyi p\u00e1linkaf\u0151zd\u00e9ben, v\u00e1s\u00e1rl\u00e1si lehet\u0151s\u00e9g, r\u00e9gi pincesor k\u00edv\u00fclr\u0151l) \u2013 <strong>Kl\u00e9zse<\/strong> (Cleia, a Szeretkl\u00e9zse alap\u00edtv\u00e1ny sz\u00e9kh\u00e1za, ahol \u00f3voda, iskola illetve m\u00fazeum tal\u00e1lhat\u00f3, mellette \u00c1lmos fejedelem mellszobra tal\u00e1lhat\u00f3) \u2013 <strong>Nagypatak<\/strong> (Valeamare, 1438-as alap\u00edt\u00e1s\u00fa Szent M\u00e1rton fatemplom) \u2013 <strong>Forr\u00f3falva<\/strong> (Faraofani) \u2013 sz\u00e1ll\u00e1s <strong>Kl\u00e9zs\u00e9<strong>n<\/strong><\/strong><strong>.<\/strong><\/p>\n<p><a href=\"https:\/\/www.goforgo.hu\/index.php\/moldvai-csangok-foldjen\/valemare\/\" rel=\"attachment wp-att-3313\"><img loading=\"lazy\" decoding=\"async\" class=\"alignnone size-large wp-image-3313\" src=\"https:\/\/www.goforgo.hu\/wp-content\/uploads\/2017\/04\/valemare-1024x768.jpg\" alt=\"valemare\" width=\"1024\" height=\"768\" srcset=\"https:\/\/www.goforgo.hu\/wp-content\/uploads\/2017\/04\/valemare-1024x768.jpg 1024w, https:\/\/www.goforgo.hu\/wp-content\/uploads\/2017\/04\/valemare-300x225.jpg 300w, https:\/\/www.goforgo.hu\/wp-content\/uploads\/2017\/04\/valemare-768x576.jpg 768w, https:\/\/www.goforgo.hu\/wp-content\/uploads\/2017\/04\/valemare.jpg 1111w\" sizes=\"auto, (max-width: 1024px) 100vw, 1024px\" \/><\/a><\/p>\n<p><strong>5. nap:<\/strong> Als\u00f3rekecsin \u2013 Egyedhalma (Adjud) \u2013 Onyest (Onesti) \u2013 <strong>Ojtozi-szoros<\/strong>, S\u00f3smez\u0151 (Ezer\u00e9ves hat\u00e1r, magyar katon\u00e1k s\u00edrjai) \u2013 <strong>Ojtoz<\/strong> (H\u00e1rmashalom eml\u00e9km\u0171) \u2013 <strong>Bereck<\/strong> (G\u00e1bor \u00c1ron eml\u00e9kh\u00e1z)\u2013 K\u00e9zdiv\u00e1s\u00e1rhely \u2013 <strong>Gelence<\/strong> (a vil\u00e1g\u00f6r\u00f6ks\u00e9ghez tartoz\u00f3 \u00c1rp\u00e1d-kori templomunk, a Szent L\u00e1szl\u00f3 legenda fresk\u00f3ival), sz\u00e1ll\u00e1s <strong>Gelenc\u00e9n<\/strong>.<\/p>\n<p><a href=\"https:\/\/www.goforgo.hu\/index.php\/moldvai-csangok-foldjen\/gelence_templom\/\" rel=\"attachment wp-att-3314\"><img loading=\"lazy\" decoding=\"async\" class=\"alignnone size-full wp-image-3314\" src=\"https:\/\/www.goforgo.hu\/wp-content\/uploads\/2017\/04\/gelence_templom.jpg\" alt=\"gelence_templom\" width=\"1000\" height=\"703\" srcset=\"https:\/\/www.goforgo.hu\/wp-content\/uploads\/2017\/04\/gelence_templom.jpg 1000w, https:\/\/www.goforgo.hu\/wp-content\/uploads\/2017\/04\/gelence_templom-300x211.jpg 300w, https:\/\/www.goforgo.hu\/wp-content\/uploads\/2017\/04\/gelence_templom-768x540.jpg 768w\" sizes=\"auto, (max-width: 1000px) 100vw, 1000px\" \/><\/a><\/p>\n<p><strong>6. nap:<\/strong> Gelence \u2013 K\u00e9zdiv\u00e1s\u00e1rhely \u2013 <strong>Sz\u00e1szherm\u00e1ny<\/strong>\u00a0(XII. sz\u00e1zadi evang\u00e9likus er\u0151dtemplom) \u2013 Feketehalom \u2013 Fogaras \u2013 Nagyszeben \u2013 <strong>Sz\u00e1szsebes<\/strong> (Szapolyai h\u00e1z k\u00edv\u00fclr\u0151l, a sz\u00e1szok \u00c1rp\u00e1d-kori, szobrokkal d\u00edsz\u00edtett temploma) \u2013 D\u00e9va \u2013 Arad \u2013 Nagylak (hat\u00e1r\u00e1llom\u00e1s) \u2013 Mak\u00f3 \u2013 M5 \u2013 Budapest.<\/p>\n<p>&nbsp;<\/p>\n<h2 style=\"text-align: center;\">R\u00e9szv\u00e9teli d\u00edj: 69 900 Ft\/f\u0151<\/h2>\n<p><strong>Egy\u00e1gyas fel\u00e1r: <\/strong>17 990 Ft\/f\u0151<\/p>\n<p><strong>K\u00f6telez\u0151 \u00fatlemond\u00e1si biztos\u00edt\u00e1s:<\/strong> 1 260 Ft\/f\u0151<\/p>\n<p><strong>K\u00f6telez\u0151 baleset-, betegs\u00e9g-\u00e9s poggy\u00e1szbiztos\u00edt\u00e1s:<\/strong> 3 300 Ft\/f\u0151<\/p>\n<p><strong>Az \u00e1r tartalmazza:<\/strong> utaz\u00e1s, sz\u00e1ll\u00e1s, reggeli, esteb\u00e9d, idegenvezet\u00e9s<\/p>\n<p><strong>Bel\u00e9p\u0151k:<\/strong> kb. 50 RON\/f\u0151, a<\/p>\n<p><strong>Pusztinai eb\u00e9d: <\/strong>1 700 -1 900 Ft\/f\u0151<em><br \/>\n<\/em><\/p>\n<p>&nbsp;<\/p>\n","protected":false},"excerpt":{"rendered":"<p>Id\u0151pont: 2017. j\u00falius 29-augusztus 3. Utaz\u00e1s:\u00a0k\u00e9nyelmes, l\u00e9gkond\u00edcion\u00e1lt aut\u00f3busszal \u00a0\u00a0\u00a0\u00a0\u00a0\u00a0\u00a0\u00a0\u00a0\u00a0\u00a0\u00a0\u00a0\u00a0\u00a0\u00a0\u00a0\u00a0\u00a0\u00a0 Id\u0151tartam: 6 nap\/5 \u00e9jszaka Elhelyez\u00e9s: faluturizmusban, 2 \u00e1gyas szob\u00e1kban f\u00fcrd\u0151szoba-haszn\u00e1lattal Ell\u00e1t\u00e1s: f\u00e9lpanzi\u00f3 1. nap: Budapest \u2013 4-es f\u0151\u00fat \u2013 P\u00fcsp\u00f6klad\u00e1ny \u2013 \u00c1rt\u00e1nd (hat\u00e1r\u00e1llom\u00e1s) \u2013 Nagyv\u00e1rad \u2013 Kir\u00e1ly-h\u00e1g\u00f3\u00a0(r\u00f6vid pihen\u0151) \u2013 Gyalu \u2013 Erd\u00e9lyi aut\u00f3p\u00e1lya \u2013 Marosludas \u2013 Marosv\u00e1s\u00e1rhely \u2013 Gernyeszeg\u00a0(Teleki Mih\u00e1ly kancell\u00e1r s\u00edrja a g\u00f3tikus st\u00edlus\u00fa reform\u00e1tus templomban, a Teleki kast\u00e9ly k\u00edv\u00fclr\u0151l) \u2013 Sz\u00e1szr\u00e9gen \u2013 Marosv\u00e9cs (a Maros romantikus v\u00f6lgye, ahol Wass Albert \u2013 A Funtineli boszork\u00e1ny c\u00edm\u0171 reg\u00e9nye j\u00e1tsz\u00f3dik) \u2013 Marosh\u00e9v\u00edz \u2013 sz\u00e1ll\u00e1s a Sz\u00e9kelyf\u00f6ld\u00f6n, Gyergy\u00f3sz\u00e1rhegyen. 2. nap: Gyergy\u00f3sz\u00e1rhegy \u2013 Gyergy\u00f3szentmikl\u00f3s \u2013 B\u00e9k\u00e1s-szoros (r\u00f6vid s\u00e9ta a vadreg\u00e9nyes sziklaszurdokban) \u2013 Ezer\u00e9ves hat\u00e1r \u2013 Kar\u00e1csonk\u0151 (Piatra-neamt) \u2013 Szab\u00f3falva (Sabaoani, s\u00e9ta \u00e9szaki moldvai cs\u00e1ng\u00f3k jellegzetes faluj\u00e1ban, 1831-es magyar felkel\u00e9s \u00fajonnan felavatott eml\u00e9km\u0171ve, cs\u00e1ng\u00f3 m\u00fazeum, Lakatos Demeter k\u00f6lt\u0151 s\u00edrja) \u2013 Kick\u00f3falva (Tetcani, Szent Istv\u00e1n megmentett szobra) \u2013 \u00a0Rom\u00e1nv\u00e1s\u00e1r (Roman) \u2013 B\u00e1k\u00f3 (Bacau) \u2013 Als\u00f3rekecsin (Racaciuni) \u2013 sz\u00e1ll\u00e1s Kl\u00e9zs\u00e9n (fogad\u00e1s igazi helyi p\u00e1link\u00e1val). 3. nap: B\u00e1k\u00f3 (t\u00f6rt\u00e9neti m\u00fazeum) \u2013 L\u00e9szped (Lespezi, ismerked\u00e9s a helyiek \u00e9let\u00e9vel a magyar h\u00e1zban) \u2013 B\u00e1k\u00f3 (t\u00f6rt\u00e9neti m\u00fazeum) \u2013 Pusztina (Pustiana, Szent Istv\u00e1n szobor \u00e9s templom,\u00a0Fakultat\u00edv program: jellegzetes cs\u00e1ng\u00f3 eb\u00e9d az egyik falusi port\u00e1n, 1700-1900 Ft\/f\u0151) \u2013Lujzikalagor (Luizi\u00a0Calugara, egy sz\u00e9p csokor a cs\u00e1ng\u00f3 n\u00e9pdalokb\u00f3l \u00e9s mes\u00e9kb\u0151l M\u00e1ria n\u00e9nit\u0151l, a moldvai cs\u00e1ng\u00f3 f\u00f6ld legnagyobb temploma) \u2013 L\u00e1bnyik (Vladnic, templom l\u00e1togat\u00e1s \u00e9s falut\u00f6rt\u00e9net a helyi pl\u00e9b\u00e1nos vezet\u00e9s\u00e9vel) \u2013 Magyarfalu\u00a0(a legkeletibb cs\u00e1ng\u00f3-magyar telep\u00fcl\u00e9s, t\u00fal a K\u00e1rp\u00e1tokon. A m\u00e1sf\u00e9l ezres zs\u00e1kfaluban mindenki magyarul besz\u00e9l. R\u00f3mai katolikus templom megtekint\u00e9se, a falu t\u00f6rt\u00e9net\u00e9nek ismertet\u00e9se.) \u2013 sz\u00e1ll\u00e1s Kl\u00e9zs\u00e9n. 4. nap: Trunk ( Benedek M\u00e1rton cs\u00e1ng\u00f3 orvos sz\u00fcl\u0151h\u00e1za \u00e9s s\u00edrja, amely a k\u00f6rny\u00e9k legismertebb zar\u00e1ndokhelye) \u2013 Als\u00f3rekecsin \u2013 \u00a0Gast\u00e9ny (Gasteni, az \u00c1rp\u00e1d-kori magyar templom romjai) \u2013\u00a0K\u00fcls\u0151rekecsin (a r\u00e9gi jellegzetes, torn\u00e1cos cs\u00e1ng\u00f3 port\u00e1k, k\u00f3stol\u00e1ssal egybek\u00f6t\u00f6tt l\u00e1togat\u00e1s a helyi p\u00e1linkaf\u0151zd\u00e9ben, v\u00e1s\u00e1rl\u00e1si lehet\u0151s\u00e9g, r\u00e9gi pincesor k\u00edv\u00fclr\u0151l) \u2013 Kl\u00e9zse (Cleia, a Szeretkl\u00e9zse alap\u00edtv\u00e1ny sz\u00e9kh\u00e1za, ahol \u00f3voda, iskola illetve m\u00fazeum tal\u00e1lhat\u00f3, mellette \u00c1lmos fejedelem mellszobra tal\u00e1lhat\u00f3) \u2013 Nagypatak (Valeamare, 1438-as alap\u00edt\u00e1s\u00fa Szent M\u00e1rton fatemplom) \u2013 Forr\u00f3falva (Faraofani) \u2013 sz\u00e1ll\u00e1s Kl\u00e9zs\u00e9n. 5. nap: Als\u00f3rekecsin \u2013 Egyedhalma (Adjud) \u2013 Onyest (Onesti) \u2013 Ojtozi-szoros, S\u00f3smez\u0151 (Ezer\u00e9ves hat\u00e1r, magyar katon\u00e1k s\u00edrjai) \u2013 Ojtoz (H\u00e1rmashalom eml\u00e9km\u0171) \u2013 Bereck (G\u00e1bor \u00c1ron eml\u00e9kh\u00e1z)\u2013 K\u00e9zdiv\u00e1s\u00e1rhely \u2013 Gelence (a vil\u00e1g\u00f6r\u00f6ks\u00e9ghez tartoz\u00f3 \u00c1rp\u00e1d-kori templomunk, a Szent L\u00e1szl\u00f3 legenda fresk\u00f3ival), sz\u00e1ll\u00e1s Gelenc\u00e9n. 6. nap: Gelence \u2013 K\u00e9zdiv\u00e1s\u00e1rhely \u2013 Sz\u00e1szherm\u00e1ny\u00a0(XII. sz\u00e1zadi evang\u00e9likus er\u0151dtemplom) \u2013 Feketehalom \u2013 Fogaras \u2013 Nagyszeben \u2013 Sz\u00e1szsebes (Szapolyai h\u00e1z k\u00edv\u00fclr\u0151l, a sz\u00e1szok \u00c1rp\u00e1d-kori, szobrokkal d\u00edsz\u00edtett temploma) \u2013 D\u00e9va \u2013 Arad \u2013 Nagylak (hat\u00e1r\u00e1llom\u00e1s) \u2013 Mak\u00f3 \u2013 M5 \u2013 Budapest. &nbsp; R\u00e9szv\u00e9teli d\u00edj: 69 900 Ft\/f\u0151 Egy\u00e1gyas fel\u00e1r: 17 990 Ft\/f\u0151 K\u00f6telez\u0151 \u00fatlemond\u00e1si biztos\u00edt\u00e1s: 1 260 Ft\/f\u0151 K\u00f6telez\u0151 baleset-, betegs\u00e9g-\u00e9s poggy\u00e1szbiztos\u00edt\u00e1s: 3 300 Ft\/f\u0151 Az \u00e1r tartalmazza: utaz\u00e1s, sz\u00e1ll\u00e1s, reggeli, esteb\u00e9d, idegenvezet\u00e9s Bel\u00e9p\u0151k: kb. 50 RON\/f\u0151, a Pusztinai eb\u00e9d: 1 700 -1 900 Ft\/f\u0151 &nbsp;<\/p>\n","protected":false},"author":1,"featured_media":0,"parent":0,"menu_order":0,"comment_status":"closed","ping_status":"closed","template":"","meta":{"footnotes":""},"class_list":["post-3307","page","type-page","status-publish","hentry"],"_links":{"self":[{"href":"https:\/\/www.goforgo.hu\/index.php\/wp-json\/wp\/v2\/pages\/3307","targetHints":{"allow":["GET"]}}],"collection":[{"href":"https:\/\/www.goforgo.hu\/index.php\/wp-json\/wp\/v2\/pages"}],"about":[{"href":"https:\/\/www.goforgo.hu\/index.php\/wp-json\/wp\/v2\/types\/page"}],"author":[{"embeddable":true,"href":"https:\/\/www.goforgo.hu\/index.php\/wp-json\/wp\/v2\/users\/1"}],"replies":[{"embeddable":true,"href":"https:\/\/www.goforgo.hu\/index.php\/wp-json\/wp\/v2\/comments?post=3307"}],"version-history":[{"count":3,"href":"https:\/\/www.goforgo.hu\/index.php\/wp-json\/wp\/v2\/pages\/3307\/revisions"}],"predecessor-version":[{"id":3315,"href":"https:\/\/www.goforgo.hu\/index.php\/wp-json\/wp\/v2\/pages\/3307\/revisions\/3315"}],"wp:attachment":[{"href":"https:\/\/www.goforgo.hu\/index.php\/wp-json\/wp\/v2\/media?parent=3307"}],"curies":[{"name":"wp","href":"https:\/\/api.w.org\/{rel}","templated":true}]}}