{"id":3319,"date":"2017-04-04T21:40:30","date_gmt":"2017-04-04T21:40:30","guid":{"rendered":"http:\/\/www.goforgo.hu\/?page_id=3319"},"modified":"2018-01-15T10:28:01","modified_gmt":"2018-01-15T10:28:01","slug":"a-magas-tatra-gyongyszemei","status":"publish","type":"page","link":"https:\/\/www.goforgo.hu\/index.php\/a-magas-tatra-gyongyszemei\/","title":{"rendered":"A Magas-T\u00e1tra gy\u00f6ngyszemei"},"content":{"rendered":"<p><b>Id\u0151pont: <\/b>2018. augusztus 3-5. (3 nap\/2 \u00e9jszaka)<\/p>\n<p><strong>Elhelyez\u00e9s:<\/strong> Popr\u00e1d k\u00f6rny\u00e9k\u00e9n *** sz\u00e1llod\u00e1ban, 2 \u00e1gyas, f\u00fcrd\u0151szob\u00e1s szob\u00e1kban<\/p>\n<p><strong>Ell\u00e1t\u00e1s:<\/strong> reggeli (fakultat\u00edv f\u00e9lpanzi\u00f3)<\/p>\n<p><strong>Utaz\u00e1s:<\/strong> k\u00e9nyelmes, l\u00e9gkondicion\u00e1lt aut\u00f3busszal<\/p>\n<p><a href=\"https:\/\/www.goforgo.hu\/index.php\/a-magas-tatra-gyongyszemei\/panorama_magas-tatra\/\" rel=\"attachment wp-att-3320\"><img loading=\"lazy\" decoding=\"async\" class=\"alignnone size-full wp-image-3320\" src=\"https:\/\/www.goforgo.hu\/wp-content\/uploads\/2017\/04\/panorama_magas-tatra.jpg\" alt=\"panorama_magas-tatra\" width=\"960\" height=\"180\" \/><\/a><\/p>\n<p><strong>1. nap: <\/strong><strong>F\u00fclek &#8211; Rimaszombat &#8211; Dobsinai-j\u00e9gbarlang<\/strong><\/p>\n<p>Folyamatos utaz\u00e1ssal \u00e9s n\u00e9h\u00e1ny r\u00f6videbb pihen\u0151vel \u00e9rkez\u00fcnk a hat\u00e1r\u00e1llom\u00e1sra. Hosszabb pihen\u0151t tartunk F\u00fcleken. Fels\u00e9t\u00e1lunk a v\u00e1rhoz, k\u00f6rbe f\u00e9nyk\u00e9pezhetj\u00fck, majd utunkat folytatva Rimaszombaton tartunk hosszabb pihen\u0151t. A v\u00e1rosi s\u00e9t\u00e1nk ut\u00e1n Eur\u00f3pa egyik legnagyobb \u00e9s legszebb j\u00e9gbarlangj\u00e1hoz utazunk, mely Dobsin\u00e1t\u00f3l nem messze fekszik. A barlang ma is \u201e\u00e9l\u0151\u201d, hiszen m\u00e9g ma is \u00e1lland\u00f3an k\u00e9pz\u0151dik benne j\u00e9g, mely n\u00e9hol 30-40 m\u00e9ter vastags\u00e1g\u00fa. (Hozzanak magukkal kab\u00e1tot, mert a barlangban a h\u0151m\u00e9rs\u00e9klet 0 Celsius fok alatt van! Sz\u00e1ll\u00e1sunk Popr\u00e1d k\u00f6rny\u00e9k\u00e9n lesz.<\/p>\n<p><a href=\"https:\/\/www.goforgo.hu\/index.php\/a-magas-tatra-gyongyszemei\/dobsina\/\" rel=\"attachment wp-att-3321\"><img loading=\"lazy\" decoding=\"async\" class=\" wp-image-3321 aligncenter\" src=\"https:\/\/www.goforgo.hu\/wp-content\/uploads\/2017\/04\/dobsina.jpg\" alt=\"dobsina\" width=\"740\" height=\"493\" \/><\/a><\/p>\n<p><strong>2. nap: Magas-T\u00e1tra &#8211; Tar-pataki-v\u00edzes\u00e9sek &#8211; \u00d3-T\u00e1traf\u00fcred &#8211; Csorba-t\u00f3<\/strong><\/p>\n<p>Reggeli ut\u00e1n a Magas-T\u00e1tra m\u00e1sodik legmagasabb cs\u00facs\u00e1t h\u00f3d\u00edtjuk meg, a Lomnici cs\u00facsot. A 2632 m\u00e9ter magas hegyet kabinos felvon\u00f3val k\u00f6zel\u00edtj\u00fck meg. A program id\u0151j\u00e1r\u00e1s f\u00fcgg\u0151! Visszat\u00e9rve egy kellemes gyalogt\u00far\u00e1val \u00e9rj\u00fck el a k\u00e9t Tarpatak (Kis-Tarparak \u00e9s Nagy-Tarpatak) egyes\u00fcl\u00e9se ut\u00e1n keletkezett csod\u00e1latos v\u00edzes\u00e9seket. (Megfelel\u0151, k\u00e9nyelmes cip\u0151t hozzanak magukkal!) Levezet\u00e9sk\u00e9nt \u00d3-T\u00e1traf\u00fcreden s\u00e9t\u00e1lunk, megcsod\u00e1lva a Monarchia korabeli \u00e9p\u00fcleteket. A nap befejez\u00e9sek\u00e9nt s\u00e9ta a Csorba-t\u00f3n\u00e1l. F\u00e1radalmainkat ism\u00e9t Popr\u00e1d k\u00f6rny\u00e9k\u00e9n, a sz\u00e1ll\u00e1sunkon pihenj\u00fck ki.<\/p>\n<p style=\"text-align: center;\"><a href=\"https:\/\/www.goforgo.hu\/index.php\/a-magas-tatra-gyongyszemei\/grand-hotel-stary-smokovec-2\/\" rel=\"attachment wp-att-3322\"><img loading=\"lazy\" decoding=\"async\" class=\"alignnone size-full wp-image-3322\" src=\"https:\/\/www.goforgo.hu\/wp-content\/uploads\/2017\/04\/grand-hotel-stary-smokovec-2.jpg\" alt=\"grand-hotel-stary-smokovec-2\" width=\"800\" height=\"531\" \/><\/a><\/p>\n<p><strong>3. nap: Dem\u00e9nyfalvi-cseppk\u0151barlang &#8211; R\u00f3zsahegy &#8211; Selmecb\u00e1nya<\/strong><\/p>\n<p>Reggeli ut\u00e1n a Dem\u00e9nyfalvi-cseppk\u0151barlangba l\u00e1togatunk el. Utunkat folytatva R\u00f3zsahegyre \u00e9rkez\u00fcnk. Ell\u00e1togatunk egy hangulatos hegyi gazdas\u00e1gba, ahol finom sajtokat k\u00f3stolhatunk, a szabadt\u00e9ri m\u00fazeumban egykor haszn\u00e1lt eszk\u00f6z\u00f6ket l\u00e1thatunk, de tal\u00e1lhat\u00f3 ott egy kedves kis\u00e1llat-simogat\u00f3 is. Selmecb\u00e1ny\u00e1n a szabadt\u00e9ri b\u00e1nyam\u00fazeumban ismerked\u00fcnk a b\u00e1ny\u00e1szat rejtelmeivel. \u00c9rkez\u00e9s Budapestre az esti \u00f3r\u00e1kban.<\/p>\n<p><a href=\"https:\/\/www.goforgo.hu\/index.php\/a-magas-tatra-gyongyszemei\/tarpatak\/\" rel=\"attachment wp-att-3324\"><img loading=\"lazy\" decoding=\"async\" class=\"alignnone size-large wp-image-3324\" src=\"https:\/\/www.goforgo.hu\/wp-content\/uploads\/2017\/04\/tarpatak-1024x768.jpg\" alt=\"tarpatak\" width=\"1024\" height=\"768\" \/><\/a><\/p>\n<h1 style=\"text-align: center;\"><strong>R\u00e9szv\u00e9teli d\u00edj:<\/strong> 36 600 Ft\/f\u0151<\/h1>\n<p><strong>Egy\u00e1gyas fel\u00e1r:<\/strong> 8 000 Ft\/f\u0151<\/p>\n<p><strong>F\u00e9lpanzi\u00f3s fel\u00e1r:<\/strong> 6 000 Ft\/f\u0151<a href=\"https:\/\/www.goforgo.hu\/index.php\/a-magas-tatra-gyongyszemei\/tatra-regi-kepeslap\/\" rel=\"attachment wp-att-3323\"><img loading=\"lazy\" decoding=\"async\" class=\"size-full wp-image-3323 alignright\" src=\"https:\/\/www.goforgo.hu\/wp-content\/uploads\/2017\/04\/T\u00e1tra-r\u00e9gi-k\u00e9peslap.jpeg\" alt=\"T\u00e1tra r\u00e9gi k\u00e9peslap\" width=\"279\" height=\"181\" \/><\/a><\/p>\n<p><strong>K\u00f6telez\u0151 \u00fatlemond\u00e1si biztos\u00edt\u00e1s:<\/strong> 550 Ft\/f\u0151<\/p>\n<p><strong>K\u00f6telez\u0151 baleset-, betegs\u00e9g-\u00e9s poggy\u00e1szbiztos\u00edt\u00e1s:<\/strong> 1 650 Ft\/f\u0151<\/p>\n<p><em>A r\u00e9szv\u00e9teli d\u00edj a bel\u00e9p\u0151ket (kb. 60 EUR\/f\u0151) nem tartalmazza.<\/em><\/p>\n","protected":false},"excerpt":{"rendered":"<p>Id\u0151pont: 2018. augusztus 3-5. (3 nap\/2 \u00e9jszaka) Elhelyez\u00e9s: Popr\u00e1d k\u00f6rny\u00e9k\u00e9n *** sz\u00e1llod\u00e1ban, 2 \u00e1gyas, f\u00fcrd\u0151szob\u00e1s szob\u00e1kban Ell\u00e1t\u00e1s: reggeli (fakultat\u00edv f\u00e9lpanzi\u00f3) Utaz\u00e1s: k\u00e9nyelmes, l\u00e9gkondicion\u00e1lt aut\u00f3busszal 1. nap: F\u00fclek &#8211; Rimaszombat &#8211; Dobsinai-j\u00e9gbarlang Folyamatos utaz\u00e1ssal \u00e9s n\u00e9h\u00e1ny r\u00f6videbb pihen\u0151vel \u00e9rkez\u00fcnk a hat\u00e1r\u00e1llom\u00e1sra. Hosszabb pihen\u0151t tartunk F\u00fcleken. Fels\u00e9t\u00e1lunk a v\u00e1rhoz, k\u00f6rbe f\u00e9nyk\u00e9pezhetj\u00fck, majd utunkat folytatva Rimaszombaton tartunk hosszabb pihen\u0151t. A v\u00e1rosi s\u00e9t\u00e1nk ut\u00e1n Eur\u00f3pa egyik legnagyobb \u00e9s legszebb j\u00e9gbarlangj\u00e1hoz utazunk, mely Dobsin\u00e1t\u00f3l nem messze fekszik. A barlang ma is \u201e\u00e9l\u0151\u201d, hiszen m\u00e9g ma is \u00e1lland\u00f3an k\u00e9pz\u0151dik benne j\u00e9g, mely n\u00e9hol 30-40 m\u00e9ter vastags\u00e1g\u00fa. (Hozzanak magukkal kab\u00e1tot, mert a barlangban a h\u0151m\u00e9rs\u00e9klet 0 Celsius fok alatt van! Sz\u00e1ll\u00e1sunk Popr\u00e1d k\u00f6rny\u00e9k\u00e9n lesz. 2. nap: Magas-T\u00e1tra &#8211; Tar-pataki-v\u00edzes\u00e9sek &#8211; \u00d3-T\u00e1traf\u00fcred &#8211; Csorba-t\u00f3 Reggeli ut\u00e1n a Magas-T\u00e1tra m\u00e1sodik legmagasabb cs\u00facs\u00e1t h\u00f3d\u00edtjuk meg, a Lomnici cs\u00facsot. A 2632 m\u00e9ter magas hegyet kabinos felvon\u00f3val k\u00f6zel\u00edtj\u00fck meg. A program id\u0151j\u00e1r\u00e1s f\u00fcgg\u0151! Visszat\u00e9rve egy kellemes gyalogt\u00far\u00e1val \u00e9rj\u00fck el a k\u00e9t Tarpatak (Kis-Tarparak \u00e9s Nagy-Tarpatak) egyes\u00fcl\u00e9se ut\u00e1n keletkezett csod\u00e1latos v\u00edzes\u00e9seket. (Megfelel\u0151, k\u00e9nyelmes cip\u0151t hozzanak magukkal!) Levezet\u00e9sk\u00e9nt \u00d3-T\u00e1traf\u00fcreden s\u00e9t\u00e1lunk, megcsod\u00e1lva a Monarchia korabeli \u00e9p\u00fcleteket. A nap befejez\u00e9sek\u00e9nt s\u00e9ta a Csorba-t\u00f3n\u00e1l. F\u00e1radalmainkat ism\u00e9t Popr\u00e1d k\u00f6rny\u00e9k\u00e9n, a sz\u00e1ll\u00e1sunkon pihenj\u00fck ki. 3. nap: Dem\u00e9nyfalvi-cseppk\u0151barlang &#8211; R\u00f3zsahegy &#8211; Selmecb\u00e1nya Reggeli ut\u00e1n a Dem\u00e9nyfalvi-cseppk\u0151barlangba l\u00e1togatunk el. Utunkat folytatva R\u00f3zsahegyre \u00e9rkez\u00fcnk. Ell\u00e1togatunk egy hangulatos hegyi gazdas\u00e1gba, ahol finom sajtokat k\u00f3stolhatunk, a szabadt\u00e9ri m\u00fazeumban egykor haszn\u00e1lt eszk\u00f6z\u00f6ket l\u00e1thatunk, de tal\u00e1lhat\u00f3 ott egy kedves kis\u00e1llat-simogat\u00f3 is. Selmecb\u00e1ny\u00e1n a szabadt\u00e9ri b\u00e1nyam\u00fazeumban ismerked\u00fcnk a b\u00e1ny\u00e1szat rejtelmeivel. \u00c9rkez\u00e9s Budapestre az esti \u00f3r\u00e1kban. R\u00e9szv\u00e9teli d\u00edj: 36 600 Ft\/f\u0151 Egy\u00e1gyas fel\u00e1r: 8 000 Ft\/f\u0151 F\u00e9lpanzi\u00f3s fel\u00e1r: 6 000 Ft\/f\u0151 K\u00f6telez\u0151 \u00fatlemond\u00e1si biztos\u00edt\u00e1s: 550 Ft\/f\u0151 K\u00f6telez\u0151 baleset-, betegs\u00e9g-\u00e9s poggy\u00e1szbiztos\u00edt\u00e1s: 1 650 Ft\/f\u0151 A r\u00e9szv\u00e9teli d\u00edj a bel\u00e9p\u0151ket (kb. 60 EUR\/f\u0151) nem tartalmazza.<\/p>\n","protected":false},"author":1,"featured_media":0,"parent":0,"menu_order":0,"comment_status":"closed","ping_status":"closed","template":"","meta":{"footnotes":""},"class_list":["post-3319","page","type-page","status-publish","hentry"],"_links":{"self":[{"href":"https:\/\/www.goforgo.hu\/index.php\/wp-json\/wp\/v2\/pages\/3319","targetHints":{"allow":["GET"]}}],"collection":[{"href":"https:\/\/www.goforgo.hu\/index.php\/wp-json\/wp\/v2\/pages"}],"about":[{"href":"https:\/\/www.goforgo.hu\/index.php\/wp-json\/wp\/v2\/types\/page"}],"author":[{"embeddable":true,"href":"https:\/\/www.goforgo.hu\/index.php\/wp-json\/wp\/v2\/users\/1"}],"replies":[{"embeddable":true,"href":"https:\/\/www.goforgo.hu\/index.php\/wp-json\/wp\/v2\/comments?post=3319"}],"version-history":[{"count":3,"href":"https:\/\/www.goforgo.hu\/index.php\/wp-json\/wp\/v2\/pages\/3319\/revisions"}],"predecessor-version":[{"id":3793,"href":"https:\/\/www.goforgo.hu\/index.php\/wp-json\/wp\/v2\/pages\/3319\/revisions\/3793"}],"wp:attachment":[{"href":"https:\/\/www.goforgo.hu\/index.php\/wp-json\/wp\/v2\/media?parent=3319"}],"curies":[{"name":"wp","href":"https:\/\/api.w.org\/{rel}","templated":true}]}}

A Magas-Tátra gyöngyszemei

<p><b>Időpont: </b>2018. augusztus 3-5. (3 nap/2 éjszaka)</p>
<p><strong>Elhelyezés:</strong> Poprád környékén *** szállodában, 2 ágyas, fürdőszobás szobákban</p>
<p><strong>Ellátás:</strong> reggeli (fakultatív félpanzió)</p>
<p><strong>Utazás:</strong> kényelmes, légkondicionált autóbusszal</p>
<p><a href="https://www.goforgo.hu/index.php/a-magas-tatra-gyongyszemei/panorama_magas-tatra/" rel="attachment wp-att-3320"><img loading="lazy" decoding="async" class="alignnone size-full wp-image-3320" src="https://www.goforgo.hu/wp-content/uploads/2017/04/panorama_magas-tatra.jpg" alt="panorama_magas-tatra" width="960" height="180" /></a></p>
<p><strong>1. nap: </strong><strong>Fülek &#8211; Rimaszombat &#8211; Dobsinai-jégbarlang</strong></p>
<p>Folyamatos utazással és néhány rövidebb pihenővel érkezünk a határállomásra. Hosszabb pihenőt tartunk Füleken. Felsétálunk a várhoz, körbe fényképezhetjük, majd utunkat folytatva Rimaszombaton tartunk hosszabb pihenőt. A városi sétánk után Európa egyik legnagyobb és legszebb jégbarlangjához utazunk, mely Dobsinától nem messze fekszik. A barlang ma is „élő”, hiszen még ma is állandóan képződik benne jég, mely néhol 30-40 méter vastagságú. (Hozzanak magukkal kabátot, mert a barlangban a hőmérséklet 0 Celsius fok alatt van! Szállásunk Poprád környékén lesz.</p>
<p><a href="https://www.goforgo.hu/index.php/a-magas-tatra-gyongyszemei/dobsina/" rel="attachment wp-att-3321"><img loading="lazy" decoding="async" class=" wp-image-3321 aligncenter" src="https://www.goforgo.hu/wp-content/uploads/2017/04/dobsina.jpg" alt="dobsina" width="740" height="493" /></a></p>
<p><strong>2. nap: Magas-Tátra &#8211; Tar-pataki-vízesések &#8211; Ó-Tátrafüred &#8211; Csorba-tó</strong></p>
<p>Reggeli után a Magas-Tátra második legmagasabb csúcsát hódítjuk meg, a Lomnici csúcsot. A 2632 méter magas hegyet kabinos felvonóval közelítjük meg. A program időjárás függő! Visszatérve egy kellemes gyalogtúrával érjük el a két Tarpatak (Kis-Tarparak és Nagy-Tarpatak) egyesülése után keletkezett csodálatos vízeséseket. (Megfelelő, kényelmes cipőt hozzanak magukkal!) Levezetésként Ó-Tátrafüreden sétálunk, megcsodálva a Monarchia korabeli épületeket. A nap befejezéseként séta a Csorba-tónál. Fáradalmainkat ismét Poprád környékén, a szállásunkon pihenjük ki.</p>
<p style="text-align: center;"><a href="https://www.goforgo.hu/index.php/a-magas-tatra-gyongyszemei/grand-hotel-stary-smokovec-2/" rel="attachment wp-att-3322"><img loading="lazy" decoding="async" class="alignnone size-full wp-image-3322" src="https://www.goforgo.hu/wp-content/uploads/2017/04/grand-hotel-stary-smokovec-2.jpg" alt="grand-hotel-stary-smokovec-2" width="800" height="531" /></a></p>
<p><strong>3. nap: Deményfalvi-cseppkőbarlang &#8211; Rózsahegy &#8211; Selmecbánya</strong></p>
<p>Reggeli után a Deményfalvi-cseppkőbarlangba látogatunk el. Utunkat folytatva Rózsahegyre érkezünk. Ellátogatunk egy hangulatos hegyi gazdaságba, ahol finom sajtokat kóstolhatunk, a szabadtéri múzeumban egykor használt eszközöket láthatunk, de található ott egy kedves kisállat-simogató is. Selmecbányán a szabadtéri bányamúzeumban ismerkedünk a bányászat rejtelmeivel. Érkezés Budapestre az esti órákban.</p>
<p><a href="https://www.goforgo.hu/index.php/a-magas-tatra-gyongyszemei/tarpatak/" rel="attachment wp-att-3324"><img loading="lazy" decoding="async" class="alignnone size-large wp-image-3324" src="https://www.goforgo.hu/wp-content/uploads/2017/04/tarpatak-1024x768.jpg" alt="tarpatak" width="1024" height="768" /></a></p>
<h1 style="text-align: center;"><strong>Részvételi díj:</strong> 36 600 Ft/fő</h1>
<p><strong>Egyágyas felár:</strong> 8 000 Ft/fő</p>
<p><strong>Félpanziós felár:</strong> 6 000 Ft/fő<a href="https://www.goforgo.hu/index.php/a-magas-tatra-gyongyszemei/tatra-regi-kepeslap/" rel="attachment wp-att-3323"><img loading="lazy" decoding="async" class="size-full wp-image-3323 alignright" src="https://www.goforgo.hu/wp-content/uploads/2017/04/Tátra-régi-képeslap.jpeg" alt="Tátra régi képeslap" width="279" height="181" /></a></p>
<p><strong>Kötelező útlemondási biztosítás:</strong> 550 Ft/fő</p>
<p><strong>Kötelező baleset-, betegség-és poggyászbiztosítás:</strong> 1 650 Ft/fő</p>
<p><em>A részvételi díj a belépőket (kb. 60 EUR/fő) nem tartalmazza.</em></p>

<p>Időpont: 2018. augusztus 3-5. (3 nap/2 éjszaka) Elhelyezés: Poprád környékén *** szállodában, 2 ágyas, fürdőszobás szobákban Ellátás: reggeli (fakultatív félpanzió) Utazás: kényelmes, légkondicionált autóbusszal 1. nap: Fülek &#8211; Rimaszombat &#8211; Dobsinai-jégbarlang Folyamatos utazással és néhány rövidebb pihenővel érkezünk a határállomásra. Hosszabb pihenőt tartunk Füleken. Felsétálunk a várhoz, körbe fényképezhetjük, majd utunkat folytatva Rimaszombaton tartunk hosszabb pihenőt. A városi sétánk után Európa egyik legnagyobb és legszebb jégbarlangjához utazunk, mely Dobsinától nem messze fekszik. A barlang ma is „élő”, hiszen még ma is állandóan képződik benne jég, mely néhol 30-40 méter vastagságú. (Hozzanak magukkal kabátot, mert a barlangban a hőmérséklet 0 Celsius fok alatt van! Szállásunk Poprád környékén lesz. 2. nap: Magas-Tátra &#8211; Tar-pataki-vízesések &#8211; Ó-Tátrafüred &#8211; Csorba-tó Reggeli után a Magas-Tátra második legmagasabb csúcsát hódítjuk meg, a Lomnici csúcsot. A 2632 méter magas hegyet kabinos felvonóval közelítjük meg. A program időjárás függő! Visszatérve egy kellemes gyalogtúrával érjük el a két Tarpatak (Kis-Tarparak és Nagy-Tarpatak) egyesülése után keletkezett csodálatos vízeséseket. (Megfelelő, kényelmes cipőt hozzanak magukkal!) Levezetésként Ó-Tátrafüreden sétálunk, megcsodálva a Monarchia korabeli épületeket. A nap befejezéseként séta a Csorba-tónál. Fáradalmainkat ismét Poprád környékén, a szállásunkon pihenjük ki. 3. nap: Deményfalvi-cseppkőbarlang &#8211; Rózsahegy &#8211; Selmecbánya Reggeli után a Deményfalvi-cseppkőbarlangba látogatunk el. Utunkat folytatva Rózsahegyre érkezünk. Ellátogatunk egy hangulatos hegyi gazdaságba, ahol finom sajtokat kóstolhatunk, a szabadtéri múzeumban egykor használt eszközöket láthatunk, de található ott egy kedves kisállat-simogató is. Selmecbányán a szabadtéri bányamúzeumban ismerkedünk a bányászat rejtelmeivel. Érkezés Budapestre az esti órákban. Részvételi díj: 36 600 Ft/fő Egyágyas felár: 8 000 Ft/fő Félpanziós felár: 6 000 Ft/fő Kötelező útlemondási biztosítás: 550 Ft/fő Kötelező baleset-, betegség-és poggyászbiztosítás: 1 650 Ft/fő A részvételi díj a belépőket (kb. 60 EUR/fő) nem tartalmazza.</p>
