{"id":3337,"date":"2017-04-05T19:53:15","date_gmt":"2017-04-05T19:53:15","guid":{"rendered":"http:\/\/www.goforgo.hu\/?page_id=3337"},"modified":"2018-09-29T12:33:00","modified_gmt":"2018-09-29T12:33:00","slug":"cifra-kalotaszeg","status":"publish","type":"page","link":"https:\/\/www.goforgo.hu\/index.php\/cifra-kalotaszeg\/","title":{"rendered":"Cifra Kalotaszeg"},"content":{"rendered":"<h2 align=\"center\"><b>Ezen az utaz\u00e1sunkon Erd\u00e9ly egy olyan r\u00e9sz\u00e9t mutatjuk be Kedves Vend\u00e9geinknek, melyen eddig t\u00f6bbnyire csak \u00e1tutaztunk.<\/b><\/h2>\n<p><a href=\"https:\/\/www.goforgo.hu\/index.php\/cifra-kalotaszeg\/punkosd-korosfon\/\" rel=\"attachment wp-att-3342\"><img loading=\"lazy\" decoding=\"async\" class=\"size-large wp-image-3342\" src=\"https:\/\/www.goforgo.hu\/wp-content\/uploads\/2017\/04\/kaalotaszeg-1024x682.jpg\" alt=\"K\u00f6r\u00f6sf\u00f5, 2015. m\u00e1jus 24. Kalotaszegi n\u00e9pviseletbe \u00f6lt\u00f6z\u00f6tt fiatal n\u00f5k a p\u00fcnk\u00f6sdvas\u00e1rnapi istentiszteleten az erd\u00e9lyi K\u00f6r\u00f6sf\u00f5 reform\u00e1tus templom\u00e1ban 2015. m\u00e1jus 24-\u00e9n. MTI Fot\u00f3: Czegl\u00e9di Zsolt\" width=\"1024\" height=\"682\" srcset=\"https:\/\/www.goforgo.hu\/wp-content\/uploads\/2017\/04\/kaalotaszeg-1024x682.jpg 1024w, https:\/\/www.goforgo.hu\/wp-content\/uploads\/2017\/04\/kaalotaszeg-300x200.jpg 300w, https:\/\/www.goforgo.hu\/wp-content\/uploads\/2017\/04\/kaalotaszeg-768x512.jpg 768w\" sizes=\"auto, (max-width: 1024px) 100vw, 1024px\" \/><\/a><\/p>\n<p>&nbsp;<\/p>\n<h2 class=\"western\" style=\"text-align: justify;\" align=\"left\"><span style=\"color: #ff0000;\"><b>Id\u0151pont<\/b>:\u00a0 <\/span><strong><span style=\"color: #ff0000;\">2018.10.12-14.\u00a0 \u00a0 \u00a0 \u00a0 \u00a0 \u00a0 \u00a0<\/span> \u00a0 \u00a0 \u00a0 \u00a0 \u00a0 \u00a0 \u00a0 \u00a0 \u00a0 <\/strong><b>Poz\u00edci\u00f3sz\u00e1m: <\/b>18\/ECK\/09<\/h2>\n<p><b>Utaz\u00e1s:<\/b> az utasl\u00e9tsz\u00e1mnak megfelel\u0151 aut\u00f3busszal<\/p>\n<p><b>\u00datvonal:<\/b><b> <\/b>Budapest \u2013 Szolnok \u2013 P\u00fcsp\u00f6klad\u00e1ny \u2013 \u00c1rt\u00e1nd \u2013 Nagyv\u00e1rad \u2013 Kalotaszeg &#8211; Kolozsv\u00e1r \u2013 Torda \u2013 Torock\u00f3 \u2013 Gyalu \u2013 B\u00e9lesi-t\u00f3 \u2013 Nagyv\u00e1rad \u2013 Budapest (kb. 1000 km)<\/p>\n<p><b>Elhelyez\u00e9s:<\/b> mag\u00e1nh\u00e1zakn\u00e1l, faluturizmusban<\/p>\n<p><b>Ell\u00e1t\u00e1s:<\/b> f\u00e9lpanzi\u00f3<\/p>\n<p style=\"text-align: center;\"><span style=\"font-size: large;\"><b>PROGRAM <\/b><\/span><\/p>\n<p><b>1. nap: Indul\u00e1s: 6:30-kor N\u00e9pliget, Planet\u00e1rium el\u0151l<\/b><br \/>\n<b>\u00a0\u00a0\u00a0\u00a0\u00a0\u00a0\u00a0\u00a0\u00a0\u00a0\u00a0\u00a0\u00a0\u00a0\u00a0\u00a0\u00a0\u00a0\u00a0\u00a0\u00a0\u00a0\u00a0\u00a0\u00a0\u00a0\u00a0\u00a0\u00a0 7:00-kor Pestszentl\u0151rinc, \u00dcll\u0151i \u00fat 379-381., LIDL parkol\u00f3 <\/b><\/p>\n<p style=\"text-align: justify;\">N\u00e9h\u00e1ny r\u00f6videbb magyarorsz\u00e1gi pihen\u0151 ut\u00e1n, mintegy n\u00e9gy \u00f3r\u00e1s utaz\u00e1st k\u00f6vet\u0151en \u00e9rkez\u00fcnk az \u00e1rt\u00e1ndi hat\u00e1r\u00e1llom\u00e1sra. A hat\u00e1r\u00e1tl\u00e9p\u00e9s ut\u00e1n els\u0151 meg\u00e1ll\u00f3nk a k\u00f6zeli <b>Nagyv\u00e1rad <\/b>lesz, ahol r\u00f6vid v\u00e1rosn\u00e9z\u00e9sre ker\u00fcl sor <b>(Kanonok sor, P\u00fcsp\u00f6ki Sz\u00e9kesegyh\u00e1z, Szent L\u00e1szl\u00f3 kir\u00e1ly szobra)<\/b>. K\u00f6vetkez\u0151 \u00e1llom\u00e1sunk <b>Csucsa, <\/b>Ady Endre egykori lakhelye, a <b>Boncza-kast\u00e9ly<\/b>. A Kir\u00e1ly-h\u00e1g\u00f3n \u00e1tkelve meg\u00e9rkez\u00fcnk a kalotaszegi-medenc\u00e9be.<\/p>\n<p align=\"justify\"><a href=\"https:\/\/www.goforgo.hu\/index.php\/cifra-kalotaszeg\/csucsa\/\" rel=\"attachment wp-att-3338\"><img loading=\"lazy\" decoding=\"async\" class=\"alignnone size-large wp-image-3338\" src=\"https:\/\/www.goforgo.hu\/wp-content\/uploads\/2017\/04\/Csucsa-1024x682.jpg\" alt=\"Csucsa\" width=\"1024\" height=\"682\" \/><\/a><\/p>\n<p align=\"justify\"><b>B\u00e1nffyhunyad<\/b> k\u00f6vetkezik, h\u00edres reform\u00e1tus templom\u00e1val. Innen Alszeg fel\u00e9 vessz\u00fck az ir\u00e1nyt \u00e9s megtekintj\u00fck a mennyezetkazett\u00e1ir\u00f3l h\u00edres <b>magyarzsombori<\/b> reform\u00e1tus templomot. <b>K\u00f6r\u00f6sf\u0151n<\/b> megismerked\u00fcnk a kalotaszegi n\u00e9pm\u0171v\u00e9szet jeles k\u00e9pvisel\u0151ivel, megtekint\u00fcnk egy \u201ctisztaszob\u00e1t\u201d \u00e9s v\u00e1s\u00e1rolhatunk a h\u00edres k\u00e9zimunk\u00e1kb\u00f3l. Visszat\u00e9rve Felszegre, a <b>magyargyer\u0151monostori<\/b> templom k\u00f6vetkezik. Este vacsora \u00e9s sz\u00e1ll\u00e1s <b>Magyarl\u00f3n\u00e1n <\/b>mag\u00e1nh\u00e1zakn\u00e1l.<\/p>\n<p align=\"justify\"><img loading=\"lazy\" decoding=\"async\" class=\" wp-image-3339 aligncenter\" src=\"https:\/\/www.goforgo.hu\/wp-content\/uploads\/2017\/04\/reformatus-templom-Magyarzsombor-1-l.jpg\" alt=\"reformatus-templom-Magyarzsombor-1-l\" width=\"751\" height=\"563\" \/><\/p>\n<p align=\"justify\"><b>2. nap: <\/b>Reggeli ut\u00e1n <b>Tordaszentl\u00e1szl\u00f3<\/b> templom\u00e1t, majd a <b>magyarl\u00e9tai <\/b><b>G\u00e9czi-v\u00e1r <\/b> romjait l\u00e1togatjuk meg. Ezut\u00e1n a n\u00e9pm\u0171v\u00e9szet\u00e9r\u0151l \u00e9s reform\u00e1tus templom\u00e1r\u00f3l h\u00edres <b>Magyarvist\u00e1ra<\/b> megy\u00fcnk. <b>Kolozsv\u00e1ri<\/b> s\u00e9ta \u00e9s v\u00e1rosn\u00e9z\u00e9s k\u00f6vetkezik <b>(Szt. Mih\u00e1ly Pl\u00e9b\u00e1niatemplom, M\u00e1ty\u00e1s kir\u00e1ly lovas szobra \u00e9s sz\u00fcl\u0151h\u00e1za, Farkas utcai reform\u00e1tus templom, H\u00e1zsongr\u00e1di temet\u0151).<\/b> Este vacsora \u00e9s sz\u00e1ll\u00e1s Magyarl\u00f3n\u00e1n, mag\u00e1nh\u00e1zakn\u00e1l.<\/p>\n<p align=\"justify\"><a href=\"https:\/\/www.goforgo.hu\/index.php\/cifra-kalotaszeg\/leta\/\" rel=\"attachment wp-att-3340\"><img loading=\"lazy\" decoding=\"async\" class=\"alignnone size-large wp-image-3340\" src=\"https:\/\/www.goforgo.hu\/wp-content\/uploads\/2017\/04\/l\u00e9ta-1024x634.jpg\" alt=\"l\u00e9ta\" width=\"1024\" height=\"634\" \/><\/a><\/p>\n<p align=\"justify\"><b>3. nap: <\/b>Reggeli ut\u00e1n megl\u00e1togatjuk a <b>torock\u00f3i <\/b>n\u00e9pm\u0171v\u00e9szeti h\u00e1zat, elhaladva a <b>Sz\u00e9kelyk\u0151 1130 m<\/b> magasra tornyosul\u00f3 sziklab\u00e9rce mellett, el\u00e9rj\u00fck a fest\u0151i <b>Tordai-hasad\u00e9kot.<\/b><\/p>\n<p align=\"justify\"><a href=\"https:\/\/www.goforgo.hu\/index.php\/cifra-kalotaszeg\/szekelyko\/\" rel=\"attachment wp-att-3341\"><img loading=\"lazy\" decoding=\"async\" class=\" wp-image-3341 aligncenter\" src=\"https:\/\/www.goforgo.hu\/wp-content\/uploads\/2017\/04\/sz\u00e9kelyk\u0151.jpg\" alt=\"sz\u00e9kelyk\u0151\" width=\"839\" height=\"629\" \/><\/a><\/p>\n<p align=\"justify\">Ezut\u00e1n egy kev\u00e9sb\u00e9 ismert, de sz\u00e9p \u00fatvonalon indulunk hazafel\u00e9 a <b>B\u00e9lesi-t\u00f3<\/b> \u00e9rint\u00e9s\u00e9vel. A t\u00f3parton (a hetvenes \u00e9vekben l\u00e9tes\u00edtett mesters\u00e9ges v\u00edzt\u00e1roz\u00f3) \u00e1ll J\u00f3sikafalu, mely nem a r\u00e9gi hely\u00e9n tal\u00e1lhat\u00f3. Ugyanis \u00e1tk\u00f6lt\u00f6ztett\u00e9k 3 km-re t\u00e1volabb \u00e9s a r\u00e9gi telep\u00fcl\u00e9st utol\u00e9rte a h\u00edres-h\u00edrhedt falurombol\u00e1s. A balsors\u00fa falu templomj\u00e1nak romjai alacsony, ny\u00e1ri v\u00edz\u00e1ll\u00e1sn\u00e1l m\u00e9g ma is el\u0151bukkannak a v\u00edz al\u00f3l. A k\u00e9s\u0151 d\u00e9lut\u00e1ni hat\u00e1r\u00e1tl\u00e9p\u00e9s ut\u00e1n, v\u00e1rhat\u00f3an \u00e9jf\u00e9l k\u00f6r\u00fcl \u00e9rkez\u00fcnk Budapestre.<\/p>\n<h1 align=\"center\"><b>R\u00e9szv\u00e9teli d\u00edj: 29 900 Ft\/f\u0151<\/b><\/h1>\n<p class=\"western\" align=\"center\"><span style=\"font-size: small;\"><i><b>Egy\u00e1gyas fel\u00e1r:<\/b> 9000 Ft\u00a0\u00a0\u00a0\u00a0\u00a0\u00a0\u00a0\u00a0\u00a0\u00a0\u00a0\u00a0\u00a0\u00a0\u00a0 <strong>K\u00f6telez\u0151\u00a0 baleset-, betegs\u00e9g-, poggy\u00e1szbiztos\u00edt\u00e1s:<\/strong> 1650 Ft\/f\u0151 <\/i><\/span><\/p>\n<p align=\"justify\"><b><i><u>A r\u00e9szv\u00e9teli d\u00edj tartalmazza<\/u><\/i><\/b>: a sz\u00e1ll\u00e1sk\u00f6lts\u00e9get a megadott ell\u00e1t\u00e1ssal (2 x reggeli, 2 x vacsora), az aut\u00f3buszos utaz\u00e1s k\u00f6lts\u00e9geit \u00e9s az idegenvezet\u00e9st.<\/p>\n<p align=\"justify\"><b><i><u>A r\u00e9szv\u00e9teli d\u00edj nem tartalmazza<\/u><\/i><\/b>: a bel\u00e9p\u0151jegyeket, melyek a helysz\u00ednen fizetend\u0151k, a BBP- biztos\u00edt\u00e1st, mely irod\u00e1inkban megk\u00f6thet\u0151k.(70 \u00e9v felett 100 % fel\u00e1rat kell fizetni)<\/p>\n<p align=\"justify\"><b><i><u>Kedvezm\u00e9nyek<\/u><\/i>: A GOforGO Travel t\u00f6rzsutasainak, di\u00e1koknak 18 \u00e9ves korig, 65 \u00e9v feletti nyugd\u00edjasoknak 5 %. Kedvezm\u00e9nyeket \u00f6sszevonni nem lehet!<\/b><\/p>\n<p align=\"center\"><b>\u00c9LM\u00c9NYEKBEN GAZDAG UTAZ\u00c1ST, KELLEMES KIKAPCSOL\u00d3D\u00c1ST K\u00cdV\u00c1NUNK!<\/b><\/p>\n","protected":false},"excerpt":{"rendered":"<p>Ezen az utaz\u00e1sunkon Erd\u00e9ly egy olyan r\u00e9sz\u00e9t mutatjuk be Kedves Vend\u00e9geinknek, melyen eddig t\u00f6bbnyire csak \u00e1tutaztunk. &nbsp; Id\u0151pont:\u00a0 2018.10.12-14.\u00a0 \u00a0 \u00a0 \u00a0 \u00a0 \u00a0 \u00a0 \u00a0 \u00a0 \u00a0 \u00a0 \u00a0 \u00a0 \u00a0 \u00a0 \u00a0 Poz\u00edci\u00f3sz\u00e1m: 18\/ECK\/09 Utaz\u00e1s: az utasl\u00e9tsz\u00e1mnak megfelel\u0151 aut\u00f3busszal \u00datvonal: Budapest \u2013 Szolnok \u2013 P\u00fcsp\u00f6klad\u00e1ny \u2013 \u00c1rt\u00e1nd \u2013 Nagyv\u00e1rad \u2013 Kalotaszeg &#8211; Kolozsv\u00e1r \u2013 Torda \u2013 Torock\u00f3 \u2013 Gyalu \u2013 B\u00e9lesi-t\u00f3 \u2013 Nagyv\u00e1rad \u2013 Budapest (kb. 1000 km) Elhelyez\u00e9s: mag\u00e1nh\u00e1zakn\u00e1l, faluturizmusban Ell\u00e1t\u00e1s: f\u00e9lpanzi\u00f3 PROGRAM 1. nap: Indul\u00e1s: 6:30-kor N\u00e9pliget, Planet\u00e1rium el\u0151l \u00a0\u00a0\u00a0\u00a0\u00a0\u00a0\u00a0\u00a0\u00a0\u00a0\u00a0\u00a0\u00a0\u00a0\u00a0\u00a0\u00a0\u00a0\u00a0\u00a0\u00a0\u00a0\u00a0\u00a0\u00a0\u00a0\u00a0\u00a0\u00a0 7:00-kor Pestszentl\u0151rinc, \u00dcll\u0151i \u00fat 379-381., LIDL parkol\u00f3 N\u00e9h\u00e1ny r\u00f6videbb magyarorsz\u00e1gi pihen\u0151 ut\u00e1n, mintegy n\u00e9gy \u00f3r\u00e1s utaz\u00e1st k\u00f6vet\u0151en \u00e9rkez\u00fcnk az \u00e1rt\u00e1ndi hat\u00e1r\u00e1llom\u00e1sra. A hat\u00e1r\u00e1tl\u00e9p\u00e9s ut\u00e1n els\u0151 meg\u00e1ll\u00f3nk a k\u00f6zeli Nagyv\u00e1rad lesz, ahol r\u00f6vid v\u00e1rosn\u00e9z\u00e9sre ker\u00fcl sor (Kanonok sor, P\u00fcsp\u00f6ki Sz\u00e9kesegyh\u00e1z, Szent L\u00e1szl\u00f3 kir\u00e1ly szobra). K\u00f6vetkez\u0151 \u00e1llom\u00e1sunk Csucsa, Ady Endre egykori lakhelye, a Boncza-kast\u00e9ly. A Kir\u00e1ly-h\u00e1g\u00f3n \u00e1tkelve meg\u00e9rkez\u00fcnk a kalotaszegi-medenc\u00e9be. B\u00e1nffyhunyad k\u00f6vetkezik, h\u00edres reform\u00e1tus templom\u00e1val. Innen Alszeg fel\u00e9 vessz\u00fck az ir\u00e1nyt \u00e9s megtekintj\u00fck a mennyezetkazett\u00e1ir\u00f3l h\u00edres magyarzsombori reform\u00e1tus templomot. K\u00f6r\u00f6sf\u0151n megismerked\u00fcnk a kalotaszegi n\u00e9pm\u0171v\u00e9szet jeles k\u00e9pvisel\u0151ivel, megtekint\u00fcnk egy \u201ctisztaszob\u00e1t\u201d \u00e9s v\u00e1s\u00e1rolhatunk a h\u00edres k\u00e9zimunk\u00e1kb\u00f3l. Visszat\u00e9rve Felszegre, a magyargyer\u0151monostori templom k\u00f6vetkezik. Este vacsora \u00e9s sz\u00e1ll\u00e1s Magyarl\u00f3n\u00e1n mag\u00e1nh\u00e1zakn\u00e1l. 2. nap: Reggeli ut\u00e1n Tordaszentl\u00e1szl\u00f3 templom\u00e1t, majd a magyarl\u00e9tai G\u00e9czi-v\u00e1r romjait l\u00e1togatjuk meg. Ezut\u00e1n a n\u00e9pm\u0171v\u00e9szet\u00e9r\u0151l \u00e9s reform\u00e1tus templom\u00e1r\u00f3l h\u00edres Magyarvist\u00e1ra megy\u00fcnk. Kolozsv\u00e1ri s\u00e9ta \u00e9s v\u00e1rosn\u00e9z\u00e9s k\u00f6vetkezik (Szt. Mih\u00e1ly Pl\u00e9b\u00e1niatemplom, M\u00e1ty\u00e1s kir\u00e1ly lovas szobra \u00e9s sz\u00fcl\u0151h\u00e1za, Farkas utcai reform\u00e1tus templom, H\u00e1zsongr\u00e1di temet\u0151). Este vacsora \u00e9s sz\u00e1ll\u00e1s Magyarl\u00f3n\u00e1n, mag\u00e1nh\u00e1zakn\u00e1l. 3. nap: Reggeli ut\u00e1n megl\u00e1togatjuk a torock\u00f3i n\u00e9pm\u0171v\u00e9szeti h\u00e1zat, elhaladva a Sz\u00e9kelyk\u0151 1130 m magasra tornyosul\u00f3 sziklab\u00e9rce mellett, el\u00e9rj\u00fck a fest\u0151i Tordai-hasad\u00e9kot. Ezut\u00e1n egy kev\u00e9sb\u00e9 ismert, de sz\u00e9p \u00fatvonalon indulunk hazafel\u00e9 a B\u00e9lesi-t\u00f3 \u00e9rint\u00e9s\u00e9vel. A t\u00f3parton (a hetvenes \u00e9vekben l\u00e9tes\u00edtett mesters\u00e9ges v\u00edzt\u00e1roz\u00f3) \u00e1ll J\u00f3sikafalu, mely nem a r\u00e9gi hely\u00e9n tal\u00e1lhat\u00f3. Ugyanis \u00e1tk\u00f6lt\u00f6ztett\u00e9k 3 km-re t\u00e1volabb \u00e9s a r\u00e9gi telep\u00fcl\u00e9st utol\u00e9rte a h\u00edres-h\u00edrhedt falurombol\u00e1s. A balsors\u00fa falu templomj\u00e1nak romjai alacsony, ny\u00e1ri v\u00edz\u00e1ll\u00e1sn\u00e1l m\u00e9g ma is el\u0151bukkannak a v\u00edz al\u00f3l. A k\u00e9s\u0151 d\u00e9lut\u00e1ni hat\u00e1r\u00e1tl\u00e9p\u00e9s ut\u00e1n, v\u00e1rhat\u00f3an \u00e9jf\u00e9l k\u00f6r\u00fcl \u00e9rkez\u00fcnk Budapestre. R\u00e9szv\u00e9teli d\u00edj: 29 900 Ft\/f\u0151 Egy\u00e1gyas fel\u00e1r: 9000 Ft\u00a0\u00a0\u00a0\u00a0\u00a0\u00a0\u00a0\u00a0\u00a0\u00a0\u00a0\u00a0\u00a0\u00a0\u00a0 K\u00f6telez\u0151\u00a0 baleset-, betegs\u00e9g-, poggy\u00e1szbiztos\u00edt\u00e1s: 1650 Ft\/f\u0151 A r\u00e9szv\u00e9teli d\u00edj tartalmazza: a sz\u00e1ll\u00e1sk\u00f6lts\u00e9get a megadott ell\u00e1t\u00e1ssal (2 x reggeli, 2 x vacsora), az aut\u00f3buszos utaz\u00e1s k\u00f6lts\u00e9geit \u00e9s az idegenvezet\u00e9st. A r\u00e9szv\u00e9teli d\u00edj nem tartalmazza: a bel\u00e9p\u0151jegyeket, melyek a helysz\u00ednen fizetend\u0151k, a BBP- biztos\u00edt\u00e1st, mely irod\u00e1inkban megk\u00f6thet\u0151k.(70 \u00e9v felett 100 % fel\u00e1rat kell fizetni) Kedvezm\u00e9nyek: A GOforGO Travel t\u00f6rzsutasainak, di\u00e1koknak 18 \u00e9ves korig, 65 \u00e9v feletti nyugd\u00edjasoknak 5 %. Kedvezm\u00e9nyeket \u00f6sszevonni nem lehet! \u00c9LM\u00c9NYEKBEN GAZDAG UTAZ\u00c1ST, KELLEMES KIKAPCSOL\u00d3D\u00c1ST K\u00cdV\u00c1NUNK!<\/p>\n","protected":false},"author":1,"featured_media":0,"parent":0,"menu_order":0,"comment_status":"closed","ping_status":"closed","template":"","meta":{"footnotes":""},"class_list":["post-3337","page","type-page","status-publish","hentry"],"_links":{"self":[{"href":"https:\/\/www.goforgo.hu\/index.php\/wp-json\/wp\/v2\/pages\/3337","targetHints":{"allow":["GET"]}}],"collection":[{"href":"https:\/\/www.goforgo.hu\/index.php\/wp-json\/wp\/v2\/pages"}],"about":[{"href":"https:\/\/www.goforgo.hu\/index.php\/wp-json\/wp\/v2\/types\/page"}],"author":[{"embeddable":true,"href":"https:\/\/www.goforgo.hu\/index.php\/wp-json\/wp\/v2\/users\/1"}],"replies":[{"embeddable":true,"href":"https:\/\/www.goforgo.hu\/index.php\/wp-json\/wp\/v2\/comments?post=3337"}],"version-history":[{"count":13,"href":"https:\/\/www.goforgo.hu\/index.php\/wp-json\/wp\/v2\/pages\/3337\/revisions"}],"predecessor-version":[{"id":4417,"href":"https:\/\/www.goforgo.hu\/index.php\/wp-json\/wp\/v2\/pages\/3337\/revisions\/4417"}],"wp:attachment":[{"href":"https:\/\/www.goforgo.hu\/index.php\/wp-json\/wp\/v2\/media?parent=3337"}],"curies":[{"name":"wp","href":"https:\/\/api.w.org\/{rel}","templated":true}]}}