{"id":339,"date":"2015-11-23T07:23:35","date_gmt":"2015-11-23T07:23:35","guid":{"rendered":"http:\/\/www.goforgo.hu\/?page_id=339"},"modified":"2016-12-02T07:43:03","modified_gmt":"2016-12-02T07:43:03","slug":"velencei-karneval-non-stop","status":"publish","type":"page","link":"https:\/\/www.goforgo.hu\/index.php\/velencei-karneval-non-stop\/","title":{"rendered":"Velencei Karnev\u00e1l NON STOP"},"content":{"rendered":"<p class=\"western\"><img loading=\"lazy\" decoding=\"async\" class=\"size-large wp-image-2135 aligncenter\" src=\"https:\/\/www.goforgo.hu\/wp-content\/uploads\/2015\/11\/venice-santa-maria-della-salute-1920x1080-1024x576.jpg\" alt=\"venice-santa-maria-della-salute-1920x1080\" width=\"1024\" height=\"576\" \/><\/p>\n<p class=\"western\"><span style=\"font-family: Times New Roman,serif;\"><span style=\"font-size: medium;\"><b>Id\u0151pont<\/b>: <b>2017.02.17-19.\u00a0\u00a0\u00a0\u00a0\u00a0\u00a0\u00a0\u00a0\u00a0\u00a0\u00a0\u00a0\u00a0\u00a0\u00a0\u00a0\u00a0\u00a0\u00a0\u00a0\u00a0\u00a0\u00a0\u00a0\u00a0\u00a0\u00a0\u00a0\u00a0\u00a0\u00a0\u00a0\u00a0\u00a0\u00a0\u00a0\u00a0\u00a0\u00a0\u00a0 \u00a0 \u00a0 \u00a0 \u00a0\u00a0\u00a0\u00a0\u00a0 <\/b> Poz\u00edci\u00f3sz\u00e1m: 17\/IVK\/01<\/span><\/span><\/p>\n<p class=\"western\"><span style=\"font-family: Times New Roman,serif;\"><span style=\"font-size: medium;\"><b>Id\u0151pont<\/b>: <b>2017.02.24-26.\u00a0\u00a0\u00a0\u00a0\u00a0\u00a0\u00a0\u00a0\u00a0\u00a0\u00a0\u00a0\u00a0\u00a0\u00a0\u00a0\u00a0\u00a0\u00a0\u00a0\u00a0\u00a0\u00a0\u00a0\u00a0\u00a0\u00a0\u00a0\u00a0\u00a0\u00a0\u00a0\u00a0\u00a0\u00a0\u00a0\u00a0\u00a0\u00a0\u00a0 \u00a0 \u00a0 \u00a0 \u00a0\u00a0\u00a0\u00a0\u00a0 <\/b> Poz\u00edci\u00f3sz\u00e1m: 17\/IVK\/03<\/span><\/span><\/p>\n<p class=\"western\"><span style=\"font-family: Times New Roman,serif;\"><span style=\"font-size: medium;\"><b>Utaz\u00e1s:<\/b> az utasl\u00e9tsz\u00e1mnak megfelel\u0151 aut\u00f3busszal <\/span><\/span><\/p>\n<p class=\"western\"><span style=\"font-family: Times New Roman,serif;\"><span style=\"font-size: medium;\"><b>\u00datvonal:<\/b> Budapest \u2013 Nagykanizsa \u2013 Maribor \u2013 Ljubljana \u2013 Treviso &#8211; Velence \u2013 Budapest (kb. 1500 km) <\/span><\/span><\/p>\n<p><span style=\"font-family: Times New Roman,serif;\"><span style=\"font-size: medium;\"><b>Ell\u00e1t\u00e1s:<\/b> \u00f6nell\u00e1t\u00f3\u00a0\u00a0\u00a0\u00a0\u00a0\u00a0\u00a0\u00a0\u00a0\u00a0\u00a0\u00a0 <b>Id\u0151tartam:<\/b>NON STOP\u00a0\u00a0\u00a0\u00a0\u00a0\u00a0\u00a0\u00a0\u00a0\u00a0\u00a0\u00a0\u00a0\u00a0\u00a0 <b>Idegenvezet\u00e9s: <\/b>nincs, csoportk\u00eds\u00e9r\u0151t biztos\u00edtunk<\/span><\/span><\/p>\n<p class=\"western\"><span style=\"font-family: Times New Roman,serif;\"><span style=\"font-size: medium;\"><b>Indul\u00e1s:<\/b><b> <\/b><\/span><\/span><\/p>\n<p class=\"western\"><span style=\"font-family: Times New Roman,serif;\"><span style=\"font-size: medium;\"><b>20:30<\/b>&#8211; kor <span style=\"font-size: medium;\">N\u00e9pliget, M3 metr\u00f3meg\u00e1ll\u00f3n\u00e1l, Planet\u00e1rium el\u0151l.<\/span><br \/>\n<\/span><\/span><\/p>\n<h2 class=\"western\" lang=\"hu-HU\" style=\"text-align: center;\"><span style=\"font-size: large;\">Program<\/span><\/h2>\n<p align=\"justify\"><b>1. nap:<\/b> Utaz\u00e1s r\u00f6vid pihen\u0151kkel, \u00e9jszaka az aut\u00f3buszon.<\/p>\n<p align=\"justify\"><b>2. nap:<\/b>A reggeli \u00f3r\u00e1kban \u00e9rkez\u00e9s <b>TREVISO vas\u00fat\u00e1llom\u00e1s\u00e1ra<\/b>. (A le illetve felsz\u00e1ll\u00e1s az aut\u00f3buszr\u00f3l itt t\u00f6rt\u00e9nik.) Utaz\u00e1s menetrendszerinti vonatokkal Velenc\u00e9be. <i><u>A vonatjegy \u00e1ra oda-vissza 8 \u20ac\/f\u0151, mely indul\u00e1skor a buszon fizetend\u0151 eur\u00f3ban.<\/u><\/i> Aj\u00e1nlott program: Szent M\u00e1rk t\u00e9r \u00e9s Bazilika, Doge palota, Rialto h\u00edd, Frari templom megtekint\u00e9se. \u00c9s mindehhez a XVIII. sz\u00e1zad hangulat\u00e1t id\u00e9z\u0151 ruh\u00e1k, az akkori farsangol\u00f3k \u00e1larcai, mutatv\u00e1nyosok, z\u00e1szl\u00f3forgat\u00f3k \u00e9s t\u0171znyel\u0151k szolg\u00e1ltatj\u00e1k a h\u00e1tteret.<\/p>\n<p align=\"justify\"><img loading=\"lazy\" decoding=\"async\" id=\"irc_mi\" class=\"aligncenter\" src=\"https:\/\/upload.wikimedia.org\/wikipedia\/commons\/f\/f6\/Venice_2008_il_Carnevale_%281%29.jpg\" alt=\"\" width=\"589\" height=\"393\" \/><\/p>\n<p align=\"justify\"><b>20.00-t\u00f3l<\/b> gy\u00fclekez\u00e9s a VELENCEI-i vas\u00fat\u00e1llom\u00e1son, <b>20.30-kor Treviz\u00f3ba vonattal. <\/b><b>21:30-kor indul az aut\u00f3busz haza a treviz\u00f3i vas\u00fat\u00e1llom\u00e1sr\u00f3l.<\/b><\/p>\n<p align=\"justify\"><b>3. nap:<\/b> A d\u00e9lel\u0151tti \u00f3r\u00e1kban \u00e9rkez\u00e9s Budapestre. Lesz\u00e1ll\u00e1si lehet\u0151s\u00e9g az aut\u00f3buszr\u00f3l a felsz\u00e1ll\u00e1ssal megegyez\u0151 helyeken!<\/p>\n<p style=\"text-align: center;\" align=\"justify\"><strong><span style=\"font-size: x-large;\">R\u00e9szv\u00e9teli d\u00edj: 12 900 Ft\/f\u0151<\/span><\/strong><\/p>\n<p lang=\"hu-HU\" align=\"center\"><i><u><b>A vonatjegy \u00e1ra 1 napra, oda-vissza 8 \u20ac\/f\u0151, mely indul\u00e1skor a buszon fizetend\u0151 eur\u00f3ban.<\/b><\/u><\/i><\/p>\n<p lang=\"hu-HU\" align=\"center\"><span style=\"font-family: Agency FB,sans-serif;\"><span style=\"font-size: large;\"><i><u><b>Trevisoban, \u00e9rkez\u00e9skor RETUR jegyet vegyenek, <\/b><\/u><\/i><\/span><\/span><\/p>\n<p lang=\"hu-HU\" align=\"center\"><span style=\"font-family: Agency FB,sans-serif;\"><span style=\"font-size: large;\"><i><u><b>mivel este a velencei \u00e1llom\u00e1son hatalmas sorok k\u00edgy\u00f3znak a p\u00e9nzt\u00e1rok el\u00f6tt!<\/b><\/u><\/i><\/span><\/span><\/p>\n<p><i><u><b>A r\u00e9szv\u00e9teli d\u00edj tartalmazza<\/b><\/u><\/i><i><b>:<\/b><\/i><i> az aut\u00f3buszos utaz\u00e1s k\u00f6lts\u00e9geit \u00e9s a csoportk\u00eds\u00e9r\u00e9st az aut\u00f3buszon.<\/i><\/p>\n<p class=\"western\"><span style=\"font-size: small;\"><span style=\"font-size: medium;\"><i><u><b>A r\u00e9szv\u00e9teli d\u00edj nem tartalmazza<\/b><\/u><\/i><\/span><span style=\"font-size: medium;\"><i><b>:<\/b><\/i><\/span><span style=\"font-size: medium;\"><i> a bel\u00e9p\u0151jegyeket, a vonatjegyeket, \u00e9s a BBP- biztos\u00edt\u00e1st, mely irod\u00e1inkban megk\u00f6thet\u0151k<\/i><\/span><\/span><\/p>\n<p class=\"western\" align=\"justify\"><span style=\"font-size: small;\"><span style=\"font-size: medium;\"><i><u><b>Kedvezm\u00e9nyek<\/b><\/u><\/i><\/span><span style=\"font-size: medium;\"><b>:<\/b><\/span><span style=\"font-size: medium;\"> di\u00e1k csoportoknak min. 20 f\u0151 eset\u00e9n 10%<\/span><\/span><\/p>\n<p lang=\"hu-HU\" align=\"center\"><b>\u00c1rainkat 310 Ft = 1 \u20ac \u00e1rfolyamig tudjuk garant\u00e1lni!<\/b><\/p>\n<p lang=\"hu-HU\" align=\"center\"><b>\u00c9LM\u00c9NYEKBEN GAZDAG UTAZ\u00c1ST, KELLEMES KIKAPCSOL\u00d3D\u00c1ST K\u00cdV\u00c1NUNK!<\/b><\/p>\n","protected":false},"excerpt":{"rendered":"<p>Id\u0151pont: 2017.02.17-19.\u00a0\u00a0\u00a0\u00a0\u00a0\u00a0\u00a0\u00a0\u00a0\u00a0\u00a0\u00a0\u00a0\u00a0\u00a0\u00a0\u00a0\u00a0\u00a0\u00a0\u00a0\u00a0\u00a0\u00a0\u00a0\u00a0\u00a0\u00a0\u00a0\u00a0\u00a0\u00a0\u00a0\u00a0\u00a0\u00a0\u00a0\u00a0\u00a0\u00a0 \u00a0 \u00a0 \u00a0 \u00a0\u00a0\u00a0\u00a0\u00a0 Poz\u00edci\u00f3sz\u00e1m: 17\/IVK\/01 Id\u0151pont: 2017.02.24-26.\u00a0\u00a0\u00a0\u00a0\u00a0\u00a0\u00a0\u00a0\u00a0\u00a0\u00a0\u00a0\u00a0\u00a0\u00a0\u00a0\u00a0\u00a0\u00a0\u00a0\u00a0\u00a0\u00a0\u00a0\u00a0\u00a0\u00a0\u00a0\u00a0\u00a0\u00a0\u00a0\u00a0\u00a0\u00a0\u00a0\u00a0\u00a0\u00a0\u00a0 \u00a0 \u00a0 \u00a0 \u00a0\u00a0\u00a0\u00a0\u00a0 Poz\u00edci\u00f3sz\u00e1m: 17\/IVK\/03 Utaz\u00e1s: az utasl\u00e9tsz\u00e1mnak megfelel\u0151 aut\u00f3busszal \u00datvonal: Budapest \u2013 Nagykanizsa \u2013 Maribor \u2013 Ljubljana \u2013 Treviso &#8211; Velence \u2013 Budapest (kb. 1500 km) Ell\u00e1t\u00e1s: \u00f6nell\u00e1t\u00f3\u00a0\u00a0\u00a0\u00a0\u00a0\u00a0\u00a0\u00a0\u00a0\u00a0\u00a0\u00a0 Id\u0151tartam:NON STOP\u00a0\u00a0\u00a0\u00a0\u00a0\u00a0\u00a0\u00a0\u00a0\u00a0\u00a0\u00a0\u00a0\u00a0\u00a0 Idegenvezet\u00e9s: nincs, csoportk\u00eds\u00e9r\u0151t biztos\u00edtunk Indul\u00e1s: 20:30&#8211; kor N\u00e9pliget, M3 metr\u00f3meg\u00e1ll\u00f3n\u00e1l, Planet\u00e1rium el\u0151l. Program 1. nap: Utaz\u00e1s r\u00f6vid pihen\u0151kkel, \u00e9jszaka az aut\u00f3buszon. 2. nap:A reggeli \u00f3r\u00e1kban \u00e9rkez\u00e9s TREVISO vas\u00fat\u00e1llom\u00e1s\u00e1ra. (A le illetve felsz\u00e1ll\u00e1s az aut\u00f3buszr\u00f3l itt t\u00f6rt\u00e9nik.) Utaz\u00e1s menetrendszerinti vonatokkal Velenc\u00e9be. A vonatjegy \u00e1ra oda-vissza 8 \u20ac\/f\u0151, mely indul\u00e1skor a buszon fizetend\u0151 eur\u00f3ban. Aj\u00e1nlott program: Szent M\u00e1rk t\u00e9r \u00e9s Bazilika, Doge palota, Rialto h\u00edd, Frari templom megtekint\u00e9se. \u00c9s mindehhez a XVIII. sz\u00e1zad hangulat\u00e1t id\u00e9z\u0151 ruh\u00e1k, az akkori farsangol\u00f3k \u00e1larcai, mutatv\u00e1nyosok, z\u00e1szl\u00f3forgat\u00f3k \u00e9s t\u0171znyel\u0151k szolg\u00e1ltatj\u00e1k a h\u00e1tteret. 20.00-t\u00f3l gy\u00fclekez\u00e9s a VELENCEI-i vas\u00fat\u00e1llom\u00e1son, 20.30-kor Treviz\u00f3ba vonattal. 21:30-kor indul az aut\u00f3busz haza a treviz\u00f3i vas\u00fat\u00e1llom\u00e1sr\u00f3l. 3. nap: A d\u00e9lel\u0151tti \u00f3r\u00e1kban \u00e9rkez\u00e9s Budapestre. Lesz\u00e1ll\u00e1si lehet\u0151s\u00e9g az aut\u00f3buszr\u00f3l a felsz\u00e1ll\u00e1ssal megegyez\u0151 helyeken! R\u00e9szv\u00e9teli d\u00edj: 12 900 Ft\/f\u0151 A vonatjegy \u00e1ra 1 napra, oda-vissza 8 \u20ac\/f\u0151, mely indul\u00e1skor a buszon fizetend\u0151 eur\u00f3ban. Trevisoban, \u00e9rkez\u00e9skor RETUR jegyet vegyenek, mivel este a velencei \u00e1llom\u00e1son hatalmas sorok k\u00edgy\u00f3znak a p\u00e9nzt\u00e1rok el\u00f6tt! A r\u00e9szv\u00e9teli d\u00edj tartalmazza: az aut\u00f3buszos utaz\u00e1s k\u00f6lts\u00e9geit \u00e9s a csoportk\u00eds\u00e9r\u00e9st az aut\u00f3buszon. A r\u00e9szv\u00e9teli d\u00edj nem tartalmazza: a bel\u00e9p\u0151jegyeket, a vonatjegyeket, \u00e9s a BBP- biztos\u00edt\u00e1st, mely irod\u00e1inkban megk\u00f6thet\u0151k Kedvezm\u00e9nyek: di\u00e1k csoportoknak min. 20 f\u0151 eset\u00e9n 10% \u00c1rainkat 310 Ft = 1 \u20ac \u00e1rfolyamig tudjuk garant\u00e1lni! \u00c9LM\u00c9NYEKBEN GAZDAG UTAZ\u00c1ST, KELLEMES KIKAPCSOL\u00d3D\u00c1ST K\u00cdV\u00c1NUNK!<\/p>\n","protected":false},"author":1,"featured_media":0,"parent":0,"menu_order":0,"comment_status":"closed","ping_status":"closed","template":"","meta":{"footnotes":""},"class_list":["post-339","page","type-page","status-publish","hentry"],"_links":{"self":[{"href":"https:\/\/www.goforgo.hu\/index.php\/wp-json\/wp\/v2\/pages\/339","targetHints":{"allow":["GET"]}}],"collection":[{"href":"https:\/\/www.goforgo.hu\/index.php\/wp-json\/wp\/v2\/pages"}],"about":[{"href":"https:\/\/www.goforgo.hu\/index.php\/wp-json\/wp\/v2\/types\/page"}],"author":[{"embeddable":true,"href":"https:\/\/www.goforgo.hu\/index.php\/wp-json\/wp\/v2\/users\/1"}],"replies":[{"embeddable":true,"href":"https:\/\/www.goforgo.hu\/index.php\/wp-json\/wp\/v2\/comments?post=339"}],"version-history":[{"count":7,"href":"https:\/\/www.goforgo.hu\/index.php\/wp-json\/wp\/v2\/pages\/339\/revisions"}],"predecessor-version":[{"id":2136,"href":"https:\/\/www.goforgo.hu\/index.php\/wp-json\/wp\/v2\/pages\/339\/revisions\/2136"}],"wp:attachment":[{"href":"https:\/\/www.goforgo.hu\/index.php\/wp-json\/wp\/v2\/media?parent=339"}],"curies":[{"name":"wp","href":"https:\/\/api.w.org\/{rel}","templated":true}]}}