{"id":3710,"date":"2017-11-14T08:26:33","date_gmt":"2017-11-14T08:26:33","guid":{"rendered":"http:\/\/www.goforgo.hu\/?page_id=3710"},"modified":"2017-11-14T08:26:33","modified_gmt":"2017-11-14T08:26:33","slug":"advent-zakopaneban-es-krakkoban","status":"publish","type":"page","link":"https:\/\/www.goforgo.hu\/index.php\/advent-zakopaneban-es-krakkoban\/","title":{"rendered":"Advent Zakopan\u00e9ban \u00e9s Krakk\u00f3ban"},"content":{"rendered":"<p class=\"western\" style=\"text-align: left;\" align=\"center\"><span style=\"font-size: medium;\"><strong><a href=\"https:\/\/www.goforgo.hu\/index.php\/adventi-utak\/zakopane-2\/\" rel=\"attachment wp-att-1905\"><img loading=\"lazy\" decoding=\"async\" class=\"size-full wp-image-1905 aligncenter\" src=\"https:\/\/www.goforgo.hu\/wp-content\/uploads\/2015\/10\/zakopane-2.jpg\" alt=\"zakopane-2\" width=\"450\" height=\"299\" srcset=\"https:\/\/www.goforgo.hu\/wp-content\/uploads\/2015\/10\/zakopane-2.jpg 450w, https:\/\/www.goforgo.hu\/wp-content\/uploads\/2015\/10\/zakopane-2-300x199.jpg 300w\" sizes=\"auto, (max-width: 450px) 100vw, 450px\" \/><\/a><\/strong><\/span><\/p>\n<p class=\"western\" style=\"text-align: left;\" align=\"center\"><span style=\"font-size: medium;\"><strong>Id\u0151pont :<\/strong> 2017.12.09-11.\u00a0\u00a0\u00a0\u00a0\u00a0\u00a0\u00a0\u00a0\u00a0\u00a0\u00a0\u00a0\u00a0\u00a0\u00a0\u00a0\u00a0\u00a0\u00a0\u00a0\u00a0\u00a0\u00a0\u00a0\u00a0\u00a0\u00a0\u00a0\u00a0\u00a0\u00a0 Poz.sz\u00e1m: 17\/AZK\/05<br \/>\n<strong>\u00datvonal :<\/strong>Budapest \u2013 Zakopane \u2013 Krakk\u00f3 &#8211; Budapest (kb. 1000 km)<br \/>\n<strong>Utaz\u00e1s :<\/strong> a csoportl\u00e9tsz\u00e1mnak megfelel\u0151 aut\u00f3busszal<br \/>\n<strong>Id\u0151tartam:<\/strong> 3 nap\/ 2 \u00e9jszaka \u00a0\u00a0\u00a0\u00a0\u00a0\u00a0\u00a0\u00a0\u00a0\u00a0\u00a0\u00a0\u00a0\u00a0\u00a0\u00a0\u00a0\u00a0\u00a0\u00a0\u00a0\u00a0\u00a0\u00a0\u00a0\u00a0\u00a0\u00a0\u00a0\u00a0\u00a0\u00a0\u00a0\u00a0\u00a0\u00a0\u00a0<strong> Idegenvezet\u00e9s:<\/strong> csoportk\u00eds\u00e9r\u0151<br \/>\n<strong>ell\u00e1t\u00e1s:<\/strong> reggeli \u00e9s vacsora<br \/>\n<strong>sz\u00e1ll\u00e1s:<\/strong> Bukowin\u00e1n, mag\u00e1n panzi\u00f3 2-3 \u00e1gyas, zuhanyz\u00f3s szob\u00e1iban<\/span><\/p>\n<p class=\"western\" style=\"text-align: left;\" align=\"center\">\n<p class=\"western\" style=\"text-align: left;\" align=\"center\"><a href=\"https:\/\/www.goforgo.hu\/index.php\/adventi-utak\/zakopane-4\/\" rel=\"attachment wp-att-1904\"><img loading=\"lazy\" decoding=\"async\" class=\"size-full wp-image-1904 aligncenter\" src=\"https:\/\/www.goforgo.hu\/wp-content\/uploads\/2015\/10\/Zakopane-4.jpg\" alt=\"zakopane-4\" width=\"640\" height=\"427\" srcset=\"https:\/\/www.goforgo.hu\/wp-content\/uploads\/2015\/10\/Zakopane-4.jpg 640w, https:\/\/www.goforgo.hu\/wp-content\/uploads\/2015\/10\/Zakopane-4-300x200.jpg 300w\" sizes=\"auto, (max-width: 640px) 100vw, 640px\" \/><\/a><\/p>\n<p class=\"western\" align=\"center\"><span style=\"font-size: medium;\"><u><b>PROGRAM:<\/b><\/u><\/span><\/p>\n<p align=\"justify\"><span style=\"font-size: medium;\"><b>Felsz\u00e1ll\u00e1si lehet\u0151s\u00e9g:<\/b><\/span><\/p>\n<p class=\"western\" align=\"justify\"><span style=\"font-family: Times New Roman,serif;\"><span style=\"font-size: medium;\">6:00 Bp., N\u00e9pliget Planet\u00e1rium f\u0151bej\u00e1rata el\u0151l<\/span><\/span><\/p>\n<p class=\"western\" align=\"justify\"><span style=\"font-family: Times New Roman,serif;\"><span style=\"font-size: medium;\"><span lang=\"hu-HU\"><b>1.nap<\/b><\/span><\/span><\/span><span style=\"font-family: Times New Roman,serif;\"><span style=\"font-size: medium;\"><span lang=\"hu-HU\"> Kora reggeli indul\u00e1s, majd folyamatos utaz\u00e1s r\u00f6vid pihen\u0151vel<\/span><\/span><\/span><span style=\"font-family: Times New Roman,serif;\"><span style=\"font-size: medium;\"><span lang=\"hu-HU\">.<\/span><\/span><\/span><span style=\"font-family: Times New Roman,serif;\"><span style=\"font-size: medium;\"><span lang=\"hu-HU\"> Meg\u00e1llunk <\/span><\/span><\/span><span style=\"font-family: Times New Roman,serif;\"><span style=\"font-size: medium;\"><span lang=\"hu-HU\"><b>Nagy\u0151rben a Medny\u00e1nszky kast\u00e9ly<\/b><\/span><\/span><\/span><span style=\"font-family: Times New Roman,serif;\"><span style=\"font-size: medium;\"><span lang=\"hu-HU\"> megtekint\u00e9s\u00e9re<\/span><\/span><\/span><span style=\"font-family: Times New Roman,serif;\"><span style=\"font-size: medium;\"><span lang=\"hu-HU\">.<\/span><\/span><\/span> <span style=\"font-family: Times New Roman,serif;\"><span style=\"font-size: medium;\"><span lang=\"hu-HU\"><b>Zakopan\u00e9ba<\/b><\/span><\/span><\/span><span style=\"font-family: Times New Roman,serif;\"><span style=\"font-size: medium;\"><span lang=\"hu-HU\"> \u00e9rkez\u00fcnk s\u00e9ta a f\u0151utc\u00e1n az adventi esti forgatagban. Bukowin\u00e1n a sz\u00e1ll\u00e1s elfoglal\u00e1sa 2-3- \u00e1gyas f\u00fcrd\u0151szob\u00e1s szob\u00e1kban( t\u00f6r\u00f6lk\u00f6z\u0151 van). Vacsora.<\/span><\/span><\/span><\/p>\n<p class=\"western\" align=\"justify\"><span style=\"font-family: Times New Roman,serif;\"><span style=\"font-size: medium;\"><span lang=\"hu-HU\"><b>2.nap <\/b><\/span><\/span><\/span><span style=\"font-family: Times New Roman,serif;\"><span style=\"font-size: medium;\"><span lang=\"hu-HU\"> A b\u00fcf\u00e9 reggeli ut\u00e1n indul\u00e1s <\/span><\/span><\/span><span style=\"font-family: Times New Roman,serif;\"><span style=\"font-size: medium;\"><span lang=\"hu-HU\"><b>KRAKK\u00d3BA<\/b><\/span><\/span><\/span><span style=\"font-family: Times New Roman,serif;\"><span style=\"font-size: medium;\"><span lang=\"hu-HU\"> a helyi idegenvezet\u0151 bemutatja a magyar vonatkoz\u00e1s\u00fa eml\u00e9keinket. <\/span><\/span><\/span><span style=\"font-family: Times New Roman,serif;\"><span style=\"font-size: medium;\"><span lang=\"hu-HU\"><b>WAWEL<\/b><\/span><\/span><\/span><span style=\"font-family: Times New Roman,serif;\"><span style=\"font-size: medium;\"><span lang=\"hu-HU\"> kir\u00e1lyi v\u00e1r altemplom <\/span><\/span><\/span><span style=\"font-family: Times New Roman,serif;\"><span style=\"font-size: medium;\"><span lang=\"hu-HU\"><b>Sz\u00e9kesegyh\u00e1zban kir\u00e1lys\u00edrok<\/b><\/span><\/span><\/span><span style=\"font-family: Times New Roman,serif;\"><span style=\"font-size: medium;\"><span lang=\"hu-HU\">. <\/span><\/span><\/span><span style=\"font-family: Times New Roman,serif;\"><span style=\"font-size: medium;\"><span lang=\"hu-HU\"><b>F\u0151t\u00e9r Poszt\u00f3h\u00e1z, M\u00e1ria templom. Collegium Maius,<\/b><\/span><\/span><\/span><span style=\"font-family: Times New Roman,serif;\"><span style=\"font-size: medium;\"><span lang=\"hu-HU\"> legr\u00e9gibb egyetem\/\u2026..SZABADID\u0150. Indulunk vissza a T\u00e1tr\u00e1ba. Vacsora a sz\u00e1ll\u00e1son. <\/span><\/span><\/span><\/p>\n<p class=\"western\" style=\"text-align: center;\" align=\"justify\"><a href=\"https:\/\/www.goforgo.hu\/index.php\/proba-oldal\/krakow-market-square-2\/\" rel=\"attachment wp-att-3708\"><img loading=\"lazy\" decoding=\"async\" class=\"alignnone size-full wp-image-3708\" src=\"https:\/\/www.goforgo.hu\/wp-content\/uploads\/2015\/10\/krakow-market-square.jpg\" alt=\"krakow-market-square\" width=\"467\" height=\"350\" \/><\/a><\/p>\n<p class=\"western\" align=\"justify\"><span style=\"font-family: Times New Roman,serif;\"><span style=\"font-size: medium;\"><span lang=\"hu-HU\"><b>3.nap<\/b><\/span><\/span><\/span><span style=\"font-family: Times New Roman,serif;\"><span style=\"font-size: medium;\"><span lang=\"hu-HU\"> Reggel m\u00e9g bev\u00e1s\u00e1rolunk a Panzi\u00f3 f\u00f6ldszintj\u00e9n l\u00e9v\u0151 vegyesboltban majd <\/span><\/span><\/span><strong><span style=\"font-family: Times New Roman,serif;\"><span style=\"font-size: medium;\"><span lang=\"hu-HU\"><b>Zakopane<\/b><\/span><\/span><\/span><\/strong><strong><span style=\"font-family: Times New Roman,serif;\"><span style=\"font-size: medium;\"><span lang=\"hu-HU\"> f<\/span><\/span><\/span><\/strong><span style=\"font-family: Times New Roman,serif;\"><span style=\"font-size: medium;\"><span lang=\"hu-HU\">\u0151utc\u00e1j\u00e1n les\u00e9t\u00e1lunk a sajtpiacra szabadid\u0151 \/j\u00f3 id\u0151ben a <\/span><\/span><\/span><strong><span style=\"font-family: Times New Roman,serif;\"><span style=\"font-size: medium;\"><span lang=\"hu-HU\"><b>GUBAL\u00d3WKA <\/b><\/span><\/span><\/span><\/strong><span style=\"font-family: Times New Roman,serif;\"><span style=\"font-size: medium;\"><span lang=\"hu-HU\">fenns\u00edkj\u00e1r\u00f3l gy\u00f6ny\u00f6rk\u00f6d\u00fcnk a T\u00e1tra panor\u00e1m\u00e1j\u00e1ban\/<\/span><\/span><\/span> <span style=\"font-family: Times New Roman,serif;\"><span style=\"font-size: medium;\"><span lang=\"hu-HU\">Hazafel\u00e9 <\/span><\/span><\/span><strong><span style=\"font-family: Times New Roman,serif;\"><span style=\"font-size: medium;\"><span lang=\"hu-HU\"><b>Sucha CHORA<\/b><\/span><\/span><\/span><\/strong><span style=\"font-family: Times New Roman,serif;\"><span style=\"font-size: medium;\"><span lang=\"hu-HU\"> skanzen falun \u00e1t jutunk vissza a Felvid\u00e9kre. Fot\u00f3-sz\u00fcnetre, k\u00e1v\u00e9ra meg\u00e1llunk<\/span><\/span><\/span> <strong><span style=\"font-family: Times New Roman,serif;\"><span style=\"font-size: medium;\"><span lang=\"hu-HU\"><b>\u00c1rvav\u00e1ralj\u00e1n. <\/b><\/span><\/span><\/span><\/strong><span style=\"font-family: Times New Roman,serif;\"><span style=\"font-size: medium;\"><span lang=\"hu-HU\">\/Ha az id\u0151nkbe belef\u00e9r r\u00f6vid pihen\u0151<\/span><\/span><\/span><strong><span style=\"font-family: Times New Roman,serif;\"><span style=\"font-size: medium;\"><span lang=\"hu-HU\"> BESZTERCEB\u00c1NYA <\/span><\/span><\/span><\/strong><span style=\"font-family: Times New Roman,serif;\"><span style=\"font-size: medium;\"><span lang=\"hu-HU\">belv\u00e1ros\u00e1ban. <\/span><\/span><\/span><span style=\"font-family: Times New Roman,serif;\"><span style=\"font-size: medium;\"> Haza\u00e9rkez\u00e9s Budapestre a k\u00e9s\u0151 esti \u00f3r\u00e1kban. Lesz\u00e1ll\u00e1si lehet\u0151s\u00e9g a felsz\u00e1ll\u00e1ssal megegyez\u0151 helyeken!<\/span><\/span><\/p>\n<p class=\"western\" style=\"text-align: center;\" align=\"justify\"><strong><span style=\"font-size: x-large;\">R\u00e9szv\u00e9teli d\u00edj: 35 000 Ft\/f\u0151<\/span><\/strong><\/p>\n<p class=\"western\" style=\"text-align: center;\" align=\"justify\"><a href=\"https:\/\/www.goforgo.hu\/index.php\/advent-zakopaneban\/zakopane-6\/\" rel=\"attachment wp-att-1945\"><img loading=\"lazy\" decoding=\"async\" class=\"alignnone size-full wp-image-1945\" src=\"https:\/\/www.goforgo.hu\/wp-content\/uploads\/2016\/10\/Zakopane-6.jpg\" alt=\"zakopane-6\" width=\"800\" height=\"450\" srcset=\"https:\/\/www.goforgo.hu\/wp-content\/uploads\/2016\/10\/Zakopane-6.jpg 800w, https:\/\/www.goforgo.hu\/wp-content\/uploads\/2016\/10\/Zakopane-6-300x169.jpg 300w, https:\/\/www.goforgo.hu\/wp-content\/uploads\/2016\/10\/Zakopane-6-768x432.jpg 768w\" sizes=\"auto, (max-width: 800px) 100vw, 800px\" \/><\/a><\/p>\n<p align=\"left\"><span style=\"font-size: medium;\"><span style=\"font-size: small;\"><i><u><b>A r\u00e9szv\u00e9teli d\u00edj tartalmazza<\/b><\/u><\/i><\/span><span style=\"font-size: small;\"><i><b>:<\/b><\/i><\/span><span style=\"font-size: small;\"><i> az aut\u00f3buszos utaz\u00e1s k\u00f6lts\u00e9geit, a 2 \u00e9jszakai sz\u00e1ll\u00e1st b\u00fcf\u00e9 reggelivel \u00e9s vacsor\u00e1val, az idegenvezet\u00e9st,\u00e9s a helyi idegenvezet\u0151 d\u00edj\u00e1t Krakk\u00f3ban.<\/i><\/span><\/span><\/p>\n<p class=\"western\" align=\"left\"><span style=\"font-size: small;\"><i><u><b>A r\u00e9szv\u00e9teli d\u00edj nem tartalmazza<\/b><\/u><\/i><\/span><span style=\"font-size: small;\"><i><b>:<\/b><\/i><\/span><span style=\"font-size: small;\"><i> a bel\u00e9p\u0151jegyeket \u00e9s felvon\u00f3jegyeket (kb. 50 Pln), melyek a helysz\u00ednen fizetend\u0151k <\/i><\/span><\/p>\n<p class=\"western\" align=\"left\"><img loading=\"lazy\" decoding=\"async\" class=\"size-full wp-image-1947 aligncenter\" src=\"https:\/\/www.goforgo.hu\/wp-content\/uploads\/2016\/10\/Zakopane-Krupowki-2.jpg\" alt=\"03.05.2010  ZAKOPANE , KRUPOWKI , TLUMY GOSCI SPEDZAJACY MAJOWY DLUGI WEEKEND POD TATRAMI , ZAKUPY PAMIATEK FOT.  MAREK PODMOKLY \/ AGENCJA GAZETA\" width=\"620\" height=\"415\" srcset=\"https:\/\/www.goforgo.hu\/wp-content\/uploads\/2016\/10\/Zakopane-Krupowki-2.jpg 620w, https:\/\/www.goforgo.hu\/wp-content\/uploads\/2016\/10\/Zakopane-Krupowki-2-300x201.jpg 300w\" sizes=\"auto, (max-width: 620px) 100vw, 620px\" \/><\/p>\n","protected":false},"excerpt":{"rendered":"<p>Id\u0151pont : 2017.12.09-11.\u00a0\u00a0\u00a0\u00a0\u00a0\u00a0\u00a0\u00a0\u00a0\u00a0\u00a0\u00a0\u00a0\u00a0\u00a0\u00a0\u00a0\u00a0\u00a0\u00a0\u00a0\u00a0\u00a0\u00a0\u00a0\u00a0\u00a0\u00a0\u00a0\u00a0\u00a0 Poz.sz\u00e1m: 17\/AZK\/05 \u00datvonal :Budapest \u2013 Zakopane \u2013 Krakk\u00f3 &#8211; Budapest (kb. 1000 km) Utaz\u00e1s : a csoportl\u00e9tsz\u00e1mnak megfelel\u0151 aut\u00f3busszal Id\u0151tartam: 3 nap\/ 2 \u00e9jszaka \u00a0\u00a0\u00a0\u00a0\u00a0\u00a0\u00a0\u00a0\u00a0\u00a0\u00a0\u00a0\u00a0\u00a0\u00a0\u00a0\u00a0\u00a0\u00a0\u00a0\u00a0\u00a0\u00a0\u00a0\u00a0\u00a0\u00a0\u00a0\u00a0\u00a0\u00a0\u00a0\u00a0\u00a0\u00a0\u00a0\u00a0 Idegenvezet\u00e9s: csoportk\u00eds\u00e9r\u0151 ell\u00e1t\u00e1s: reggeli \u00e9s vacsora sz\u00e1ll\u00e1s: Bukowin\u00e1n, mag\u00e1n panzi\u00f3 2-3 \u00e1gyas, zuhanyz\u00f3s szob\u00e1iban PROGRAM: Felsz\u00e1ll\u00e1si lehet\u0151s\u00e9g: 6:00 Bp., N\u00e9pliget Planet\u00e1rium f\u0151bej\u00e1rata el\u0151l 1.nap Kora reggeli indul\u00e1s, majd folyamatos utaz\u00e1s r\u00f6vid pihen\u0151vel. Meg\u00e1llunk Nagy\u0151rben a Medny\u00e1nszky kast\u00e9ly megtekint\u00e9s\u00e9re. Zakopan\u00e9ba \u00e9rkez\u00fcnk s\u00e9ta a f\u0151utc\u00e1n az adventi esti forgatagban. Bukowin\u00e1n a sz\u00e1ll\u00e1s elfoglal\u00e1sa 2-3- \u00e1gyas f\u00fcrd\u0151szob\u00e1s szob\u00e1kban( t\u00f6r\u00f6lk\u00f6z\u0151 van). Vacsora. 2.nap A b\u00fcf\u00e9 reggeli ut\u00e1n indul\u00e1s KRAKK\u00d3BA a helyi idegenvezet\u0151 bemutatja a magyar vonatkoz\u00e1s\u00fa eml\u00e9keinket. WAWEL kir\u00e1lyi v\u00e1r altemplom Sz\u00e9kesegyh\u00e1zban kir\u00e1lys\u00edrok. F\u0151t\u00e9r Poszt\u00f3h\u00e1z, M\u00e1ria templom. Collegium Maius, legr\u00e9gibb egyetem\/\u2026..SZABADID\u0150. Indulunk vissza a T\u00e1tr\u00e1ba. Vacsora a sz\u00e1ll\u00e1son. 3.nap Reggel m\u00e9g bev\u00e1s\u00e1rolunk a Panzi\u00f3 f\u00f6ldszintj\u00e9n l\u00e9v\u0151 vegyesboltban majd Zakopane f\u0151utc\u00e1j\u00e1n les\u00e9t\u00e1lunk a sajtpiacra szabadid\u0151 \/j\u00f3 id\u0151ben a GUBAL\u00d3WKA fenns\u00edkj\u00e1r\u00f3l gy\u00f6ny\u00f6rk\u00f6d\u00fcnk a T\u00e1tra panor\u00e1m\u00e1j\u00e1ban\/ Hazafel\u00e9 Sucha CHORA skanzen falun \u00e1t jutunk vissza a Felvid\u00e9kre. Fot\u00f3-sz\u00fcnetre, k\u00e1v\u00e9ra meg\u00e1llunk \u00c1rvav\u00e1ralj\u00e1n. \/Ha az id\u0151nkbe belef\u00e9r r\u00f6vid pihen\u0151 BESZTERCEB\u00c1NYA belv\u00e1ros\u00e1ban. Haza\u00e9rkez\u00e9s Budapestre a k\u00e9s\u0151 esti \u00f3r\u00e1kban. Lesz\u00e1ll\u00e1si lehet\u0151s\u00e9g a felsz\u00e1ll\u00e1ssal megegyez\u0151 helyeken! R\u00e9szv\u00e9teli d\u00edj: 35 000 Ft\/f\u0151 A r\u00e9szv\u00e9teli d\u00edj tartalmazza: az aut\u00f3buszos utaz\u00e1s k\u00f6lts\u00e9geit, a 2 \u00e9jszakai sz\u00e1ll\u00e1st b\u00fcf\u00e9 reggelivel \u00e9s vacsor\u00e1val, az idegenvezet\u00e9st,\u00e9s a helyi idegenvezet\u0151 d\u00edj\u00e1t Krakk\u00f3ban. A r\u00e9szv\u00e9teli d\u00edj nem tartalmazza: a bel\u00e9p\u0151jegyeket \u00e9s felvon\u00f3jegyeket (kb. 50 Pln), melyek a helysz\u00ednen fizetend\u0151k<\/p>\n","protected":false},"author":1,"featured_media":0,"parent":0,"menu_order":0,"comment_status":"closed","ping_status":"closed","template":"","meta":{"footnotes":""},"class_list":["post-3710","page","type-page","status-publish","hentry"],"_links":{"self":[{"href":"https:\/\/www.goforgo.hu\/index.php\/wp-json\/wp\/v2\/pages\/3710","targetHints":{"allow":["GET"]}}],"collection":[{"href":"https:\/\/www.goforgo.hu\/index.php\/wp-json\/wp\/v2\/pages"}],"about":[{"href":"https:\/\/www.goforgo.hu\/index.php\/wp-json\/wp\/v2\/types\/page"}],"author":[{"embeddable":true,"href":"https:\/\/www.goforgo.hu\/index.php\/wp-json\/wp\/v2\/users\/1"}],"replies":[{"embeddable":true,"href":"https:\/\/www.goforgo.hu\/index.php\/wp-json\/wp\/v2\/comments?post=3710"}],"version-history":[{"count":1,"href":"https:\/\/www.goforgo.hu\/index.php\/wp-json\/wp\/v2\/pages\/3710\/revisions"}],"predecessor-version":[{"id":3711,"href":"https:\/\/www.goforgo.hu\/index.php\/wp-json\/wp\/v2\/pages\/3710\/revisions\/3711"}],"wp:attachment":[{"href":"https:\/\/www.goforgo.hu\/index.php\/wp-json\/wp\/v2\/media?parent=3710"}],"curies":[{"name":"wp","href":"https:\/\/api.w.org\/{rel}","templated":true}]}}