{"id":400,"date":"2015-12-12T10:48:19","date_gmt":"2015-12-12T10:48:19","guid":{"rendered":"http:\/\/www.goforgo.hu\/?page_id=400"},"modified":"2025-03-28T10:24:51","modified_gmt":"2025-03-28T10:24:51","slug":"belfoldi-kirandulasok","status":"publish","type":"page","link":"https:\/\/www.goforgo.hu\/index.php\/belfoldi-kirandulasok\/","title":{"rendered":"Belf\u00f6ldi kir\u00e1ndul\u00e1sok"},"content":{"rendered":"<table>\n<tbody>\n<tr>\n<td width=\"150\" height=\"30\"><\/td>\n<td width=\"440\">\n<h2 class=\"post-title\"><\/h2>\n<\/td>\n<td style=\"text-align: right;\" width=\"120\"><\/td>\n<\/tr>\n<tr>\n<td width=\"150\" height=\"30\"><a href=\"https:\/\/www.goforgo.hu\/index.php\/belfoldi-kirandulasok\/oskuhungaryrotunda\/\" rel=\"attachment wp-att-5372\"><img loading=\"lazy\" decoding=\"async\" class=\"alignnone size-full wp-image-5372\" src=\"https:\/\/www.goforgo.hu\/wp-content\/uploads\/2020\/02\/OskuHungaryRotunda.jpg\" alt=\"\" width=\"200\" height=\"267\" \/><\/a><\/td>\n<td width=\"440\">\n<h2>Bakony sz\u00edv\u00e9ben &#8211; P\u00e1pa, Ganna. Veszpr\u00e9m, V\u00e1rpalota<\/h2>\n<\/td>\n<td style=\"text-align: center;\" width=\"120\">\n<h2><\/h2>\n<\/td>\n<\/tr>\n<tr>\n<td width=\"150\" height=\"30\"><a href=\"https:\/\/www.goforgo.hu\/index.php\/matyo-husvet\/matyo-1\/\" rel=\"attachment wp-att-5950\"><img loading=\"lazy\" decoding=\"async\" class=\"alignnone size-full wp-image-5950\" src=\"https:\/\/www.goforgo.hu\/wp-content\/uploads\/2023\/01\/Matyo-1.jpg\" alt=\"\" width=\"275\" height=\"183\" \/><\/a><\/td>\n<td width=\"440\">\n<h2>\u00a0Maty\u00f3 H\u00fasv\u00e9t<\/h2>\n<\/td>\n<td style=\"text-align: right;\" width=\"120\">\n<h2 style=\"text-align: center;\"><\/h2>\n<\/td>\n<\/tr>\n<tr>\n<td width=\"150\" height=\"30\"><img loading=\"lazy\" decoding=\"async\" id=\"irc_mi\" class=\"\" src=\"http:\/\/4.bp.blogspot.com\/-FcJwve8pn-c\/VUc6LYnIA_I\/AAAAAAAAI0o\/Tl6l4fr5cvE\/s1600\/%C5%90rs%C3%A9g%2B%28504%29.JPG\" alt=\"\" width=\"285\" height=\"190\" \/><\/td>\n<td width=\"440\">\n<h2>Jeli Arbor\u00e9tum &#8211; rododendron vir\u00e1gz\u00e1s \u00e9s Szombathely<\/h2>\n<\/td>\n<td width=\"120\">\n<h2 style=\"text-align: center;\">.<\/h2>\n<\/td>\n<\/tr>\n<tr>\n<td width=\"150\" height=\"30\"><a href=\"https:\/\/www.goforgo.hu\/index.php\/somogy-varmegye-ii\/kassai-volgy\/\" rel=\"attachment wp-att-1525\"><img loading=\"lazy\" decoding=\"async\" class=\"alignnone size-full wp-image-1525\" src=\"https:\/\/www.goforgo.hu\/wp-content\/uploads\/2016\/03\/Kassai-v\u00f6lgy.jpeg\" alt=\"\" width=\"930\" height=\"698\" srcset=\"https:\/\/www.goforgo.hu\/wp-content\/uploads\/2016\/03\/Kassai-v\u00f6lgy.jpeg 930w, https:\/\/www.goforgo.hu\/wp-content\/uploads\/2016\/03\/Kassai-v\u00f6lgy-300x225.jpeg 300w\" sizes=\"auto, (max-width: 930px) 100vw, 930px\" \/><\/a><\/td>\n<td width=\"440\">\n<h2>Kassai Lajos lovas\u00edj\u00e1szat, Kaposf\u0151<\/h2>\n<\/td>\n<td width=\"120\">\n<h2 style=\"text-align: center;\"><\/h2>\n<\/td>\n<\/tr>\n<tr>\n<td width=\"150\" height=\"30\"><\/td>\n<td width=\"440\">\n<h2><\/h2>\n<\/td>\n<td width=\"120\">\n<h2 style=\"text-align: center;\"><\/h2>\n<\/td>\n<\/tr>\n<tr>\n<td width=\"150\" height=\"30\"><\/td>\n<td width=\"440\">\n<h2><\/h2>\n<\/td>\n<td style=\"text-align: center;\" width=\"120\">\n<h2><\/h2>\n<\/td>\n<\/tr>\n<tr>\n<td width=\"150\" height=\"30\"><a href=\"https:\/\/www.goforgo.hu\/index.php\/zirc-es-a-pannon-csillagda\/pannon-csillagda-1430213308\/\" rel=\"attachment wp-att-3895\"><img loading=\"lazy\" decoding=\"async\" class=\"alignnone size-full wp-image-3895\" src=\"https:\/\/www.goforgo.hu\/wp-content\/uploads\/2018\/01\/pannon-csillagda-1430213308.jpg\" alt=\"pannon-csillagda-1430213308\" width=\"700\" height=\"464\" srcset=\"https:\/\/www.goforgo.hu\/wp-content\/uploads\/2018\/01\/pannon-csillagda-1430213308.jpg 700w, https:\/\/www.goforgo.hu\/wp-content\/uploads\/2018\/01\/pannon-csillagda-1430213308-300x199.jpg 300w\" sizes=\"auto, (max-width: 700px) 100vw, 700px\" \/><\/a><\/td>\n<td width=\"440\">\n<h2>Zirc \u00e9s a Bakonyb\u00e9li Csillagda<\/h2>\n<\/td>\n<td style=\"text-align: right;\" width=\"120\">\n<h2 style=\"text-align: center;\"><\/h2>\n<\/td>\n<\/tr>\n<tr>\n<td width=\"150\" height=\"30\"><a href=\"https:\/\/www.goforgo.hu\/index.php\/belfoldi-kirandulasok\/oroszl1\/\" rel=\"attachment wp-att-5374\"><img loading=\"lazy\" decoding=\"async\" class=\"alignnone size-large wp-image-5374\" src=\"https:\/\/www.goforgo.hu\/wp-content\/uploads\/2020\/02\/OROSZL1-1024x760.jpg\" alt=\"\" width=\"1024\" height=\"760\" srcset=\"https:\/\/www.goforgo.hu\/wp-content\/uploads\/2020\/02\/OROSZL1-1024x760.jpg 1024w, https:\/\/www.goforgo.hu\/wp-content\/uploads\/2020\/02\/OROSZL1-300x223.jpg 300w, https:\/\/www.goforgo.hu\/wp-content\/uploads\/2020\/02\/OROSZL1-768x570.jpg 768w, https:\/\/www.goforgo.hu\/wp-content\/uploads\/2020\/02\/OROSZL1-1536x1140.jpg 1536w, https:\/\/www.goforgo.hu\/wp-content\/uploads\/2020\/02\/OROSZL1-2048x1520.jpg 2048w\" sizes=\"auto, (max-width: 1024px) 100vw, 1024px\" \/><\/a><\/td>\n<td width=\"440\">\n<h2>Szigetv\u00e1ri h\u0151s\u00f6k &#8211; Vill\u00e1nyi borok<\/h2>\n<\/td>\n<td style=\"text-align: center;\" width=\"120\">\n<h2><\/h2>\n<\/td>\n<\/tr>\n<tr>\n<td width=\"150\" height=\"30\"><a href=\"https:\/\/www.goforgo.hu\/index.php\/belfoldi-kirandulasok\/bivaly\/\" rel=\"attachment wp-att-5375\"><img loading=\"lazy\" decoding=\"async\" class=\"alignnone size-full wp-image-5375\" src=\"https:\/\/www.goforgo.hu\/wp-content\/uploads\/2020\/02\/bivaly.jpg\" alt=\"\" width=\"400\" height=\"300\" srcset=\"https:\/\/www.goforgo.hu\/wp-content\/uploads\/2020\/02\/bivaly.jpg 400w, https:\/\/www.goforgo.hu\/wp-content\/uploads\/2020\/02\/bivaly-300x225.jpg 300w\" sizes=\"auto, (max-width: 400px) 100vw, 400px\" \/><\/a><\/td>\n<td width=\"440\">\n<h2 class=\"sw_s1_offer_title\">K\u00e1polnapuszta \u00e9s a Kis-Balaton<\/h2>\n<\/td>\n<td style=\"text-align: center;\" width=\"120\">\n<h2><\/h2>\n<\/td>\n<\/tr>\n<tr>\n<td width=\"150\" height=\"30\"><a href=\"https:\/\/www.goforgo.hu\/index.php\/belfoldi-kirandulasok\/orsegi_tokfesztival_664x498t5_ic\/\" rel=\"attachment wp-att-3907\"><img loading=\"lazy\" decoding=\"async\" class=\"alignnone size-full wp-image-3907\" src=\"https:\/\/www.goforgo.hu\/wp-content\/uploads\/2015\/12\/orsegi_tokfesztival_664x498t5_ic.jpg\" alt=\"orsegi_tokfesztival_664x498t5_ic\" width=\"664\" height=\"498\" srcset=\"https:\/\/www.goforgo.hu\/wp-content\/uploads\/2015\/12\/orsegi_tokfesztival_664x498t5_ic.jpg 664w, https:\/\/www.goforgo.hu\/wp-content\/uploads\/2015\/12\/orsegi_tokfesztival_664x498t5_ic-300x225.jpg 300w\" sizes=\"auto, (max-width: 664px) 100vw, 664px\" \/><\/a><\/td>\n<td width=\"440\">\n<h2>\u0150rs\u00e9gi T\u00f6kfesztiv\u00e1l<\/h2>\n<\/td>\n<td style=\"text-align: center;\" width=\"120\">\n<h2><\/h2>\n<\/td>\n<\/tr>\n<tr>\n<td width=\"150\" height=\"30\"><a href=\"https:\/\/www.goforgo.hu\/index.php\/belfoldi-kirandulasok\/ipolytarnoc\/\" rel=\"attachment wp-att-5376\"><img loading=\"lazy\" decoding=\"async\" class=\"alignnone size-full wp-image-5376\" src=\"https:\/\/www.goforgo.hu\/wp-content\/uploads\/2020\/02\/ipolytarn\u00f3c.jpg\" alt=\"\" width=\"512\" height=\"341\" srcset=\"https:\/\/www.goforgo.hu\/wp-content\/uploads\/2020\/02\/ipolytarn\u00f3c.jpg 512w, https:\/\/www.goforgo.hu\/wp-content\/uploads\/2020\/02\/ipolytarn\u00f3c-300x200.jpg 300w\" sizes=\"auto, (max-width: 512px) 100vw, 512px\" \/><\/a><\/td>\n<td width=\"440\">\n<h2>Ipolytarn\u00f3c<\/h2>\n<\/td>\n<td width=\"120\">\n<h2><\/h2>\n<\/td>\n<\/tr>\n<tr>\n<td width=\"150\" height=\"30\"><a href=\"https:\/\/www.goforgo.hu\/index.php\/belfoldi-kirandulasok\/sam_6309\/\" rel=\"attachment wp-att-3447\"><img loading=\"lazy\" decoding=\"async\" class=\"alignnone size-large wp-image-3447\" src=\"https:\/\/www.goforgo.hu\/wp-content\/uploads\/2015\/12\/SAM_6309-1024x768.jpg\" alt=\"SAM_6309\" width=\"1024\" height=\"768\" srcset=\"https:\/\/www.goforgo.hu\/wp-content\/uploads\/2015\/12\/SAM_6309-1024x768.jpg 1024w, https:\/\/www.goforgo.hu\/wp-content\/uploads\/2015\/12\/SAM_6309-300x225.jpg 300w, https:\/\/www.goforgo.hu\/wp-content\/uploads\/2015\/12\/SAM_6309-768x576.jpg 768w\" sizes=\"auto, (max-width: 1024px) 100vw, 1024px\" \/><\/a><\/td>\n<td width=\"440\">\n<h2>B\u00f6rzs\u00f6nyi kis kir\u00e1ndul\u00e1s: M\u00e1rianosztra, Nagyb\u00f6rzs\u00f6ny<\/h2>\n<\/td>\n<td style=\"text-align: center;\" width=\"120\">\n<h2><\/h2>\n<\/td>\n<\/tr>\n<tr>\n<td width=\"150\" height=\"30\">\u00a0<a href=\"https:\/\/www.goforgo.hu\/index.php\/2246-2\/szabadka_varoshaza_01\/\" rel=\"attachment wp-att-2296\"><img loading=\"lazy\" decoding=\"async\" class=\"alignnone size-full wp-image-2296\" src=\"https:\/\/www.goforgo.hu\/wp-content\/uploads\/2017\/01\/szabadka_varoshaza_01.jpg\" alt=\"szabadka_varoshaza_01\" width=\"580\" height=\"300\" srcset=\"https:\/\/www.goforgo.hu\/wp-content\/uploads\/2017\/01\/szabadka_varoshaza_01.jpg 580w, https:\/\/www.goforgo.hu\/wp-content\/uploads\/2017\/01\/szabadka_varoshaza_01-300x155.jpg 300w\" sizes=\"auto, (max-width: 580px) 100vw, 580px\" \/><\/a><\/td>\n<td width=\"440\">\n<h2>Adventi v\u00e1s\u00e1r Szabadk\u00e1n \u00e9s Szegeden<\/h2>\n<\/td>\n<td width=\"120\"><\/td>\n<\/tr>\n<tr>\n<td width=\"150\" height=\"30\"><a href=\"https:\/\/www.goforgo.hu\/index.php\/belfoldi-kirandulasok\/tihany-koncert\/\" rel=\"attachment wp-att-2710\"><img loading=\"lazy\" decoding=\"async\" class=\"alignnone size-full wp-image-2710\" src=\"https:\/\/www.goforgo.hu\/wp-content\/uploads\/2015\/12\/tihany-koncert.jpg\" alt=\"tihany koncert\" width=\"960\" height=\"640\" srcset=\"https:\/\/www.goforgo.hu\/wp-content\/uploads\/2015\/12\/tihany-koncert.jpg 960w, https:\/\/www.goforgo.hu\/wp-content\/uploads\/2015\/12\/tihany-koncert-300x200.jpg 300w, https:\/\/www.goforgo.hu\/wp-content\/uploads\/2015\/12\/tihany-koncert-768x512.jpg 768w\" sizes=\"auto, (max-width: 960px) 100vw, 960px\" \/><\/a><\/td>\n<td width=\"440\">\n<h2>Veszpr\u00e9mi Advent \u00e9s Ap\u00e1ts\u00e1gi koncert Tihanyban<\/h2>\n<\/td>\n<td width=\"120\"><\/td>\n<\/tr>\n<tr>\n<td width=\"150\" height=\"30\"><a href=\"https:\/\/www.goforgo.hu\/index.php\/belfoldi-kirandulasok\/nagyszeben-advent\/\" rel=\"attachment wp-att-5377\"><img loading=\"lazy\" decoding=\"async\" class=\"alignnone size-full wp-image-5377\" src=\"https:\/\/www.goforgo.hu\/wp-content\/uploads\/2020\/02\/Nagyszeben-advent.jpg\" alt=\"\" width=\"400\" height=\"218\" srcset=\"https:\/\/www.goforgo.hu\/wp-content\/uploads\/2020\/02\/Nagyszeben-advent.jpg 400w, https:\/\/www.goforgo.hu\/wp-content\/uploads\/2020\/02\/Nagyszeben-advent-300x164.jpg 300w\" sizes=\"auto, (max-width: 400px) 100vw, 400px\" \/><\/a><\/td>\n<td width=\"440\">\n<h2>Advent Nagyszeben<\/h2>\n<\/td>\n<td width=\"120\"><\/td>\n<\/tr>\n<\/tbody>\n<\/table>\n<h2><\/h2>\n","protected":false},"excerpt":{"rendered":"<p>Bakony sz\u00edv\u00e9ben &#8211; P\u00e1pa, Ganna. Veszpr\u00e9m, V\u00e1rpalota \u00a0Maty\u00f3 H\u00fasv\u00e9t Jeli Arbor\u00e9tum &#8211; rododendron vir\u00e1gz\u00e1s \u00e9s Szombathely . Kassai Lajos lovas\u00edj\u00e1szat, Kaposf\u0151 Zirc \u00e9s a Bakonyb\u00e9li Csillagda Szigetv\u00e1ri h\u0151s\u00f6k &#8211; Vill\u00e1nyi borok K\u00e1polnapuszta \u00e9s a Kis-Balaton \u0150rs\u00e9gi T\u00f6kfesztiv\u00e1l Ipolytarn\u00f3c B\u00f6rzs\u00f6nyi kis kir\u00e1ndul\u00e1s: M\u00e1rianosztra, Nagyb\u00f6rzs\u00f6ny \u00a0 Adventi v\u00e1s\u00e1r Szabadk\u00e1n \u00e9s Szegeden Veszpr\u00e9mi Advent \u00e9s Ap\u00e1ts\u00e1gi koncert Tihanyban Advent Nagyszeben<\/p>\n","protected":false},"author":1,"featured_media":0,"parent":0,"menu_order":0,"comment_status":"closed","ping_status":"closed","template":"","meta":{"footnotes":""},"class_list":["post-400","page","type-page","status-publish","hentry"],"_links":{"self":[{"href":"https:\/\/www.goforgo.hu\/index.php\/wp-json\/wp\/v2\/pages\/400","targetHints":{"allow":["GET"]}}],"collection":[{"href":"https:\/\/www.goforgo.hu\/index.php\/wp-json\/wp\/v2\/pages"}],"about":[{"href":"https:\/\/www.goforgo.hu\/index.php\/wp-json\/wp\/v2\/types\/page"}],"author":[{"embeddable":true,"href":"https:\/\/www.goforgo.hu\/index.php\/wp-json\/wp\/v2\/users\/1"}],"replies":[{"embeddable":true,"href":"https:\/\/www.goforgo.hu\/index.php\/wp-json\/wp\/v2\/comments?post=400"}],"version-history":[{"count":94,"href":"https:\/\/www.goforgo.hu\/index.php\/wp-json\/wp\/v2\/pages\/400\/revisions"}],"predecessor-version":[{"id":7196,"href":"https:\/\/www.goforgo.hu\/index.php\/wp-json\/wp\/v2\/pages\/400\/revisions\/7196"}],"wp:attachment":[{"href":"https:\/\/www.goforgo.hu\/index.php\/wp-json\/wp\/v2\/media?parent=400"}],"curies":[{"name":"wp","href":"https:\/\/api.w.org\/{rel}","templated":true}]}}