{"id":4360,"date":"2018-09-06T06:10:57","date_gmt":"2018-09-06T06:10:57","guid":{"rendered":"http:\/\/www.goforgo.hu\/?page_id=4360"},"modified":"2018-09-06T06:22:34","modified_gmt":"2018-09-06T06:22:34","slug":"u-s-air-tour-2019","status":"publish","type":"page","link":"https:\/\/www.goforgo.hu\/index.php\/u-s-air-tour-2019\/","title":{"rendered":"U.S. &#8211;  AIR TOUR 2019"},"content":{"rendered":"<p><a href=\"https:\/\/www.goforgo.hu\/index.php\/u-s-air-tour-2019\/usa-2019\/\" rel=\"attachment wp-att-4362\"><img loading=\"lazy\" decoding=\"async\" class=\"alignnone size-large wp-image-4362\" src=\"https:\/\/www.goforgo.hu\/wp-content\/uploads\/2018\/09\/USA-2019-1024x725.jpg\" alt=\"USA 2019\" width=\"1024\" height=\"725\" srcset=\"https:\/\/www.goforgo.hu\/wp-content\/uploads\/2018\/09\/USA-2019-1024x725.jpg 1024w, https:\/\/www.goforgo.hu\/wp-content\/uploads\/2018\/09\/USA-2019-300x212.jpg 300w, https:\/\/www.goforgo.hu\/wp-content\/uploads\/2018\/09\/USA-2019-768x544.jpg 768w, https:\/\/www.goforgo.hu\/wp-content\/uploads\/2018\/09\/USA-2019.jpg 1753w\" sizes=\"auto, (max-width: 1024px) 100vw, 1024px\" \/><\/a><\/p>\n<p>&nbsp;<\/p>\n<p>&nbsp;<\/p>\n<h2>Id\u0151pont : 2019.07.25 \u2013 08.06.<\/h2>\n<p><b>Utaz\u00e1s: <\/b>Rep\u00fcl\u0151 + kis busz<br \/>\n<b>Sz\u00e1ll\u00e1s, elhelyez\u00e9s: <\/b>egyszer\u0171, motelek, 2 \u00e1gyas szob\u00e1kban<br \/>\n<b>Id\u0151tartam: 12 nap<br \/>\n<\/b><br \/>\n<b>Idegenvezet\u00e9s: <\/b>csoport k\u00eds\u00e9r\u0151t biztos\u00edtunk<\/p>\n<p>&nbsp;<\/p>\n<p class=\"western\" align=\"center\"><span style=\"font-size: large;\"><u><b>PROGRAM TERVEZET:<\/b><\/u><\/span><\/p>\n<p class=\"western\" align=\"justify\"><span style=\"font-size: small;\"><b>0. nap (j\u00falius 25.): <\/b><\/span><span style=\"font-size: small;\">Elutaz\u00e1s rep\u00fcl\u0151g\u00e9ppel Budapestr\u0151l v. B\u00e9csr\u0151l az Amerikai Egyes\u00fclt \u00c1llamokba.<\/span><\/p>\n<p class=\"western\" align=\"justify\"><span style=\"font-size: small;\"><b>1. nap (j\u00falius 26.):<\/b><\/span><span style=\"font-size: small;\"> \u00c9rkez\u00e9s a chicag\u00f3i rep\u00fcl\u0151t\u00e9rre. A b\u00e9raut\u00f3k felv\u00e9tele ut\u00e1n az Oshkosh k\u00f6rny\u00e9ki sz\u00e1ll\u00e1s hely\u00fcnkre utazunk. (kb 380 km)<\/span><\/p>\n<p class=\"western\" align=\"justify\">\n<p class=\"western\" align=\"justify\"><span style=\"font-size: small;\"><b>2. nap (j\u00falius 27.): <\/b><\/span><span style=\"font-size: small;\">Az eg\u00e9sz napot az oshkoshi Wittman rep\u00fcl\u0151t\u00e9ren megrendez\u00e9sre ker\u00fcl\u0151 AIRVENTURA nev\u0171 rendezv\u00e9nyen t\u00f6ltj\u00fck, melyet a vil\u00e1g legnagyobb szab\u00e1s\u00fa AIR SHOW-jak\u00e9nt tartanak sz\u00e1mon. Info: <\/span><span style=\"color: #0000ff;\"><u><a class=\"western\" href=\"https:\/\/www.eaa.org\/en\/airventure\"><span style=\"font-size: small;\">https:\/\/www.eaa.org\/en\/airventure<\/span><\/a><\/u><\/span><span style=\"font-size: small;\">, bel\u00e9p\u0151 (2018-as k\u00e9t napos jegy): 80<\/span><\/p>\n<p class=\"western\" align=\"justify\"><span style=\"font-size: small;\"><b>3. nap (j\u00falius 28.): <\/b><\/span><span style=\"font-size: small;\">Az eg\u00e9sz napot az oshkoshi Wittman rep\u00fcl\u0151t\u00e9ren megrendez\u00e9sre ker\u00fcl\u0151 AIRVENTURA nev\u0171 rendezv\u00e9nyen t\u00f6ltj\u00fck.<\/span><\/p>\n<p class=\"western\" align=\"justify\"><span style=\"font-size: small;\"><b>4. nap (j\u00falius 29.): <\/b><\/span><span style=\"font-size: small;\">Ez a nap utaz\u00e1ssal telik: Oshkosh \u2013 Dayton kb. 800 km.<\/span><\/p>\n<p class=\"western\" align=\"justify\"><span style=\"font-size: small;\"><b>5. nap (j\u00falius 30.): <\/b><\/span><span style=\"font-size: small;\">A napot a <\/span><span style=\"font-size: small;\">Wright-Patterson Air Fo<\/span><span style=\"font-size: small;\">rce Base-en tal\u00e1lhat\u00f3 rep\u00fcl\u0151g\u00e9p m\u00fazeumban, a U.S.A.F. k\u00f6zponti m\u00fazeum\u00e1ban (<\/span><span style=\"font-size: small;\">National Museum of the United States Air Force)<\/span><span style=\"font-size: small;\"> t\u00f6ltj\u00fck, mely az Egyes\u00fclt \u00c1llamok legnagyobb ilyen jelleg\u0171 int\u00e9zm\u00e9nye. (kb. 100 km ezen a napon)<\/span><\/p>\n<p class=\"western\" align=\"justify\"><span style=\"font-size: small;\"> info: <\/span><span style=\"color: #0000ff;\"><u><a class=\"western\" href=\"https:\/\/www.nationalmuseum.af.mil\/\"><span style=\"font-size: small;\">https:\/\/www.nationalmuseum.af.mil\/<\/span><\/a><\/u><\/span><span style=\"font-size: small;\">, bel\u00e9p\u0151: a m\u00fazeum l\u00e1togat\u00e1sa ingyenes.<\/span><\/p>\n<p class=\"western\" align=\"justify\"><span style=\"font-size: small;\"><b>6. nap (j\u00falius 31.): <\/b><\/span><span style=\"font-size: small;\">Ez a nap is j\u00f3r\u00e9szt utaz\u00e1ssal telik el. Daytonb\u00f3l \u00e9szak-keleti ir\u00e1nyba indulunk a Nagy-Tavak vid\u00e9k\u00e9re, a Niagara-v\u00edzes\u00e9s k\u00f6rny\u00e9k\u00e9re. (kb. 750 km)<\/span><\/p>\n<p class=\"western\" align=\"justify\"><span style=\"font-size: small;\"><b>7. nap (augusztus 1.):<\/b><\/span><span style=\"font-size: small;\"> A d\u00e9lel\u0151tti \u00f3r\u00e1kban megn\u00e9zz\u00fck a Niagara v\u00edzes\u00e9st \u00e9s k\u00f6rny\u00e9k\u00e9t, majd kora d\u00e9lut\u00e1n tov\u00e1bb indulunk az Egyes\u00fclt \u00c1llamok f\u0151v\u00e1rosa ir\u00e1ny\u00e1ba. Sz\u00e1ll\u00e1sunk a pennsylvaniai Harrisburg k\u00f6rny\u00e9k\u00e9n lesz. (kb 450 km)<\/span><\/p>\n<p class=\"western\" align=\"justify\"><span style=\"font-size: small;\"><b>8. nap (augusztus 2.):<\/b><\/span><span style=\"font-size: small;\"> D\u00e9lel\u0151tt Washingtonba utazunk, ahol d\u00e9lt\u0151l megtekintj\u00fck a National Air and Space Museumot. Info: <\/span><span style=\"color: #0000ff;\"><u><a class=\"western\" href=\"https:\/\/airandspace.si.edu\/\"><span style=\"font-size: small;\">https:\/\/airandspace.si.edu\/<\/span><\/a><\/u><\/span><span style=\"font-size: small;\"> bel\u00e9p\u0151: a m\u00faz eum l\u00e1togat\u00e1sa ingyenes. A m\u00fazeum l\u00e1togat\u00e1s ut\u00e1n r\u00f6vid v\u00e1rosn\u00e9z\u00e9s, majd a k\u00f6zeli sz\u00e1ll\u00e1sunkra utazunk.<\/span><\/p>\n<p class=\"western\" align=\"justify\"><span style=\"font-size: small;\"><b>9. nap (augusztus 3.): <\/b><\/span><span style=\"font-size: small;\">D\u00e9lel\u0151tt az Udvarh\u00e1zy Center rep\u00fcl\u0151g\u00e9p gy\u0171jtem\u00e9ny\u00e9t n\u00e9zz\u00fck meg. Majd Philadelphia k\u00f6rny\u00e9ki sz\u00e1ll\u00e1sunkra utazunk, ahol 2 \u00e9jszak\u00e1t t\u00f6lt\u00fcnk. (kb 250 km)<\/span><\/p>\n<p class=\"western\" align=\"justify\"><span style=\"font-size: small;\"><b>10. nap (augusztus 4.):<\/b><\/span><span style=\"font-size: small;\"> New York-ba utazunk, ahol megn\u00e9zz\u00fck v\u00e1ros n\u00e9h\u00e1ny f\u0151bb nevezetess\u00e9g\u00e9t, ill. f\u0151 attrakci\u00f3j\u00e1t a U.SS. Intrepid rep\u00fcl\u0151g\u00e9p-hordoz\u00f3t,\u00e9s az azon ki\u00e1ll\u00edtott nagy sz\u00e1m\u00fa rep\u00fcl\u0151g\u00e9pet.<\/span><\/p>\n<p class=\"western\" align=\"justify\"><span style=\"font-size: small;\"><b>11. nap (augusztus 5.):<\/b><\/span><span style=\"font-size: small;\"> Indul\u00e1s haza rep\u00fcl\u0151g\u00e9ppel<\/span><\/p>\n<p class=\"western\" align=\"justify\"><span style=\"font-size: small;\"><b>12. nap (augusztus 6.): <\/b><\/span><span style=\"font-size: small;\">V\u00e1rhat\u00f3 haza\u00e9rkez\u00e9s Budapestre.<\/span><\/p>\n<p>&nbsp;<\/p>\n","protected":false},"excerpt":{"rendered":"<p>&nbsp; &nbsp; Id\u0151pont : 2019.07.25 \u2013 08.06. Utaz\u00e1s: Rep\u00fcl\u0151 + kis busz Sz\u00e1ll\u00e1s, elhelyez\u00e9s: egyszer\u0171, motelek, 2 \u00e1gyas szob\u00e1kban Id\u0151tartam: 12 nap Idegenvezet\u00e9s: csoport k\u00eds\u00e9r\u0151t biztos\u00edtunk &nbsp; PROGRAM TERVEZET: 0. nap (j\u00falius 25.): Elutaz\u00e1s rep\u00fcl\u0151g\u00e9ppel Budapestr\u0151l v. B\u00e9csr\u0151l az Amerikai Egyes\u00fclt \u00c1llamokba. 1. nap (j\u00falius 26.): \u00c9rkez\u00e9s a chicag\u00f3i rep\u00fcl\u0151t\u00e9rre. A b\u00e9raut\u00f3k felv\u00e9tele ut\u00e1n az Oshkosh k\u00f6rny\u00e9ki sz\u00e1ll\u00e1s hely\u00fcnkre utazunk. (kb 380 km) 2. nap (j\u00falius 27.): Az eg\u00e9sz napot az oshkoshi Wittman rep\u00fcl\u0151t\u00e9ren megrendez\u00e9sre ker\u00fcl\u0151 AIRVENTURA nev\u0171 rendezv\u00e9nyen t\u00f6ltj\u00fck, melyet a vil\u00e1g legnagyobb szab\u00e1s\u00fa AIR SHOW-jak\u00e9nt tartanak sz\u00e1mon. Info: https:\/\/www.eaa.org\/en\/airventure, bel\u00e9p\u0151 (2018-as k\u00e9t napos jegy): 80 3. nap (j\u00falius 28.): Az eg\u00e9sz napot az oshkoshi Wittman rep\u00fcl\u0151t\u00e9ren megrendez\u00e9sre ker\u00fcl\u0151 AIRVENTURA nev\u0171 rendezv\u00e9nyen t\u00f6ltj\u00fck. 4. nap (j\u00falius 29.): Ez a nap utaz\u00e1ssal telik: Oshkosh \u2013 Dayton kb. 800 km. 5. nap (j\u00falius 30.): A napot a Wright-Patterson Air Force Base-en tal\u00e1lhat\u00f3 rep\u00fcl\u0151g\u00e9p m\u00fazeumban, a U.S.A.F. k\u00f6zponti m\u00fazeum\u00e1ban (National Museum of the United States Air Force) t\u00f6ltj\u00fck, mely az Egyes\u00fclt \u00c1llamok legnagyobb ilyen jelleg\u0171 int\u00e9zm\u00e9nye. (kb. 100 km ezen a napon) info: https:\/\/www.nationalmuseum.af.mil\/, bel\u00e9p\u0151: a m\u00fazeum l\u00e1togat\u00e1sa ingyenes. 6. nap (j\u00falius 31.): Ez a nap is j\u00f3r\u00e9szt utaz\u00e1ssal telik el. Daytonb\u00f3l \u00e9szak-keleti ir\u00e1nyba indulunk a Nagy-Tavak vid\u00e9k\u00e9re, a Niagara-v\u00edzes\u00e9s k\u00f6rny\u00e9k\u00e9re. (kb. 750 km) 7. nap (augusztus 1.): A d\u00e9lel\u0151tti \u00f3r\u00e1kban megn\u00e9zz\u00fck a Niagara v\u00edzes\u00e9st \u00e9s k\u00f6rny\u00e9k\u00e9t, majd kora d\u00e9lut\u00e1n tov\u00e1bb indulunk az Egyes\u00fclt \u00c1llamok f\u0151v\u00e1rosa ir\u00e1ny\u00e1ba. Sz\u00e1ll\u00e1sunk a pennsylvaniai Harrisburg k\u00f6rny\u00e9k\u00e9n lesz. (kb 450 km) 8. nap (augusztus 2.): D\u00e9lel\u0151tt Washingtonba utazunk, ahol d\u00e9lt\u0151l megtekintj\u00fck a National Air and Space Museumot. Info: https:\/\/airandspace.si.edu\/ bel\u00e9p\u0151: a m\u00faz eum l\u00e1togat\u00e1sa ingyenes. A m\u00fazeum l\u00e1togat\u00e1s ut\u00e1n r\u00f6vid v\u00e1rosn\u00e9z\u00e9s, majd a k\u00f6zeli sz\u00e1ll\u00e1sunkra utazunk. 9. nap (augusztus 3.): D\u00e9lel\u0151tt az Udvarh\u00e1zy Center rep\u00fcl\u0151g\u00e9p gy\u0171jtem\u00e9ny\u00e9t n\u00e9zz\u00fck meg. Majd Philadelphia k\u00f6rny\u00e9ki sz\u00e1ll\u00e1sunkra utazunk, ahol 2 \u00e9jszak\u00e1t t\u00f6lt\u00fcnk. (kb 250 km) 10. nap (augusztus 4.): New York-ba utazunk, ahol megn\u00e9zz\u00fck v\u00e1ros n\u00e9h\u00e1ny f\u0151bb nevezetess\u00e9g\u00e9t, ill. f\u0151 attrakci\u00f3j\u00e1t a U.SS. Intrepid rep\u00fcl\u0151g\u00e9p-hordoz\u00f3t,\u00e9s az azon ki\u00e1ll\u00edtott nagy sz\u00e1m\u00fa rep\u00fcl\u0151g\u00e9pet. 11. nap (augusztus 5.): Indul\u00e1s haza rep\u00fcl\u0151g\u00e9ppel 12. nap (augusztus 6.): V\u00e1rhat\u00f3 haza\u00e9rkez\u00e9s Budapestre. &nbsp;<\/p>\n","protected":false},"author":1,"featured_media":0,"parent":0,"menu_order":0,"comment_status":"closed","ping_status":"closed","template":"","meta":{"footnotes":""},"class_list":["post-4360","page","type-page","status-publish","hentry"],"_links":{"self":[{"href":"https:\/\/www.goforgo.hu\/index.php\/wp-json\/wp\/v2\/pages\/4360","targetHints":{"allow":["GET"]}}],"collection":[{"href":"https:\/\/www.goforgo.hu\/index.php\/wp-json\/wp\/v2\/pages"}],"about":[{"href":"https:\/\/www.goforgo.hu\/index.php\/wp-json\/wp\/v2\/types\/page"}],"author":[{"embeddable":true,"href":"https:\/\/www.goforgo.hu\/index.php\/wp-json\/wp\/v2\/users\/1"}],"replies":[{"embeddable":true,"href":"https:\/\/www.goforgo.hu\/index.php\/wp-json\/wp\/v2\/comments?post=4360"}],"version-history":[{"count":4,"href":"https:\/\/www.goforgo.hu\/index.php\/wp-json\/wp\/v2\/pages\/4360\/revisions"}],"predecessor-version":[{"id":4366,"href":"https:\/\/www.goforgo.hu\/index.php\/wp-json\/wp\/v2\/pages\/4360\/revisions\/4366"}],"wp:attachment":[{"href":"https:\/\/www.goforgo.hu\/index.php\/wp-json\/wp\/v2\/media?parent=4360"}],"curies":[{"name":"wp","href":"https:\/\/api.w.org\/{rel}","templated":true}]}}