{"id":503,"date":"2016-01-05T13:40:11","date_gmt":"2016-01-05T13:40:11","guid":{"rendered":"http:\/\/www.goforgo.hu\/?page_id=503"},"modified":"2026-03-27T17:33:18","modified_gmt":"2026-03-27T17:33:18","slug":"erdely","status":"publish","type":"page","link":"https:\/\/www.goforgo.hu\/index.php\/erdely\/","title":{"rendered":"Erd\u00e9ly"},"content":{"rendered":"<h2><img loading=\"lazy\" decoding=\"async\" class=\"irc_mut aligncenter\" src=\"https:\/\/encrypted-tbn0.gstatic.com\/images?q=tbn:ANd9GcSRDkG8pEV7Dl78uZ8uJZwSEFikNKC4lmF7p9M3P2nRJd4UBtveAg\" alt=\"\" width=\"222\" height=\"244\" \/><\/h2>\n<h2>M\u00e1ramarosi kir\u00e1ndul\u00e1s<\/h2>\n<h2>Sz\u00e9kely Szabads\u00e1g napja<\/h2>\n<h2><a href=\"https:\/\/www.goforgo.hu\/index.php\/csiksomlyoi-bucsu-busszal\/\">Cs\u00edksomly\u00f3i B\u00facs\u00fa<\/a><\/h2>\n<h2>Cifra Kalotaszeg<\/h2>\n<h2><a href=\"https:\/\/www.goforgo.hu\/index.php\/szekelyfold-legszebb-tajain\/\">Sz\u00e9kelyf\u00f6ld legszebb t\u00e1jain<\/a><\/h2>\n<h2>D\u00e9l-Erd\u00e9ly csod\u00e1i<\/h2>\n<h2><a href=\"https:\/\/www.goforgo.hu\/index.php\/erdelyen-at-a-duna-deltaba\/\">Erd\u00e9lyen \u00e1t a Duna-delt\u00e1ba<\/a><\/h2>\n<h2>Szilveszter a Sz\u00e9kelyekn\u00e9l<\/h2>\n\n\n<p><\/p>\n","protected":false},"excerpt":{"rendered":"<p>M\u00e1ramarosi kir\u00e1ndul\u00e1s Sz\u00e9kely Szabads\u00e1g napja Cs\u00edksomly\u00f3i B\u00facs\u00fa Cifra Kalotaszeg Sz\u00e9kelyf\u00f6ld legszebb t\u00e1jain D\u00e9l-Erd\u00e9ly csod\u00e1i Erd\u00e9lyen \u00e1t a Duna-delt\u00e1ba Szilveszter a Sz\u00e9kelyekn\u00e9l<\/p>\n","protected":false},"author":1,"featured_media":0,"parent":0,"menu_order":0,"comment_status":"closed","ping_status":"closed","template":"","meta":{"footnotes":""},"class_list":["post-503","page","type-page","status-publish","hentry"],"_links":{"self":[{"href":"https:\/\/www.goforgo.hu\/index.php\/wp-json\/wp\/v2\/pages\/503","targetHints":{"allow":["GET"]}}],"collection":[{"href":"https:\/\/www.goforgo.hu\/index.php\/wp-json\/wp\/v2\/pages"}],"about":[{"href":"https:\/\/www.goforgo.hu\/index.php\/wp-json\/wp\/v2\/types\/page"}],"author":[{"embeddable":true,"href":"https:\/\/www.goforgo.hu\/index.php\/wp-json\/wp\/v2\/users\/1"}],"replies":[{"embeddable":true,"href":"https:\/\/www.goforgo.hu\/index.php\/wp-json\/wp\/v2\/comments?post=503"}],"version-history":[{"count":29,"href":"https:\/\/www.goforgo.hu\/index.php\/wp-json\/wp\/v2\/pages\/503\/revisions"}],"predecessor-version":[{"id":7912,"href":"https:\/\/www.goforgo.hu\/index.php\/wp-json\/wp\/v2\/pages\/503\/revisions\/7912"}],"wp:attachment":[{"href":"https:\/\/www.goforgo.hu\/index.php\/wp-json\/wp\/v2\/media?parent=503"}],"curies":[{"name":"wp","href":"https:\/\/api.w.org\/{rel}","templated":true}]}}