{"id":5053,"date":"2019-10-13T18:24:35","date_gmt":"2019-10-13T18:24:35","guid":{"rendered":"http:\/\/www.goforgo.hu\/?page_id=5053"},"modified":"2019-10-13T18:31:11","modified_gmt":"2019-10-13T18:31:11","slug":"krakko-es-zakopane-tel-eleji-kirandulas-lengyelorszagban","status":"publish","type":"page","link":"https:\/\/www.goforgo.hu\/index.php\/krakko-es-zakopane-tel-eleji-kirandulas-lengyelorszagban\/","title":{"rendered":"KRAKK\u00d3 \u00e9s ZAKOPANE &#8211; t\u00e9l eleji kir\u00e1ndul\u00e1s Lengyelorsz\u00e1gban"},"content":{"rendered":"<p><a href=\"https:\/\/www.goforgo.hu\/index.php\/proba-oldal\/collage-zakopane-advent-2\/\" rel=\"attachment wp-att-4494\"><img loading=\"lazy\" decoding=\"async\" class=\"alignnone size-large wp-image-4494\" src=\"https:\/\/www.goforgo.hu\/wp-content\/uploads\/2015\/10\/collage-Zakopane-advent-2-1024x338.jpg\" alt=\"collage Zakopane advent 2\" width=\"1024\" height=\"338\" srcset=\"https:\/\/www.goforgo.hu\/wp-content\/uploads\/2015\/10\/collage-Zakopane-advent-2-1024x338.jpg 1024w, https:\/\/www.goforgo.hu\/wp-content\/uploads\/2015\/10\/collage-Zakopane-advent-2-300x99.jpg 300w, https:\/\/www.goforgo.hu\/wp-content\/uploads\/2015\/10\/collage-Zakopane-advent-2-768x253.jpg 768w, https:\/\/www.goforgo.hu\/wp-content\/uploads\/2015\/10\/collage-Zakopane-advent-2.jpg 1200w\" sizes=\"auto, (max-width: 1024px) 100vw, 1024px\" \/><\/a><\/p>\n<p>&nbsp;<\/p>\n<p id=\"termeklap_rovid_leiras\">LENGYELORSZ\u00c1G mesesz\u00e9p birodalm\u00e1ba utazunk, ami ny\u00e1ron a z\u00f6ldell\u0151 f\u00e1k \u00e9s a tiszta hegyi leveg\u0151 miatt, t\u00e9len pedig a h\u00f3fedte cs\u00facsok, a rusztikus fah\u00e1zak k\u00fcl\u00f6nleges hangulata miatt kedvelt kir\u00e1ndul\u00f3hely. Nem utols\u00f3 sorban Krakk\u00f3 fontos t\u00f6rt\u00e9nelmi k\u00f6zpont, ZAKOPANE -ban a Gubalowka hegycs\u00facs\u00e1r\u00f3l fantasztikusan sz\u00e9p az el\u00e9nk t\u00e1rul\u00f3 t\u00e1j, a havas hegycs\u00facsok \u00e9s a Wieliczka s\u00f3b\u00e1nya kihagyhatatlan l\u00e1tnival\u00f3 nem csak az\u00e9rt mert a Vil\u00e1g\u00f6r\u00f6ks\u00e9g r\u00e9sze, hanem mert \u00f6nmag\u00e1ban is csod\u00e1latos.<\/p>\n<p id=\"termeklap_leiras\">LENGYELORSZ\u00c1G mesesz\u00e9p birodalm\u00e1ba utazunk, ami ny\u00e1ron a z\u00f6ldell\u0151 f\u00e1k \u00e9s a tiszta hegyi leveg\u0151 miatt, t\u00e9len pedig a h\u00f3fedte cs\u00facsok, a rusztikus fah\u00e1zak k\u00fcl\u00f6nleges hangulata miatt kedvelt kir\u00e1ndul\u00f3hely. Nem utols\u00f3 sorban Krakk\u00f3 fontos t\u00f6rt\u00e9nelmi k\u00f6zpont, ZAKOPANE -ban a Gubalowka hegycs\u00facs\u00e1r\u00f3l fantasztikusan sz\u00e9p az el\u00e9nk t\u00e1rul\u00f3 t\u00e1j, a havas hegycs\u00facsok \u00e9s a Wieliczka s\u00f3b\u00e1nya kihagyhatatlan l\u00e1tnival\u00f3 nem csak az\u00e9rt mert a Vil\u00e1g\u00f6r\u00f6ks\u00e9g r\u00e9sze, hanem mert \u00f6nmag\u00e1ban is csod\u00e1latos.<\/p>\n<p><a href=\"https:\/\/www.goforgo.hu\/index.php\/adventi-utak\/zakopane-2\/\" rel=\"attachment wp-att-1905\"><img loading=\"lazy\" decoding=\"async\" class=\" wp-image-1905 aligncenter\" src=\"https:\/\/www.goforgo.hu\/wp-content\/uploads\/2015\/10\/zakopane-2.jpg\" alt=\"zakopane-2\" width=\"640\" height=\"425\" srcset=\"https:\/\/www.goforgo.hu\/wp-content\/uploads\/2015\/10\/zakopane-2.jpg 450w, https:\/\/www.goforgo.hu\/wp-content\/uploads\/2015\/10\/zakopane-2-300x199.jpg 300w\" sizes=\"auto, (max-width: 640px) 100vw, 640px\" \/><\/a><\/p>\n<p>PROGRAMUNK R\u00c9SZLETEI<\/p>\n<p>INDUL\u00c1S<br \/>\n2019.11.22 &#8211; p\u00e9ntek<br \/>\nIndul\u00e1s a reggeli \u00f3r\u00e1kban Budapestr\u0151l<br \/>\nZakopane-ba \u00e9rkezve elfoglaljuk sz\u00e1ll\u00e1sunkat, majd a v\u00e1ros f\u0151utc\u00e1j\u00e1n v\u00e9gigs\u00e9t\u00e1lva a piacon \u00e1thaladva eljutunk a Gubalowka l\u00e1b\u00e1hoz, ahol felvon\u00f3ra sz\u00e1llunk, ami felvisz minket a Gubalowka cs\u00facs\u00e1ra. Fenn a cs\u00facson sz\u00e1mos kis fah\u00e1zban van lehet\u0151s\u00e9g\u00fcnk inni egy k\u00e1v\u00e9t, egy meleg te\u00e1t vagy forralt bort, enni is valamit \u00e9s a cs\u00facs sz\u00e9l\u00e9r\u0151l a csod\u00e1latos panor\u00e1ma miatt van b\u0151vel lehet\u0151s\u00e9g fot\u00f3zkodni is, de ak\u00e1r egy kis s\u00e9t\u00e1t is tehet\u00fcnk itt a hegyen.<br \/>\nA felvon\u00f3val visszat\u00e9r\u00fcnk a Gubalowka l\u00e1b\u00e1hoz majd megn\u00e9zz\u00fck m\u00e9g a v\u00e1ros p\u00e1r nevezetess\u00e9g\u00e9t \u00e9s visszas\u00e9t\u00e1lva a sz\u00e1llod\u00e1hoz elfogyasztjuk vacsor\u00e1nkat.<\/p>\n<p><a href=\"https:\/\/www.goforgo.hu\/index.php\/krakko-es-zakopane-tel-eleji-kirandulas-lengyelorszagban\/historia-kolejki-na-gubalowke-6\/\" rel=\"attachment wp-att-5056\"><img loading=\"lazy\" decoding=\"async\" class=\"size-full wp-image-5056 aligncenter\" src=\"https:\/\/www.goforgo.hu\/wp-content\/uploads\/2019\/10\/Historia-Kolejki-na-Gubalowke-6.jpg\" alt=\"Historia-Kolejki-na-Gubalowke-6\" width=\"800\" height=\"533\" \/><\/a><\/p>\n<p>2019.11.23. &#8211; szombat<br \/>\nK\u00f6z\u00f6sen elfogyasztjuk a reggelinket a sz\u00e1llod\u00e1ban, majd buszra \u00fcl\u00fcnk \u00e9s elindulunk Krakk\u00f3 fel\u00e9. Krakk\u00f3ban szabad program keret\u00e9ben v\u00e1rosn\u00e9z\u00e9s. Ha valaki k\u00f6z\u00f6sen egy kis csapatk\u00e9nt mozogva szeretn\u00e9 megtekinteni a v\u00e1rost, azzal megn\u00e9zz\u00fck egy\u00fctt Krakk\u00f3 nevezetess\u00e9geit.<br \/>\nAmint lehets\u00e9ges, csak kis id\u0151re megszak\u00edtva a v\u00e1rosn\u00e9z\u00e9st, terveink szerint a kora d\u00e9lut\u00e1ni \u00f3r\u00e1kban elfoglaljuk sz\u00e1ll\u00e1sunkat majd ezut\u00e1n mindenki szabad program keret\u00e9ben t\u00f6ltheti el a v\u00e1rosban.<\/p>\n<p><a href=\"https:\/\/www.goforgo.hu\/index.php\/krakko-es-zakopane-tel-eleji-kirandulas-lengyelorszagban\/krakko-telen\/\" rel=\"attachment wp-att-5058\"><img loading=\"lazy\" decoding=\"async\" class=\"alignnone size-large wp-image-5058\" src=\"https:\/\/www.goforgo.hu\/wp-content\/uploads\/2019\/10\/Krakko-t\u00e9len-1024x718.jpg\" alt=\"Krakko t\u00e9len\" width=\"1024\" height=\"718\" \/><\/a><\/p>\n<p>2019.11.24. &#8211; vas\u00e1rnap<br \/>\nA k\u00f6z\u00f6s reggelit k\u00f6vet\u0151en elmegy\u00fcnk \u00e9s megn\u00e9zz\u00fck a Vil\u00e1g\u00f6r\u00f6ks\u00e9g\u00e9t r\u00e9sz\u00e9t k\u00e9pez\u0151 Wieliczka s\u00f3b\u00e1ny\u00e1t. T\u00f6bb mint 40 \u00e9ve b\u00fcszk\u00e9lkedhet ezzel a c\u00edmmel a s\u00f3b\u00e1nya. Nem csoda, ha rengeteg l\u00e1togat\u00f3t vonz, hiszen az el\u00e9nk t\u00e1rul\u00f3 l\u00e1tv\u00e1ny gy\u00f6ny\u00f6r\u0171. A s\u00f3b\u00e1nya l\u00e1togat\u00e1sa ut\u00e1n buszra \u00fcl\u00fcnk \u00e9s elindulunk vissza Budapestre.<\/p>\n<p>\u00c9rkez\u00e9s a k\u00e9s\u0151 esti \u00f3r\u00e1kban v\u00e1rhat\u00f3. Lesz\u00e1ll\u00e1s a felsz\u00e1ll\u00e1snak megfelel\u0151 pontokon.<\/p>\n<h2 style=\"text-align: center;\">R\u00e9szv\u00e9teli d\u00edj: 39.900 Ft \/ f\u0151 &#8211; feln\u0151tt<br \/>\n38.000 Ft \/ f\u0151 &#8211; gyermek 12 \u00e9ves kor alatt<\/h2>\n<p style=\"text-align: left;\">A r\u00e9szv\u00e9teli d\u00edj tartalmazza:<br \/>\n&#8211; buszos utaz\u00e1s k\u00f6lts\u00e9g\u00e9t<br \/>\n&#8211; sz\u00e1ll\u00e1s 3 *** &#8211; os sz\u00e1llod\u00e1ban<br \/>\n&#8211; f\u00e9lpanzi\u00f3s ell\u00e1t\u00e1ssal<\/p>\n<p>A buszon regisztr\u00e1ci\u00f3s d\u00edj \u00e9s helyfoglal\u00e1si d\u00edj nincs.<br \/>\nAz utaz\u00e1s a l\u00e9tsz\u00e1mnak megfelel\u0151 aut\u00f3busszal t\u00f6rt\u00e9nik.<\/p>\n<p>A r\u00e9szv\u00e9teli d\u00edj NEM tartalmazza:<br \/>\n&#8211; utasbiztos\u00edt\u00e1s, mely online megk\u00f6thet\u0151<br \/>\n&#8211; az eb\u00e9det, napk\u00f6zbeni \u00e9tkez\u00e9st<\/p>\n<p>bel\u00e9p\u0151jegyek:<br \/>\nGUBALOWKA felvon\u00f3 \u00e1ra &#8211; 24 PLN \/ f\u0151 &#8211; oda vissza k\u00f6zleked\u00e9s a felvon\u00f3val<br \/>\nWIELICZKA S\u00d3B\u00c1NYA &#8211; 89 PLN \/ f\u0151<\/p>\n<p>&nbsp;<\/p>\n<p style=\"text-align: center;\"><a href=\"https:\/\/www.goforgo.hu\/index.php\/krakko-es-zakopane-tel-eleji-kirandulas-lengyelorszagban\/wieliczka\/\" rel=\"attachment wp-att-5057\"><img loading=\"lazy\" decoding=\"async\" class=\"alignnone size-full wp-image-5057\" src=\"https:\/\/www.goforgo.hu\/wp-content\/uploads\/2019\/10\/Wieliczka.jpeg\" alt=\"Wieliczka\" width=\"700\" height=\"514\" \/><\/a><\/p>\n<p>&nbsp;<\/p>\n","protected":false},"excerpt":{"rendered":"<p>&nbsp; LENGYELORSZ\u00c1G mesesz\u00e9p birodalm\u00e1ba utazunk, ami ny\u00e1ron a z\u00f6ldell\u0151 f\u00e1k \u00e9s a tiszta hegyi leveg\u0151 miatt, t\u00e9len pedig a h\u00f3fedte cs\u00facsok, a rusztikus fah\u00e1zak k\u00fcl\u00f6nleges hangulata miatt kedvelt kir\u00e1ndul\u00f3hely. Nem utols\u00f3 sorban Krakk\u00f3 fontos t\u00f6rt\u00e9nelmi k\u00f6zpont, ZAKOPANE -ban a Gubalowka hegycs\u00facs\u00e1r\u00f3l fantasztikusan sz\u00e9p az el\u00e9nk t\u00e1rul\u00f3 t\u00e1j, a havas hegycs\u00facsok \u00e9s a Wieliczka s\u00f3b\u00e1nya kihagyhatatlan l\u00e1tnival\u00f3 nem csak az\u00e9rt mert a Vil\u00e1g\u00f6r\u00f6ks\u00e9g r\u00e9sze, hanem mert \u00f6nmag\u00e1ban is csod\u00e1latos. LENGYELORSZ\u00c1G mesesz\u00e9p birodalm\u00e1ba utazunk, ami ny\u00e1ron a z\u00f6ldell\u0151 f\u00e1k \u00e9s a tiszta hegyi leveg\u0151 miatt, t\u00e9len pedig a h\u00f3fedte cs\u00facsok, a rusztikus fah\u00e1zak k\u00fcl\u00f6nleges hangulata miatt kedvelt kir\u00e1ndul\u00f3hely. Nem utols\u00f3 sorban Krakk\u00f3 fontos t\u00f6rt\u00e9nelmi k\u00f6zpont, ZAKOPANE -ban a Gubalowka hegycs\u00facs\u00e1r\u00f3l fantasztikusan sz\u00e9p az el\u00e9nk t\u00e1rul\u00f3 t\u00e1j, a havas hegycs\u00facsok \u00e9s a Wieliczka s\u00f3b\u00e1nya kihagyhatatlan l\u00e1tnival\u00f3 nem csak az\u00e9rt mert a Vil\u00e1g\u00f6r\u00f6ks\u00e9g r\u00e9sze, hanem mert \u00f6nmag\u00e1ban is csod\u00e1latos. PROGRAMUNK R\u00c9SZLETEI INDUL\u00c1S 2019.11.22 &#8211; p\u00e9ntek Indul\u00e1s a reggeli \u00f3r\u00e1kban Budapestr\u0151l Zakopane-ba \u00e9rkezve elfoglaljuk sz\u00e1ll\u00e1sunkat, majd a v\u00e1ros f\u0151utc\u00e1j\u00e1n v\u00e9gigs\u00e9t\u00e1lva a piacon \u00e1thaladva eljutunk a Gubalowka l\u00e1b\u00e1hoz, ahol felvon\u00f3ra sz\u00e1llunk, ami felvisz minket a Gubalowka cs\u00facs\u00e1ra. Fenn a cs\u00facson sz\u00e1mos kis fah\u00e1zban van lehet\u0151s\u00e9g\u00fcnk inni egy k\u00e1v\u00e9t, egy meleg te\u00e1t vagy forralt bort, enni is valamit \u00e9s a cs\u00facs sz\u00e9l\u00e9r\u0151l a csod\u00e1latos panor\u00e1ma miatt van b\u0151vel lehet\u0151s\u00e9g fot\u00f3zkodni is, de ak\u00e1r egy kis s\u00e9t\u00e1t is tehet\u00fcnk itt a hegyen. A felvon\u00f3val visszat\u00e9r\u00fcnk a Gubalowka l\u00e1b\u00e1hoz majd megn\u00e9zz\u00fck m\u00e9g a v\u00e1ros p\u00e1r nevezetess\u00e9g\u00e9t \u00e9s visszas\u00e9t\u00e1lva a sz\u00e1llod\u00e1hoz elfogyasztjuk vacsor\u00e1nkat. 2019.11.23. &#8211; szombat K\u00f6z\u00f6sen elfogyasztjuk a reggelinket a sz\u00e1llod\u00e1ban, majd buszra \u00fcl\u00fcnk \u00e9s elindulunk Krakk\u00f3 fel\u00e9. Krakk\u00f3ban szabad program keret\u00e9ben v\u00e1rosn\u00e9z\u00e9s. Ha valaki k\u00f6z\u00f6sen egy kis csapatk\u00e9nt mozogva szeretn\u00e9 megtekinteni a v\u00e1rost, azzal megn\u00e9zz\u00fck egy\u00fctt Krakk\u00f3 nevezetess\u00e9geit. Amint lehets\u00e9ges, csak kis id\u0151re megszak\u00edtva a v\u00e1rosn\u00e9z\u00e9st, terveink szerint a kora d\u00e9lut\u00e1ni \u00f3r\u00e1kban elfoglaljuk sz\u00e1ll\u00e1sunkat majd ezut\u00e1n mindenki szabad program keret\u00e9ben t\u00f6ltheti el a v\u00e1rosban. 2019.11.24. &#8211; vas\u00e1rnap A k\u00f6z\u00f6s reggelit k\u00f6vet\u0151en elmegy\u00fcnk \u00e9s megn\u00e9zz\u00fck a Vil\u00e1g\u00f6r\u00f6ks\u00e9g\u00e9t r\u00e9sz\u00e9t k\u00e9pez\u0151 Wieliczka s\u00f3b\u00e1ny\u00e1t. T\u00f6bb mint 40 \u00e9ve b\u00fcszk\u00e9lkedhet ezzel a c\u00edmmel a s\u00f3b\u00e1nya. Nem csoda, ha rengeteg l\u00e1togat\u00f3t vonz, hiszen az el\u00e9nk t\u00e1rul\u00f3 l\u00e1tv\u00e1ny gy\u00f6ny\u00f6r\u0171. A s\u00f3b\u00e1nya l\u00e1togat\u00e1sa ut\u00e1n buszra \u00fcl\u00fcnk \u00e9s elindulunk vissza Budapestre. \u00c9rkez\u00e9s a k\u00e9s\u0151 esti \u00f3r\u00e1kban v\u00e1rhat\u00f3. Lesz\u00e1ll\u00e1s a felsz\u00e1ll\u00e1snak megfelel\u0151 pontokon. R\u00e9szv\u00e9teli d\u00edj: 39.900 Ft \/ f\u0151 &#8211; feln\u0151tt 38.000 Ft \/ f\u0151 &#8211; gyermek 12 \u00e9ves kor alatt A r\u00e9szv\u00e9teli d\u00edj tartalmazza: &#8211; buszos utaz\u00e1s k\u00f6lts\u00e9g\u00e9t &#8211; sz\u00e1ll\u00e1s 3 *** &#8211; os sz\u00e1llod\u00e1ban &#8211; f\u00e9lpanzi\u00f3s ell\u00e1t\u00e1ssal A buszon regisztr\u00e1ci\u00f3s d\u00edj \u00e9s helyfoglal\u00e1si d\u00edj nincs. Az utaz\u00e1s a l\u00e9tsz\u00e1mnak megfelel\u0151 aut\u00f3busszal t\u00f6rt\u00e9nik. A r\u00e9szv\u00e9teli d\u00edj NEM tartalmazza: &#8211; utasbiztos\u00edt\u00e1s, mely online megk\u00f6thet\u0151 &#8211; az eb\u00e9det, napk\u00f6zbeni \u00e9tkez\u00e9st bel\u00e9p\u0151jegyek: GUBALOWKA felvon\u00f3 \u00e1ra &#8211; 24 PLN \/ f\u0151 &#8211; oda vissza k\u00f6zleked\u00e9s a felvon\u00f3val WIELICZKA S\u00d3B\u00c1NYA &#8211; 89 PLN \/ f\u0151 &nbsp; &nbsp;<\/p>\n","protected":false},"author":1,"featured_media":0,"parent":0,"menu_order":0,"comment_status":"closed","ping_status":"closed","template":"","meta":{"footnotes":""},"class_list":["post-5053","page","type-page","status-publish","hentry"],"_links":{"self":[{"href":"https:\/\/www.goforgo.hu\/index.php\/wp-json\/wp\/v2\/pages\/5053","targetHints":{"allow":["GET"]}}],"collection":[{"href":"https:\/\/www.goforgo.hu\/index.php\/wp-json\/wp\/v2\/pages"}],"about":[{"href":"https:\/\/www.goforgo.hu\/index.php\/wp-json\/wp\/v2\/types\/page"}],"author":[{"embeddable":true,"href":"https:\/\/www.goforgo.hu\/index.php\/wp-json\/wp\/v2\/users\/1"}],"replies":[{"embeddable":true,"href":"https:\/\/www.goforgo.hu\/index.php\/wp-json\/wp\/v2\/comments?post=5053"}],"version-history":[{"count":3,"href":"https:\/\/www.goforgo.hu\/index.php\/wp-json\/wp\/v2\/pages\/5053\/revisions"}],"predecessor-version":[{"id":5059,"href":"https:\/\/www.goforgo.hu\/index.php\/wp-json\/wp\/v2\/pages\/5053\/revisions\/5059"}],"wp:attachment":[{"href":"https:\/\/www.goforgo.hu\/index.php\/wp-json\/wp\/v2\/media?parent=5053"}],"curies":[{"name":"wp","href":"https:\/\/api.w.org\/{rel}","templated":true}]}}