{"id":7591,"date":"2025-11-12T17:30:42","date_gmt":"2025-11-12T17:30:42","guid":{"rendered":"https:\/\/www.goforgo.hu\/?page_id=7591"},"modified":"2025-11-12T17:30:42","modified_gmt":"2025-11-12T17:30:42","slug":"advent-grazban","status":"publish","type":"page","link":"https:\/\/www.goforgo.hu\/index.php\/advent-grazban\/","title":{"rendered":"Advent Grazban"},"content":{"rendered":"\n<figure class=\"wp-block-image size-large\"><a href=\"https:\/\/www.goforgo.hu\/wp-content\/uploads\/2025\/11\/00a_Christkindlmarkt-am-Hauptplatz-cGraz-Tourismus-Harry-Schiffer-7.jpg\"><img loading=\"lazy\" decoding=\"async\" width=\"1024\" height=\"683\" src=\"https:\/\/www.goforgo.hu\/wp-content\/uploads\/2025\/11\/00a_Christkindlmarkt-am-Hauptplatz-cGraz-Tourismus-Harry-Schiffer-7-1024x683.jpg\" alt=\"\" class=\"wp-image-7592\" srcset=\"https:\/\/www.goforgo.hu\/wp-content\/uploads\/2025\/11\/00a_Christkindlmarkt-am-Hauptplatz-cGraz-Tourismus-Harry-Schiffer-7-1024x683.jpg 1024w, https:\/\/www.goforgo.hu\/wp-content\/uploads\/2025\/11\/00a_Christkindlmarkt-am-Hauptplatz-cGraz-Tourismus-Harry-Schiffer-7-768x512.jpg 768w, https:\/\/www.goforgo.hu\/wp-content\/uploads\/2025\/11\/00a_Christkindlmarkt-am-Hauptplatz-cGraz-Tourismus-Harry-Schiffer-7-1140x760.jpg 1140w, https:\/\/www.goforgo.hu\/wp-content\/uploads\/2025\/11\/00a_Christkindlmarkt-am-Hauptplatz-cGraz-Tourismus-Harry-Schiffer-7.jpg 1200w\" sizes=\"auto, (max-width: 1024px) 100vw, 1024px\" \/><\/a><\/figure>\n\n\n\n<figure class=\"wp-block-table\"><table class=\"has-fixed-layout\"><tbody><tr><td><strong>Id\u0151pont&nbsp;&nbsp;&nbsp; :&nbsp;<\/strong><\/td><td><strong>2025.12.13.<\/strong><\/td><td><strong>Poz.sz\u00e1m:<\/strong><\/td><td><strong>25\/ AGR\/ 02<\/strong><\/td><\/tr><tr><td colspan=\"4\"><strong>\u00datvonal\u00a0\u00a0\u00a0 :<\/strong>\u00a0\u00a0 Budapest \u2013 Graz \u2013 Budapest<\/td><\/tr><tr><td colspan=\"4\"><strong>Utaz\u00e1s&nbsp;&nbsp;&nbsp;&nbsp;&nbsp; :&nbsp;&nbsp;&nbsp;<\/strong>az utasl\u00e9tsz\u00e1mnak megfelel\u0151 aut\u00f3busszal<\/td><\/tr><tr><td><strong>Id\u0151tartam:&nbsp;&nbsp;<\/strong><\/td><td>1 nap<\/td><td><strong>Idegenvezet\u00e9s: &nbsp;<\/strong><\/td><td>az aut\u00f3buszon<\/td><\/tr><\/tbody><\/table><\/figure>\n\n\n\n<p><strong>Indul\u00e1s: 6:30<\/strong> \u2013kor <strong>Budapest, \u00dcll\u0151i \u00fat 110<\/strong>\u00a0(Ecseri \u00fati OMV benzink\u00fat, befel\u00e9 vezet\u0151 oldal\u00e1n)<\/p>\n\n\n\n<p>Utaz\u00e1s r\u00f6vid pihen\u0151kkel <strong>Graz<\/strong>ig. St\u00e1jerorsz\u00e1g f\u0151v\u00e1ros\u00e1ban el\u0151sz\u00f6r felmegy\u00fcnk a v\u00e1ros f\u00f6l\u00e9 473 m-re emelked\u0151 \u201e<strong>Schlossberg<\/strong>\u201d-re, azaz Kast\u00e9lyhegyre, a 2004-ben \u00fajj\u00e1var\u00e1zsolt, de 1894 \u00f3ta m\u0171k\u00f6d\u0151 dr\u00f3tk\u00f6t\u00e9l-vontatta kisvas\u00fattal. Itt tal\u00e1lhat\u00f3 a v\u00e1ros egyik jelk\u00e9pe, a h\u00edres \u00f3ratorony. A k\u00f6rny\u00e9k gy\u00f6ny\u00f6r\u0171 panor\u00e1m\u00e1j\u00e1nak megcsod\u00e1l\u00e1sa mell\u00e9 adventkor j\u00e1r egy kis szabadid\u0151, mely alatt vagy felfedezz\u00fck a v\u00e1r rejtett zugait, vagy egy poh\u00e1r forraltborral a kez\u00fcnkben elmer\u00fcl\u00fcnk a v\u00e1ros csod\u00e1latos l\u00e1tv\u00e1ny\u00e1ban. <\/p>\n\n\n\n<figure class=\"wp-block-image size-full\"><a href=\"https:\/\/www.goforgo.hu\/wp-content\/uploads\/2025\/11\/advent-graz-reise784.jpg\"><img loading=\"lazy\" decoding=\"async\" width=\"800\" height=\"600\" src=\"https:\/\/www.goforgo.hu\/wp-content\/uploads\/2025\/11\/advent-graz-reise784.jpg\" alt=\"\" class=\"wp-image-7593\" srcset=\"https:\/\/www.goforgo.hu\/wp-content\/uploads\/2025\/11\/advent-graz-reise784.jpg 800w, https:\/\/www.goforgo.hu\/wp-content\/uploads\/2025\/11\/advent-graz-reise784-768x576.jpg 768w\" sizes=\"auto, (max-width: 800px) 100vw, 800px\" \/><\/a><\/figure>\n\n\n\n<p>Les\u00e9t\u00e1lunk a belv\u00e1rosba, ahol r\u00f6vid v\u00e1rosn\u00e9z\u00e9st tartunk. Ennek keret\u00e9ben megtekintj\u00fck a <strong>Burg<\/strong>-ot, a <strong>D\u00f3m<\/strong>ot, a F\u0151teret \u00e9s a v\u00e1rosh\u00e1z\u00e1t, majd du. 1-2 \u00f3r\u00e1s szabadid\u0151 k\u00f6vetkezik a belv\u00e1rosban, ahol r\u00e9szt vehet\u00fcnk az ADVENTI v\u00e1s\u00e1r forgatag\u00e1ban. 17:00-kor indul\u00e1s haza, \u00e9rkez\u00e9s Budapestre a k\u00e9s\u0151 \u00e9jjeli \u00f3r\u00e1kban. Lesz\u00e1ll\u00e1si lehet\u0151s\u00e9g a felsz\u00e1ll\u00e1ssal megegyez\u0151 helyeken.<\/p>\n\n\n\n<figure class=\"wp-block-image size-large\"><a href=\"https:\/\/www.goforgo.hu\/wp-content\/uploads\/2025\/11\/winter-wonderlend-graz-2024_03-1.jpg\"><img loading=\"lazy\" decoding=\"async\" width=\"1024\" height=\"681\" src=\"https:\/\/www.goforgo.hu\/wp-content\/uploads\/2025\/11\/winter-wonderlend-graz-2024_03-1-1024x681.jpg\" alt=\"\" class=\"wp-image-7594\" srcset=\"https:\/\/www.goforgo.hu\/wp-content\/uploads\/2025\/11\/winter-wonderlend-graz-2024_03-1-1024x681.jpg 1024w, https:\/\/www.goforgo.hu\/wp-content\/uploads\/2025\/11\/winter-wonderlend-graz-2024_03-1-768x511.jpg 768w, https:\/\/www.goforgo.hu\/wp-content\/uploads\/2025\/11\/winter-wonderlend-graz-2024_03-1-1140x758.jpg 1140w, https:\/\/www.goforgo.hu\/wp-content\/uploads\/2025\/11\/winter-wonderlend-graz-2024_03-1.jpg 1200w\" sizes=\"auto, (max-width: 1024px) 100vw, 1024px\" \/><\/a><\/figure>\n\n\n\n<h1 class=\"wp-block-heading has-text-align-center\">R\u00e9szv\u00e9teli d\u00edj: 25 000 Ft\/f\u0151<\/h1>\n\n\n\n<p><\/p>\n\n\n\n<p><em><u><strong>A r\u00e9szv\u00e9teli d\u00edj tartalmazza<\/strong><\/u><\/em><em><strong>:<\/strong><\/em><em> az aut\u00f3buszos utaz\u00e1s k\u00f6lts\u00e9geit, csoportk\u00eds\u00e9r\u0151t biztos\u00edtunk<\/em><\/p>\n\n\n\n<p><em><u><strong>A r\u00e9szv\u00e9teli d\u00edj nem tartalmazza<\/strong><\/u><\/em><em><strong>:<\/strong><\/em><em> a bel\u00e9p\u0151jegyeket, melyek a helysz\u00ednen fizetend\u0151k \u00e9s a BBP- biztos\u00edt\u00e1st, mely irod\u00e1inkban csoportos kedvezm\u00e9nnyel megk\u00f6thet\u0151.<\/em><\/p>\n\n\n\n<figure class=\"wp-block-image size-full\"><a href=\"https:\/\/www.goforgo.hu\/wp-content\/uploads\/2025\/11\/adventzug-c-graz-tourismus-harry-schiffer-8-.300a7c7a.jpg\"><img loading=\"lazy\" decoding=\"async\" width=\"838\" height=\"838\" src=\"https:\/\/www.goforgo.hu\/wp-content\/uploads\/2025\/11\/adventzug-c-graz-tourismus-harry-schiffer-8-.300a7c7a.jpg\" alt=\"\" class=\"wp-image-7596\" srcset=\"https:\/\/www.goforgo.hu\/wp-content\/uploads\/2025\/11\/adventzug-c-graz-tourismus-harry-schiffer-8-.300a7c7a.jpg 838w, https:\/\/www.goforgo.hu\/wp-content\/uploads\/2025\/11\/adventzug-c-graz-tourismus-harry-schiffer-8-.300a7c7a-300x300.jpg 300w, https:\/\/www.goforgo.hu\/wp-content\/uploads\/2025\/11\/adventzug-c-graz-tourismus-harry-schiffer-8-.300a7c7a-150x150.jpg 150w, https:\/\/www.goforgo.hu\/wp-content\/uploads\/2025\/11\/adventzug-c-graz-tourismus-harry-schiffer-8-.300a7c7a-768x768.jpg 768w, https:\/\/www.goforgo.hu\/wp-content\/uploads\/2025\/11\/adventzug-c-graz-tourismus-harry-schiffer-8-.300a7c7a-75x75.jpg 75w\" sizes=\"auto, (max-width: 838px) 100vw, 838px\" \/><\/a><\/figure>\n","protected":false},"excerpt":{"rendered":"<p>Id\u0151pont&nbsp;&nbsp;&nbsp; :&nbsp; 2025.12.13. Poz.sz\u00e1m: 25\/ AGR\/ 02 \u00datvonal\u00a0\u00a0\u00a0 :\u00a0\u00a0 Budapest \u2013 Graz \u2013 Budapest Utaz\u00e1s&nbsp;&nbsp;&nbsp;&nbsp;&nbsp; :&nbsp;&nbsp;&nbsp;az utasl\u00e9tsz\u00e1mnak megfelel\u0151 aut\u00f3busszal Id\u0151tartam:&nbsp;&nbsp; 1 nap Idegenvezet\u00e9s: &nbsp; az aut\u00f3buszon Indul\u00e1s: 6:30 \u2013kor Budapest, \u00dcll\u0151i \u00fat 110\u00a0(Ecseri \u00fati OMV benzink\u00fat, befel\u00e9 vezet\u0151 oldal\u00e1n) Utaz\u00e1s r\u00f6vid pihen\u0151kkel Grazig. St\u00e1jerorsz\u00e1g f\u0151v\u00e1ros\u00e1ban el\u0151sz\u00f6r felmegy\u00fcnk a v\u00e1ros f\u00f6l\u00e9 473 m-re emelked\u0151 \u201eSchlossberg\u201d-re, azaz Kast\u00e9lyhegyre, a 2004-ben \u00fajj\u00e1var\u00e1zsolt, de 1894 \u00f3ta m\u0171k\u00f6d\u0151 dr\u00f3tk\u00f6t\u00e9l-vontatta kisvas\u00fattal. Itt tal\u00e1lhat\u00f3 a v\u00e1ros egyik jelk\u00e9pe, a h\u00edres \u00f3ratorony. A k\u00f6rny\u00e9k gy\u00f6ny\u00f6r\u0171 panor\u00e1m\u00e1j\u00e1nak megcsod\u00e1l\u00e1sa mell\u00e9 adventkor j\u00e1r egy kis szabadid\u0151, mely alatt vagy felfedezz\u00fck a v\u00e1r rejtett zugait, vagy egy poh\u00e1r forraltborral a kez\u00fcnkben elmer\u00fcl\u00fcnk a v\u00e1ros csod\u00e1latos l\u00e1tv\u00e1ny\u00e1ban. Les\u00e9t\u00e1lunk a belv\u00e1rosba, ahol r\u00f6vid v\u00e1rosn\u00e9z\u00e9st tartunk. Ennek keret\u00e9ben megtekintj\u00fck a Burg-ot, a D\u00f3mot, a F\u0151teret \u00e9s a v\u00e1rosh\u00e1z\u00e1t, majd du. 1-2 \u00f3r\u00e1s szabadid\u0151 k\u00f6vetkezik a belv\u00e1rosban, ahol r\u00e9szt vehet\u00fcnk az ADVENTI v\u00e1s\u00e1r forgatag\u00e1ban. 17:00-kor indul\u00e1s haza, \u00e9rkez\u00e9s Budapestre a k\u00e9s\u0151 \u00e9jjeli \u00f3r\u00e1kban. Lesz\u00e1ll\u00e1si lehet\u0151s\u00e9g a felsz\u00e1ll\u00e1ssal megegyez\u0151 helyeken. R\u00e9szv\u00e9teli d\u00edj: 25 000 Ft\/f\u0151 A r\u00e9szv\u00e9teli d\u00edj tartalmazza: az aut\u00f3buszos utaz\u00e1s k\u00f6lts\u00e9geit, csoportk\u00eds\u00e9r\u0151t biztos\u00edtunk A r\u00e9szv\u00e9teli d\u00edj nem tartalmazza: a bel\u00e9p\u0151jegyeket, melyek a helysz\u00ednen fizetend\u0151k \u00e9s a BBP- biztos\u00edt\u00e1st, mely irod\u00e1inkban csoportos kedvezm\u00e9nnyel megk\u00f6thet\u0151.<\/p>\n","protected":false},"author":1,"featured_media":0,"parent":0,"menu_order":0,"comment_status":"closed","ping_status":"closed","template":"","meta":{"footnotes":""},"class_list":["post-7591","page","type-page","status-publish","hentry"],"_links":{"self":[{"href":"https:\/\/www.goforgo.hu\/index.php\/wp-json\/wp\/v2\/pages\/7591","targetHints":{"allow":["GET"]}}],"collection":[{"href":"https:\/\/www.goforgo.hu\/index.php\/wp-json\/wp\/v2\/pages"}],"about":[{"href":"https:\/\/www.goforgo.hu\/index.php\/wp-json\/wp\/v2\/types\/page"}],"author":[{"embeddable":true,"href":"https:\/\/www.goforgo.hu\/index.php\/wp-json\/wp\/v2\/users\/1"}],"replies":[{"embeddable":true,"href":"https:\/\/www.goforgo.hu\/index.php\/wp-json\/wp\/v2\/comments?post=7591"}],"version-history":[{"count":1,"href":"https:\/\/www.goforgo.hu\/index.php\/wp-json\/wp\/v2\/pages\/7591\/revisions"}],"predecessor-version":[{"id":7597,"href":"https:\/\/www.goforgo.hu\/index.php\/wp-json\/wp\/v2\/pages\/7591\/revisions\/7597"}],"wp:attachment":[{"href":"https:\/\/www.goforgo.hu\/index.php\/wp-json\/wp\/v2\/media?parent=7591"}],"curies":[{"name":"wp","href":"https:\/\/api.w.org\/{rel}","templated":true}]}}

<figure class="wp-block-image size-large"><a href="https://www.goforgo.hu/wp-content/uploads/2025/11/00a_Christkindlmarkt-am-Hauptplatz-cGraz-Tourismus-Harry-Schiffer-7.jpg"><img loading="lazy" decoding="async" width="1024" height="683" src="https://www.goforgo.hu/wp-content/uploads/2025/11/00a_Christkindlmarkt-am-Hauptplatz-cGraz-Tourismus-Harry-Schiffer-7-1024x683.jpg" alt="" class="wp-image-7592" srcset="https://www.goforgo.hu/wp-content/uploads/2025/11/00a_Christkindlmarkt-am-Hauptplatz-cGraz-Tourismus-Harry-Schiffer-7-1024x683.jpg 1024w, https://www.goforgo.hu/wp-content/uploads/2025/11/00a_Christkindlmarkt-am-Hauptplatz-cGraz-Tourismus-Harry-Schiffer-7-768x512.jpg 768w, https://www.goforgo.hu/wp-content/uploads/2025/11/00a_Christkindlmarkt-am-Hauptplatz-cGraz-Tourismus-Harry-Schiffer-7-1140x760.jpg 1140w, https://www.goforgo.hu/wp-content/uploads/2025/11/00a_Christkindlmarkt-am-Hauptplatz-cGraz-Tourismus-Harry-Schiffer-7.jpg 1200w" sizes="auto, (max-width: 1024px) 100vw, 1024px" /></a></figure>



<figure class="wp-block-table"><table class="has-fixed-layout"><tbody><tr><td><strong>Időpont&nbsp;&nbsp;&nbsp; :&nbsp;</strong></td><td><strong>2025.12.13.</strong></td><td><strong>Poz.szám:</strong></td><td><strong>25/ AGR/ 02</strong></td></tr><tr><td colspan="4"><strong>Útvonal    :</strong>   Budapest – Graz – Budapest</td></tr><tr><td colspan="4"><strong>Utazás&nbsp;&nbsp;&nbsp;&nbsp;&nbsp; :&nbsp;&nbsp;&nbsp;</strong>az utaslétszámnak megfelelő autóbusszal</td></tr><tr><td><strong>Időtartam:&nbsp;&nbsp;</strong></td><td>1 nap</td><td><strong>Idegenvezetés: &nbsp;</strong></td><td>az autóbuszon</td></tr></tbody></table></figure>



<p><strong>Indulás: 6:30</strong> –kor <strong>Budapest, Üllői út 110</strong> (Ecseri úti OMV benzinkút, befelé vezető oldalán)</p>



<p>Utazás rövid pihenőkkel <strong>Graz</strong>ig. Stájerország fővárosában először felmegyünk a város fölé 473 m-re emelkedő „<strong>Schlossberg</strong>”-re, azaz Kastélyhegyre, a 2004-ben újjávarázsolt, de 1894 óta működő drótkötél-vontatta kisvasúttal. Itt található a város egyik jelképe, a híres óratorony. A környék gyönyörű panorámájának megcsodálása mellé adventkor jár egy kis szabadidő, mely alatt vagy felfedezzük a vár rejtett zugait, vagy egy pohár forraltborral a kezünkben elmerülünk a város csodálatos látványában. </p>



<figure class="wp-block-image size-full"><a href="https://www.goforgo.hu/wp-content/uploads/2025/11/advent-graz-reise784.jpg"><img loading="lazy" decoding="async" width="800" height="600" src="https://www.goforgo.hu/wp-content/uploads/2025/11/advent-graz-reise784.jpg" alt="" class="wp-image-7593" srcset="https://www.goforgo.hu/wp-content/uploads/2025/11/advent-graz-reise784.jpg 800w, https://www.goforgo.hu/wp-content/uploads/2025/11/advent-graz-reise784-768x576.jpg 768w" sizes="auto, (max-width: 800px) 100vw, 800px" /></a></figure>



<p>Lesétálunk a belvárosba, ahol rövid városnézést tartunk. Ennek keretében megtekintjük a <strong>Burg</strong>-ot, a <strong>Dóm</strong>ot, a Főteret és a városházát, majd du. 1-2 órás szabadidő következik a belvárosban, ahol részt vehetünk az ADVENTI vásár forgatagában. 17:00-kor indulás haza, érkezés Budapestre a késő éjjeli órákban. Leszállási lehetőség a felszállással megegyező helyeken.</p>



<figure class="wp-block-image size-large"><a href="https://www.goforgo.hu/wp-content/uploads/2025/11/winter-wonderlend-graz-2024_03-1.jpg"><img loading="lazy" decoding="async" width="1024" height="681" src="https://www.goforgo.hu/wp-content/uploads/2025/11/winter-wonderlend-graz-2024_03-1-1024x681.jpg" alt="" class="wp-image-7594" srcset="https://www.goforgo.hu/wp-content/uploads/2025/11/winter-wonderlend-graz-2024_03-1-1024x681.jpg 1024w, https://www.goforgo.hu/wp-content/uploads/2025/11/winter-wonderlend-graz-2024_03-1-768x511.jpg 768w, https://www.goforgo.hu/wp-content/uploads/2025/11/winter-wonderlend-graz-2024_03-1-1140x758.jpg 1140w, https://www.goforgo.hu/wp-content/uploads/2025/11/winter-wonderlend-graz-2024_03-1.jpg 1200w" sizes="auto, (max-width: 1024px) 100vw, 1024px" /></a></figure>



<h1 class="wp-block-heading has-text-align-center">Részvételi díj: 25 000 Ft/fő</h1>



<p></p>



<p><em><u><strong>A részvételi díj tartalmazza</strong></u></em><em><strong>:</strong></em><em> az autóbuszos utazás költségeit, csoportkísérőt biztosítunk</em></p>



<p><em><u><strong>A részvételi díj nem tartalmazza</strong></u></em><em><strong>:</strong></em><em> a belépőjegyeket, melyek a helyszínen fizetendők és a BBP- biztosítást, mely irodáinkban csoportos kedvezménnyel megköthető.</em></p>



<figure class="wp-block-image size-full"><a href="https://www.goforgo.hu/wp-content/uploads/2025/11/adventzug-c-graz-tourismus-harry-schiffer-8-.300a7c7a.jpg"><img loading="lazy" decoding="async" width="838" height="838" src="https://www.goforgo.hu/wp-content/uploads/2025/11/adventzug-c-graz-tourismus-harry-schiffer-8-.300a7c7a.jpg" alt="" class="wp-image-7596" srcset="https://www.goforgo.hu/wp-content/uploads/2025/11/adventzug-c-graz-tourismus-harry-schiffer-8-.300a7c7a.jpg 838w, https://www.goforgo.hu/wp-content/uploads/2025/11/adventzug-c-graz-tourismus-harry-schiffer-8-.300a7c7a-300x300.jpg 300w, https://www.goforgo.hu/wp-content/uploads/2025/11/adventzug-c-graz-tourismus-harry-schiffer-8-.300a7c7a-150x150.jpg 150w, https://www.goforgo.hu/wp-content/uploads/2025/11/adventzug-c-graz-tourismus-harry-schiffer-8-.300a7c7a-768x768.jpg 768w, https://www.goforgo.hu/wp-content/uploads/2025/11/adventzug-c-graz-tourismus-harry-schiffer-8-.300a7c7a-75x75.jpg 75w" sizes="auto, (max-width: 838px) 100vw, 838px" /></a></figure>

<p>Időpont&nbsp;&nbsp;&nbsp; :&nbsp; 2025.12.13. Poz.szám: 25/ AGR/ 02 Útvonal    :   Budapest – Graz – Budapest Utazás&nbsp;&nbsp;&nbsp;&nbsp;&nbsp; :&nbsp;&nbsp;&nbsp;az utaslétszámnak megfelelő autóbusszal Időtartam:&nbsp;&nbsp; 1 nap Idegenvezetés: &nbsp; az autóbuszon Indulás: 6:30 –kor Budapest, Üllői út 110 (Ecseri úti OMV benzinkút, befelé vezető oldalán) Utazás rövid pihenőkkel Grazig. Stájerország fővárosában először felmegyünk a város fölé 473 m-re emelkedő „Schlossberg”-re, azaz Kastélyhegyre, a 2004-ben újjávarázsolt, de 1894 óta működő drótkötél-vontatta kisvasúttal. Itt található a város egyik jelképe, a híres óratorony. A környék gyönyörű panorámájának megcsodálása mellé adventkor jár egy kis szabadidő, mely alatt vagy felfedezzük a vár rejtett zugait, vagy egy pohár forraltborral a kezünkben elmerülünk a város csodálatos látványában. Lesétálunk a belvárosba, ahol rövid városnézést tartunk. Ennek keretében megtekintjük a Burg-ot, a Dómot, a Főteret és a városházát, majd du. 1-2 órás szabadidő következik a belvárosban, ahol részt vehetünk az ADVENTI vásár forgatagában. 17:00-kor indulás haza, érkezés Budapestre a késő éjjeli órákban. Leszállási lehetőség a felszállással megegyező helyeken. Részvételi díj: 25 000 Ft/fő A részvételi díj tartalmazza: az autóbuszos utazás költségeit, csoportkísérőt biztosítunk A részvételi díj nem tartalmazza: a belépőjegyeket, melyek a helyszínen fizetendők és a BBP- biztosítást, mely irodáinkban csoportos kedvezménnyel megköthető.</p>
