{"id":919,"date":"2016-01-21T21:19:29","date_gmt":"2016-01-21T21:19:29","guid":{"rendered":"http:\/\/www.goforgo.hu\/?page_id=919"},"modified":"2023-04-17T09:46:56","modified_gmt":"2023-04-17T09:46:56","slug":"jeli-arboretum","status":"publish","type":"page","link":"https:\/\/www.goforgo.hu\/index.php\/jeli-arboretum\/","title":{"rendered":"Jeli arbor\u00e9tum"},"content":{"rendered":"<p class=\"western\" align=\"left\"><strong>Id\u0151pont: 2023.05.13. <\/strong>\u00a0 \u00a0 \u00a0 \u00a0 <b>Poz\u00edci\u00f3sz\u00e1m:<\/b><b> 23<\/b>\/BJR\/02<\/p>\n<p class=\"western\"><b>Utaz\u00e1s:<\/b> az utasl\u00e9tsz\u00e1mnak megfelel\u0151 aut\u00f3busszal<\/p>\n<p class=\"western\" align=\"left\"><b>\u00datvonal: <\/b>Budapest \u2013 Szombathely \u2013 Jeli arbor\u00e9tum \u2013 Budapest (kb. 550 km)<\/p>\n<p class=\"western\"><b>Ell\u00e1t\u00e1s:<\/b> \u00f6nell\u00e1t\u00f3<\/p>\n<p><img loading=\"lazy\" decoding=\"async\" id=\"irc_mi\" class=\"aligncenter\" src=\"http:\/\/kirandulastippek.hu\/images\/news\/article\/zoom\/p188-1.jpg\" alt=\"\" width=\"540\" height=\"400\" \/><\/p>\n<p class=\"western\" align=\"center\"><span style=\"font-size: large;\"><u><b>PROGRAM:<\/b><\/u><\/span><\/p>\n<p align=\"justify\"><span style=\"font-size: medium;\"><b>Felsz\u00e1ll\u00e1si lehet\u0151s\u00e9gek:<\/b><\/span><\/p>\n<p align=\"justify\"><span style=\"font-size: medium;\">6:00 Pestszentl\u0151rinc, \u00dcll\u0151i \u00fat 379-381. Lidl parkol\u00f3<\/span><\/p>\n<p class=\"western\" align=\"justify\"><span style=\"font-size: medium;\">6:30 Budapest, Ecseri \u00fat, OMV benzink\u00fat, befel\u00e9 vezet\u0151 oldal, \u00dcll\u0151i \u00fat 110.<\/span><\/p>\n<p class=\"western\" align=\"justify\"><a href=\"https:\/\/www.goforgo.hu\/index.php\/jeli-arboretum\/jeli-arboretum-3\/\" rel=\"attachment wp-att-5390\"><img loading=\"lazy\" decoding=\"async\" class=\"size-full wp-image-5390 aligncenter\" src=\"https:\/\/www.goforgo.hu\/wp-content\/uploads\/2020\/02\/jeli-arbor\u00e9tum.jpg\" alt=\"\" width=\"432\" height=\"288\" srcset=\"https:\/\/www.goforgo.hu\/wp-content\/uploads\/2020\/02\/jeli-arbor\u00e9tum.jpg 432w, https:\/\/www.goforgo.hu\/wp-content\/uploads\/2020\/02\/jeli-arbor\u00e9tum-300x200.jpg 300w\" sizes=\"auto, (max-width: 432px) 100vw, 432px\" \/><\/a><\/p>\n<p>Indul\u00e1s a reggeli \u00f3r\u00e1kban. Els\u0151 \u00fati c\u00e9lunk haz\u00e1nk egyik legszebb arbor\u00e9tuma, a <b>Jeli arbor\u00e9tum. <\/b>A 75 hekt\u00e1ros ter\u00fcleten a sok \u00f6r\u00f6kz\u00f6ld mellett t\u00f6bb sz\u00e1z fa, cserje ritkas\u00e1ggal tal\u00e1lkozhatunk. De ezen id\u0151szak legszebb n\u00f6v\u00e9nyei a vir\u00e1gz\u00f3 rododendronok, melyek messze f\u00f6ldr\u0151l vonzz\u00e1k a turist\u00e1kat.<\/p>\n<p><a href=\"https:\/\/www.goforgo.hu\/index.php\/jeli-arboretum\/jaki-templom\/\" rel=\"attachment wp-att-6158\"><img loading=\"lazy\" decoding=\"async\" class=\"size-full wp-image-6158 aligncenter\" src=\"https:\/\/www.goforgo.hu\/wp-content\/uploads\/2023\/03\/jaki-templom.jpg\" alt=\"\" width=\"713\" height=\"300\" \/><\/a><\/p>\n<p>D\u00e9lut\u00e1n <strong>J\u00e1kra<\/strong> \u00e9rkez\u00fcnk. A Szombathely k\u00f6zel\u00e9ben fekv\u0151, kis telep\u00fcl\u00e9s benc\u00e9s ap\u00e1ts\u00e1gi temploma eur\u00f3pai h\u00edr\u0171 m\u0171eml\u00e9k. Az 1214-ben alap\u00edtott benc\u00e9s rendh\u00e1z mellett \u00e9p\u00edttett\u00e9k. Egyik legjelent\u0151sebb \u00e9p\u00edt\u00e9szeti eml\u00e9k\u00fcnk, hiszen az \u00e9vsz\u00e1zadok sor\u00e1n csak alig-alig t\u00f6rt\u00e9nt rajta \u00e1talak\u00edt\u00e1s.<\/p>\n<p>Figyelem! A J\u00e1ki templom jelenleg fel\u00faj\u00edt\u00e1s alatt \u00e1ll, ha nem fejezik be 5.13-ig, \u00e9s nem lesz l\u00e1togathat\u00f3,\u00a0 akkor programunk befejez\u00e9sek\u00e9nt a s\u00e1rv\u00e1ri N\u00e1dasdy kast\u00e9lyban tesz\u00fcnk l\u00e1togat\u00e1st!<\/p>\n<h2 class=\"western\" lang=\"hu-HU\" style=\"text-align: center;\"><span style=\"font-size: x-large;\">R\u00e9szv\u00e9teli d\u00edj: 11 000 Ft\/f\u0151<\/span><\/h2>\n<p align=\"left\"><span style=\"font-size: medium;\"><span style=\"font-size: small;\"><i><u><b>A r\u00e9szv\u00e9teli d\u00edj tartalmazza<\/b><\/u><\/i><\/span><span style=\"font-size: small;\"><i><b>:<\/b><\/i><\/span><span style=\"font-size: small;\"><i> az aut\u00f3buszos utaz\u00e1s k\u00f6lts\u00e9geit <\/i><\/span><\/span><\/p>\n<p class=\"western\" align=\"left\"><span style=\"font-size: small;\"><i><u><b>A r\u00e9szv\u00e9teli d\u00edj nem tartalmazza<\/b><\/u><\/i><\/span><span style=\"font-size: small;\"><i><b>:<\/b><\/i><\/span><span style=\"font-size: small;\"><i> a bel\u00e9p\u0151jegyeket (kb 2000 Ft), melyek a helysz\u00ednen fizetend\u0151k <\/i><\/span><\/p>\n<p class=\"western\" align=\"left\"><span style=\"font-size: small;\"><i><u><b>Kedvezm\u00e9nyek<\/b><\/u><\/i><\/span><span style=\"font-size: small;\"><i><b>:<\/b><\/i><\/span><span style=\"font-size: small;\"><i> A GOforGO Travel t\u00f6rzsutasainak, di\u00e1koknak 18 \u00e9ves korig, 65 \u00e9v feletti nyugd\u00edjasoknak 400 Ft. Kedvezm\u00e9nyeket \u00f6sszevonni nem lehet!<\/i><\/span><\/p>\n<p lang=\"hu-HU\" align=\"center\"><span style=\"font-size: small;\"><b>\u00c9LM\u00c9NYEKBEN GAZDAG UTAZ\u00c1ST, KELLEMES KIKAPCSOL\u00d3D\u00c1ST K\u00cdV\u00c1NUNK!<\/b><\/span><\/p>\n<p lang=\"hu-HU\" align=\"center\">\n","protected":false},"excerpt":{"rendered":"<p>Id\u0151pont: 2023.05.13. \u00a0 \u00a0 \u00a0 \u00a0 Poz\u00edci\u00f3sz\u00e1m: 23\/BJR\/02 Utaz\u00e1s: az utasl\u00e9tsz\u00e1mnak megfelel\u0151 aut\u00f3busszal \u00datvonal: Budapest \u2013 Szombathely \u2013 Jeli arbor\u00e9tum \u2013 Budapest (kb. 550 km) Ell\u00e1t\u00e1s: \u00f6nell\u00e1t\u00f3 PROGRAM: Felsz\u00e1ll\u00e1si lehet\u0151s\u00e9gek: 6:00 Pestszentl\u0151rinc, \u00dcll\u0151i \u00fat 379-381. Lidl parkol\u00f3 6:30 Budapest, Ecseri \u00fat, OMV benzink\u00fat, befel\u00e9 vezet\u0151 oldal, \u00dcll\u0151i \u00fat 110. Indul\u00e1s a reggeli \u00f3r\u00e1kban. Els\u0151 \u00fati c\u00e9lunk haz\u00e1nk egyik legszebb arbor\u00e9tuma, a Jeli arbor\u00e9tum. A 75 hekt\u00e1ros ter\u00fcleten a sok \u00f6r\u00f6kz\u00f6ld mellett t\u00f6bb sz\u00e1z fa, cserje ritkas\u00e1ggal tal\u00e1lkozhatunk. De ezen id\u0151szak legszebb n\u00f6v\u00e9nyei a vir\u00e1gz\u00f3 rododendronok, melyek messze f\u00f6ldr\u0151l vonzz\u00e1k a turist\u00e1kat. D\u00e9lut\u00e1n J\u00e1kra \u00e9rkez\u00fcnk. A Szombathely k\u00f6zel\u00e9ben fekv\u0151, kis telep\u00fcl\u00e9s benc\u00e9s ap\u00e1ts\u00e1gi temploma eur\u00f3pai h\u00edr\u0171 m\u0171eml\u00e9k. Az 1214-ben alap\u00edtott benc\u00e9s rendh\u00e1z mellett \u00e9p\u00edttett\u00e9k. Egyik legjelent\u0151sebb \u00e9p\u00edt\u00e9szeti eml\u00e9k\u00fcnk, hiszen az \u00e9vsz\u00e1zadok sor\u00e1n csak alig-alig t\u00f6rt\u00e9nt rajta \u00e1talak\u00edt\u00e1s. Figyelem! A J\u00e1ki templom jelenleg fel\u00faj\u00edt\u00e1s alatt \u00e1ll, ha nem fejezik be 5.13-ig, \u00e9s nem lesz l\u00e1togathat\u00f3,\u00a0 akkor programunk befejez\u00e9sek\u00e9nt a s\u00e1rv\u00e1ri N\u00e1dasdy kast\u00e9lyban tesz\u00fcnk l\u00e1togat\u00e1st! R\u00e9szv\u00e9teli d\u00edj: 11 000 Ft\/f\u0151 A r\u00e9szv\u00e9teli d\u00edj tartalmazza: az aut\u00f3buszos utaz\u00e1s k\u00f6lts\u00e9geit A r\u00e9szv\u00e9teli d\u00edj nem tartalmazza: a bel\u00e9p\u0151jegyeket (kb 2000 Ft), melyek a helysz\u00ednen fizetend\u0151k Kedvezm\u00e9nyek: A GOforGO Travel t\u00f6rzsutasainak, di\u00e1koknak 18 \u00e9ves korig, 65 \u00e9v feletti nyugd\u00edjasoknak 400 Ft. Kedvezm\u00e9nyeket \u00f6sszevonni nem lehet! \u00c9LM\u00c9NYEKBEN GAZDAG UTAZ\u00c1ST, KELLEMES KIKAPCSOL\u00d3D\u00c1ST K\u00cdV\u00c1NUNK!<\/p>\n","protected":false},"author":1,"featured_media":0,"parent":0,"menu_order":0,"comment_status":"closed","ping_status":"closed","template":"","meta":{"footnotes":""},"class_list":["post-919","page","type-page","status-publish","hentry"],"_links":{"self":[{"href":"https:\/\/www.goforgo.hu\/index.php\/wp-json\/wp\/v2\/pages\/919","targetHints":{"allow":["GET"]}}],"collection":[{"href":"https:\/\/www.goforgo.hu\/index.php\/wp-json\/wp\/v2\/pages"}],"about":[{"href":"https:\/\/www.goforgo.hu\/index.php\/wp-json\/wp\/v2\/types\/page"}],"author":[{"embeddable":true,"href":"https:\/\/www.goforgo.hu\/index.php\/wp-json\/wp\/v2\/users\/1"}],"replies":[{"embeddable":true,"href":"https:\/\/www.goforgo.hu\/index.php\/wp-json\/wp\/v2\/comments?post=919"}],"version-history":[{"count":13,"href":"https:\/\/www.goforgo.hu\/index.php\/wp-json\/wp\/v2\/pages\/919\/revisions"}],"predecessor-version":[{"id":6204,"href":"https:\/\/www.goforgo.hu\/index.php\/wp-json\/wp\/v2\/pages\/919\/revisions\/6204"}],"wp:attachment":[{"href":"https:\/\/www.goforgo.hu\/index.php\/wp-json\/wp\/v2\/media?parent=919"}],"curies":[{"name":"wp","href":"https:\/\/api.w.org\/{rel}","templated":true}]}}